CREATE TABLE `products` (
  `id` bigint unsigned NOT NULL AUTO_INCREMENT,
  `title` varchar(255) CHARACTER SET utf8mb4 COLLATE utf8mb4_unicode_ci NOT NULL,
  `price` double(8,2) NOT NULL,
  `trash` varchar(255) CHARACTER SET utf8mb4 COLLATE utf8mb4_unicode_ci NOT NULL DEFAULT 'active',
  `stock_out_from` varchar(255) CHARACTER SET utf8mb4 COLLATE utf8mb4_unicode_ci NOT NULL,
  `created_at` timestamp NULL DEFAULT NULL,
  `updated_at` timestamp NULL DEFAULT NULL,
  PRIMARY KEY (`id`)
) ENGINE=InnoDB AUTO_INCREMENT=4 DEFAULT CHARSET=utf8mb4 COLLATE=utf8mb4_unicode_ci;

INSERT INTO `products` VALUES ('1','Petroll','0','active','dispenser','2024-01-28 03:55:37','2024-01-28 03:55:37');
INSERT INTO `products` VALUES ('2','Diesel','0','active','dispenser','2024-01-28 03:55:37','2024-01-28 03:55:37');
INSERT INTO `products` VALUES ('3','Hi Octane','0','active','dispenser','2024-01-28 03:55:37','2024-01-28 03:55:37');


CREATE TABLE `profit_and_loses` (
  `id` bigint unsigned NOT NULL AUTO_INCREMENT,
  `pump_id` bigint unsigned NOT NULL,
  `product_id` bigint unsigned NOT NULL,
  `stock` varchar(255) CHARACTER SET utf8mb4 COLLATE utf8mb4_unicode_ci NOT NULL,
  `new_salePrice` varchar(255) CHARACTER SET utf8mb4 COLLATE utf8mb4_unicode_ci NOT NULL,
  `old_salePrice` varchar(255) CHARACTER SET utf8mb4 COLLATE utf8mb4_unicode_ci NOT NULL,
  `price_difference` varchar(255) CHARACTER SET utf8mb4 COLLATE utf8mb4_unicode_ci DEFAULT NULL,
  `profitAndLost` varchar(255) CHARACTER SET utf8mb4 COLLATE utf8mb4_unicode_ci DEFAULT NULL,
  `created_at` timestamp NULL DEFAULT NULL,
  `updated_at` timestamp NULL DEFAULT NULL,
  PRIMARY KEY (`id`)
) ENGINE=InnoDB AUTO_INCREMENT=343 DEFAULT CHARSET=utf8mb4 COLLATE=utf8mb4_unicode_ci;

INSERT INTO `profit_and_loses` VALUES ('1','1','1','4573212','281','279','2','9146424','2024-03-27 11:25:15','2024-03-27 11:25:15');
INSERT INTO `profit_and_loses` VALUES ('2','1','2','2523385','277','275','2','5046770','2024-03-27 11:27:29','2024-03-27 11:27:29');
INSERT INTO `profit_and_loses` VALUES ('3','1','3','48920859','288','290','-2','-97841718','2024-03-27 11:31:46','2024-03-27 11:31:46');
INSERT INTO `profit_and_loses` VALUES ('4','1','2','2523385','274','275','-1','-2523385','2024-03-29 06:48:26','2024-03-29 06:48:26');
INSERT INTO `profit_and_loses` VALUES ('5','1','1','-1818','270','259','11','-19998','2024-05-01 21:50:15','2024-05-01 21:50:15');
INSERT INTO `profit_and_loses` VALUES ('12','1','1','12191','274.30','279.00','-4.7','-57297.7','2024-06-01 09:55:29','2024-06-01 09:55:29');
INSERT INTO `profit_and_loses` VALUES ('13','1','2','3555','277.20','281.00','-3.8','-13509','2024-06-01 09:56:25','2024-06-01 09:56:25');
INSERT INTO `profit_and_loses` VALUES ('14','1','1','-1818','267.40','270','-2.6','4726.8','2024-08-17 18:38:09','2024-08-17 18:38:09');
INSERT INTO `profit_and_loses` VALUES ('15','1','2','-4105419','273.40','270','3.4','-13958424.6','2024-08-17 18:38:46','2024-08-17 18:38:46');
INSERT INTO `profit_and_loses` VALUES ('16','1','2','-4105419','280.00','273.40','6.6','-27095765.4','2024-08-17 18:40:19','2024-08-17 18:40:19');
INSERT INTO `profit_and_loses` VALUES ('17','1','1','-1818','275.80','267.40','8.4','-15271.2','2024-08-17 18:40:47','2024-08-17 18:40:47');
INSERT INTO `profit_and_loses` VALUES ('18','1','1','161380','267.40','275.80','-8.4','-1355592','2024-08-19 14:57:16','2024-08-19 14:57:16');
INSERT INTO `profit_and_loses` VALUES ('19','1','2','-3986035','273.40','280.00','-6.6','26307831','2024-08-19 14:57:58','2024-08-19 14:57:58');
INSERT INTO `profit_and_loses` VALUES ('20','3','2','0','273.40','270','3.4','0','2024-08-23 16:24:54','2024-08-23 16:24:54');
INSERT INTO `profit_and_loses` VALUES ('21','3','1','0','267.40','259','8.4','0','2024-08-23 16:25:27','2024-08-23 16:25:27');
INSERT INTO `profit_and_loses` VALUES ('22','3','2','0','273.40','273.40','0','0','2024-08-23 16:25:56','2024-08-23 16:25:56');
INSERT INTO `profit_and_loses` VALUES ('23','1','2','-3989931','270.10','273.40','-3.3','13166772.3','2024-09-03 16:01:27','2024-09-03 16:01:27');
INSERT INTO `profit_and_loses` VALUES ('24','1','1','154393','265.60','267.40','-1.8','-277907.39999999','2024-09-03 16:01:53','2024-09-03 16:01:53');
INSERT INTO `profit_and_loses` VALUES ('25','3','2','2844','270.10','273.40','-3.3','-9385.1999999999','2024-09-03 16:02:09','2024-09-03 16:02:09');
INSERT INTO `profit_and_loses` VALUES ('26','3','1','2549','265.60','267.40','-1.8','-4588.1999999999','2024-09-03 16:02:18','2024-09-03 16:02:18');
INSERT INTO `profit_and_loses` VALUES ('27','2','1','00','267.40','259','8.4','0','2024-09-07 14:32:42','2024-09-07 14:32:42');
INSERT INTO `profit_and_loses` VALUES ('28','2','2','00','270.10','270','0.10000000000002','0','2024-09-07 14:33:06','2024-09-07 14:33:06');
INSERT INTO `profit_and_loses` VALUES ('29','2','1','00','265.60','267.40','-1.8','-0','2024-09-07 14:33:48','2024-09-07 14:33:48');
INSERT INTO `profit_and_loses` VALUES ('30','4','1','0','265.60','259','6.6','0','2024-09-07 15:31:18','2024-09-07 15:31:18');
INSERT INTO `profit_and_loses` VALUES ('31','4','2','0','270.10','270','0.10000000000002','0','2024-09-07 15:31:47','2024-09-07 15:31:47');
INSERT INTO `profit_and_loses` VALUES ('32','5','1','5550','265.60','259','6.6','36630','2024-09-17 16:14:48','2024-09-17 16:14:48');
INSERT INTO `profit_and_loses` VALUES ('33','5','2','2010','270.10','270','0.10000000000002','201.00000000005','2024-09-17 16:15:00','2024-09-17 16:15:00');
INSERT INTO `profit_and_loses` VALUES ('40','1','1','4678','255.60','265.60','-10','-46780','2024-09-16 09:00:00','2024-09-16 09:00:00');
INSERT INTO `profit_and_loses` VALUES ('41','1','2','4073','257.40','270.10','-12.7','-51727.1','2024-09-16 09:00:00','2024-09-16 09:00:00');
INSERT INTO `profit_and_loses` VALUES ('42','2','1','1588','255.60','265.60','-10','-15880','2024-09-16 09:00:00','2024-09-16 09:00:00');
INSERT INTO `profit_and_loses` VALUES ('43','2','2','411','257.40','270.10','-12.7','-5219.7','2024-09-16 09:00:00','2024-09-16 09:00:00');
INSERT INTO `profit_and_loses` VALUES ('46','3','1','2256','255.60','265.60','-10','-22560','2024-09-16 09:00:00','2024-09-16 09:00:00');
INSERT INTO `profit_and_loses` VALUES ('47','3','2','-354','257.40','270.10','-12.7','4495.8','2024-09-16 09:00:00','2024-09-16 09:00:00');
INSERT INTO `profit_and_loses` VALUES ('48','4','2','6262','257.40','270.10','-12.7','-79527.4','2024-09-16 09:00:00','2024-09-16 09:00:00');
INSERT INTO `profit_and_loses` VALUES ('49','4','1','3338','255.60','265.60','-10','-33380','2024-09-16 09:00:00','2024-09-16 09:00:00');
INSERT INTO `profit_and_loses` VALUES ('50','1','1','5683','253.50','255.60','-2.1','-11934.3','2024-10-01 09:00:00','2024-10-01 09:00:00');
INSERT INTO `profit_and_loses` VALUES ('51','1','2','3373','253.90','257.40','-3.5','-11805.5','2024-10-01 09:00:00','2024-10-01 09:00:00');
INSERT INTO `profit_and_loses` VALUES ('52','2','1','208','253.50','255.60','-2.1','-436.8','2024-10-01 09:00:00','2024-10-01 09:00:00');
INSERT INTO `profit_and_loses` VALUES ('53','2','2','0','253.90','257.40','-3.5','-0','2024-10-01 09:00:00','2024-10-01 09:00:00');
INSERT INTO `profit_and_loses` VALUES ('54','3','2','4011','253.90','257.40','-3.5','-14038.5','2024-10-01 09:00:00','2024-10-01 09:00:00');
INSERT INTO `profit_and_loses` VALUES ('55','3','1','3376','253.50','255.60','-2.1','-7089.6','2024-10-01 09:00:00','2024-10-01 09:00:00');
INSERT INTO `profit_and_loses` VALUES ('56','4','2','5286','253.90','257.40','-3.5','-18501','2024-10-01 09:00:00','2024-10-01 09:00:00');
INSERT INTO `profit_and_loses` VALUES ('57','4','1','2508','253.50','255.60','-2.1','-5266.8','2024-10-01 09:00:00','2024-10-01 09:00:00');
INSERT INTO `profit_and_loses` VALUES ('58','7','1','0','255.60','259','-3.4','-0','2024-09-30 09:00:00','2024-09-30 09:00:00');
INSERT INTO `profit_and_loses` VALUES ('59','7','2','00','257.40','270','-12.6','-0','2024-09-30 09:00:00','2024-09-30 09:00:00');
INSERT INTO `profit_and_loses` VALUES ('60','7','2','00','257.40','257.40','0','0','2024-09-30 09:00:00','2024-09-30 09:00:00');
INSERT INTO `profit_and_loses` VALUES ('61','7','2','00','257.40','270','-12.6','-0','2024-09-30 09:00:00','2024-09-30 09:00:00');
INSERT INTO `profit_and_loses` VALUES ('62','1','2','5379','252.40','253.90','-1.5','-8068.5','2024-10-09 09:00:00','2024-10-09 09:00:00');
INSERT INTO `profit_and_loses` VALUES ('63','1','1','5045','252.90','253.50','-0.59999999999999','-3027','2024-10-09 09:00:00','2024-10-09 09:00:00');
INSERT INTO `profit_and_loses` VALUES ('64','2','1','1511','252.90','253.50','-0.59999999999999','-906.59999999999','2024-10-09 09:00:00','2024-10-09 09:00:00');
INSERT INTO `profit_and_loses` VALUES ('65','2','2','0','252.40','253.90','-1.5','-0','2024-10-09 09:00:00','2024-10-09 09:00:00');
INSERT INTO `profit_and_loses` VALUES ('66','3','2','-3030','252.40','253.90','-1.5','4545','2024-10-09 09:00:00','2024-10-09 09:00:00');
INSERT INTO `profit_and_loses` VALUES ('67','3','1','6492','252.90','253.50','-0.59999999999999','-3895.2','2024-10-09 09:00:00','2024-10-09 09:00:00');
INSERT INTO `profit_and_loses` VALUES ('68','4','2','9712','252.40','253.90','-1.5','-14568','2024-10-09 09:00:00','2024-10-09 09:00:00');
INSERT INTO `profit_and_loses` VALUES ('69','4','1','6057','252.90','253.50','-0.59999999999999','-3634.2','2024-10-09 09:00:00','2024-10-09 09:00:00');
INSERT INTO `profit_and_loses` VALUES ('70','1','2','8400','257.40','252.40','5','42000','2024-10-16 09:00:00','2024-10-16 09:00:00');
INSERT INTO `profit_and_loses` VALUES ('71','1','1','7973','252.90','252.90','0','0','2024-10-16 09:00:00','2024-10-16 09:00:00');
INSERT INTO `profit_and_loses` VALUES ('72','2','1','6714','252.90','252.90','0','0','2024-10-16 09:00:00','2024-10-16 09:00:00');
INSERT INTO `profit_and_loses` VALUES ('73','2','2','224','257.40','252.40','5','1120','2024-10-16 09:00:00','2024-10-16 09:00:00');
INSERT INTO `profit_and_loses` VALUES ('74','3','2','2189','257.40','252.40','5','10945','2024-10-16 09:00:00','2024-10-16 09:00:00');
INSERT INTO `profit_and_loses` VALUES ('75','3','1','12152','252.90','252.90','0','0','2024-10-16 09:00:00','2024-10-16 09:00:00');
INSERT INTO `profit_and_loses` VALUES ('76','4','1','4225','252.90','252.90','0','0','2024-10-16 09:00:00','2024-10-16 09:00:00');
INSERT INTO `profit_and_loses` VALUES ('77','4','2','6828','257.40','252.40','5','34140','2024-10-16 09:00:00','2024-10-16 09:00:00');
INSERT INTO `profit_and_loses` VALUES ('78','1','2','6510','261.30','257.40','3.9','25389','2024-10-31 00:00:00','2024-11-01 00:00:00');
INSERT INTO `profit_and_loses` VALUES ('79','1','1','4539','254.30','252.90','1.4','6354.6','2024-10-31 00:00:00','2024-11-01 00:00:00');
INSERT INTO `profit_and_loses` VALUES ('80','3','2','5716','261.30','257.40','3.9','22292.4','2024-10-31 00:00:00','2024-11-01 00:00:00');
INSERT INTO `profit_and_loses` VALUES ('81','3','1','11313','254.30','252.90','1.4','15838.2','2024-10-31 00:00:00','2024-11-01 00:00:00');
INSERT INTO `profit_and_loses` VALUES ('82','2','1','4055','254.30','252.90','1.4','5677','2024-10-31 00:00:00','2024-11-01 00:00:00');
INSERT INTO `profit_and_loses` VALUES ('83','2','2','347','261.30','257.40','3.9','1353.3','2024-10-31 00:00:00','2024-11-01 00:00:00');
INSERT INTO `profit_and_loses` VALUES ('84','4','1','2782','254.30','252.90','1.4','3894.8','2024-10-31 00:00:00','2024-10-31 00:00:00');
INSERT INTO `profit_and_loses` VALUES ('85','4','2','7044','261.30','257.40','3.9','27471.6','2024-10-31 00:00:00','2024-10-31 00:00:00');
INSERT INTO `profit_and_loses` VALUES ('86','7','1','00','252.90','259','-6.1','-0','2024-10-31 00:00:00','2024-10-31 00:00:00');
INSERT INTO `profit_and_loses` VALUES ('87','8','1','12854','254.30','259','-4.7','-60413.8','2024-10-31 00:00:00','2024-10-31 00:00:00');
INSERT INTO `profit_and_loses` VALUES ('88','8','2','3200','261.30','270','-8.7','-27840','2024-10-31 00:00:00','2024-10-31 00:00:00');
INSERT INTO `profit_and_loses` VALUES ('89','7','2','5090','261.30','270','-8.7','-44283','2024-10-31 00:00:00','2024-10-31 00:00:00');
INSERT INTO `profit_and_loses` VALUES ('90','7','1','9191','254.30','252.90','1.4','12867.4','2024-10-31 00:00:00','2024-10-31 00:00:00');
INSERT INTO `profit_and_loses` VALUES ('91','8','1','12854','254.30','254.30','0','0','2024-10-31 00:00:00','2024-10-31 00:00:00');
INSERT INTO `profit_and_loses` VALUES ('92','8','2','3200','261.30','261.30','0','0','2024-10-31 00:00:00','2024-10-31 00:00:00');
INSERT INTO `profit_and_loses` VALUES ('93','8','1','12854','254.30','254.30','0','0','2024-10-31 00:00:00','2024-10-31 00:00:00');
INSERT INTO `profit_and_loses` VALUES ('94','8','1','12854','254.30','254.30','0','0','2024-10-31 00:00:00','2024-10-31 00:00:00');
INSERT INTO `profit_and_loses` VALUES ('95','8','1','12854','254.30','254.30','0','0','2024-10-31 00:00:00','2024-11-01 00:00:00');
INSERT INTO `profit_and_loses` VALUES ('96','8','2','3200','261.30','261.30','0','0','2024-11-01 00:00:00','2024-11-01 00:00:00');
INSERT INTO `profit_and_loses` VALUES ('97','1','1','8069','258.00','254.30','3.7','29855.3','2024-11-30 00:00:00','2024-11-30 00:00:00');
INSERT INTO `profit_and_loses` VALUES ('98','1','2','2681','264.60','261.30','3.3','8847.3','2024-11-30 00:00:00','2024-11-30 00:00:00');
INSERT INTO `profit_and_loses` VALUES ('99','2','1','2672','258.00','254.30','3.7','9886.4','2024-11-30 00:00:00','2024-11-30 00:00:00');
INSERT INTO `profit_and_loses` VALUES ('100','2','2','-1553','264.60','261.30','3.3','-5124.9','2024-11-30 00:00:00','2024-11-30 00:00:00');
INSERT INTO `profit_and_loses` VALUES ('101','3','2','12691','264.60','261.30','3.3','41880.3','2024-11-30 00:00:00','2024-11-30 00:00:00');
INSERT INTO `profit_and_loses` VALUES ('102','3','1','8605','258.00','254.30','3.7','31838.5','2024-11-30 00:00:00','2024-11-30 00:00:00');
INSERT INTO `profit_and_loses` VALUES ('103','4','1','5406','258.00','254.30','3.7','20002.2','2024-11-30 00:00:00','2024-11-30 00:00:00');
INSERT INTO `profit_and_loses` VALUES ('104','4','2','6267','264.60','261.30','3.3','20681.1','2024-11-30 00:00:00','2024-11-30 00:00:00');
INSERT INTO `profit_and_loses` VALUES ('105','7','2','3900','264.60','261.30','3.3','12870','2024-11-30 00:00:00','2024-11-30 00:00:00');
INSERT INTO `profit_and_loses` VALUES ('106','7','1','8697','258.00','254.30','3.7','32178.9','2024-11-30 00:00:00','2024-11-30 00:00:00');
INSERT INTO `profit_and_loses` VALUES ('107','8','1','12009','258.00','254.30','3.7','44433.3','2024-11-30 00:00:00','2024-11-30 00:00:00');
INSERT INTO `profit_and_loses` VALUES ('108','8','2','1612','264.60','261.30','3.3','5319.6','2024-11-30 00:00:00','2024-11-30 00:00:00');
INSERT INTO `profit_and_loses` VALUES ('109','1','2','5647','261.60','264.60','-3','-16941','2024-12-15 00:00:00','2024-12-15 00:00:00');
INSERT INTO `profit_and_loses` VALUES ('110','2','2','5456','261.60','264.60','-3','-16368','2024-12-15 00:00:00','2024-12-15 00:00:00');
INSERT INTO `profit_and_loses` VALUES ('111','3','2','17652','261.60','264.60','-3','-52956','2024-12-15 00:00:00','2024-12-15 00:00:00');
INSERT INTO `profit_and_loses` VALUES ('112','4','2','7927','261.60','264.60','-3','-23781','2024-12-15 00:00:00','2024-12-15 00:00:00');
INSERT INTO `profit_and_loses` VALUES ('113','7','2','4694','261.60','264.60','-3','-14082','2024-12-15 00:00:00','2024-12-15 00:00:00');
INSERT INTO `profit_and_loses` VALUES ('114','8','2','2393','261.60','264.60','-3','-7179','2024-12-15 00:00:00','2024-12-15 00:00:00');
INSERT INTO `profit_and_loses` VALUES ('115','1','1','9036','258.60','258.00','0.60000000000002','5421.6000000002','2024-12-31 00:00:00','2024-12-31 00:00:00');
INSERT INTO `profit_and_loses` VALUES ('116','1','2','8745','264.60','261.60','3','26235','2024-12-31 00:00:00','2024-12-31 00:00:00');
INSERT INTO `profit_and_loses` VALUES ('117','2','2','4926','264.60','261.60','3','14778','2024-12-31 00:00:00','2024-12-31 00:00:00');
INSERT INTO `profit_and_loses` VALUES ('118','2','1','2904','258.60','258.00','0.60000000000002','1742.4000000001','2024-12-31 00:00:00','2024-12-31 00:00:00');
INSERT INTO `profit_and_loses` VALUES ('119','3','2','42969','264.60','261.60','3','128907','2024-12-31 00:00:00','2024-12-31 00:00:00');
INSERT INTO `profit_and_loses` VALUES ('120','3','1','5407','258.60','258.00','0.60000000000002','3244.2000000001','2024-12-31 00:00:00','2024-12-31 00:00:00');
INSERT INTO `profit_and_loses` VALUES ('121','4','2','9071','264.60','261.60','3','27213','2024-12-31 00:00:00','2024-12-31 00:00:00');
INSERT INTO `profit_and_loses` VALUES ('122','4','1','3688','258.60','258.00','0.60000000000002','2212.8000000001','2024-12-31 00:00:00','2024-12-31 00:00:00');
INSERT INTO `profit_and_loses` VALUES ('123','7','2','6461','264.60','261.60','3','19383','2024-12-31 00:00:00','2024-12-31 00:00:00');
INSERT INTO `profit_and_loses` VALUES ('124','7','1','6541','258.60','258.00','0.60000000000002','3924.6000000001','2024-12-31 00:00:00','2024-12-31 00:00:00');
INSERT INTO `profit_and_loses` VALUES ('125','8','2','4834','264.60','261.60','3','14502','2024-12-31 00:00:00','2024-12-31 00:00:00');
INSERT INTO `profit_and_loses` VALUES ('126','8','1','12865','258.60','258.00','0.60000000000002','7719.0000000003','2024-12-31 00:00:00','2024-12-31 00:00:00');
INSERT INTO `profit_and_loses` VALUES ('127','1','1','7373','262.10','258.60','3.5','25805.5','2025-01-15 00:00:00','2025-01-15 00:00:00');
INSERT INTO `profit_and_loses` VALUES ('128','1','2','9049','267.20','264.60','2.6','23527.4','2025-01-15 00:00:00','2025-01-15 00:00:00');
INSERT INTO `profit_and_loses` VALUES ('129','3','2','35246','267.20','264.60','2.6','91639.599999999','2025-01-15 00:00:00','2025-01-15 00:00:00');
INSERT INTO `profit_and_loses` VALUES ('130','3','1','6027','262.10','258.60','3.5','21094.5','2025-01-15 00:00:00','2025-01-15 00:00:00');
INSERT INTO `profit_and_loses` VALUES ('131','4','1','4075','262.10','258.60','3.5','14262.5','2025-01-15 00:00:00','2025-01-15 00:00:00');
INSERT INTO `profit_and_loses` VALUES ('132','4','2','8261','267.20','264.60','2.6','21478.6','2025-01-15 00:00:00','2025-01-15 00:00:00');
INSERT INTO `profit_and_loses` VALUES ('133','8','2','5638','267.20','264.60','2.6','14658.8','2025-01-15 00:00:00','2025-01-15 00:00:00');
INSERT INTO `profit_and_loses` VALUES ('134','8','1','15448','262.10','258.60','3.5','54068','2025-01-15 00:00:00','2025-01-15 00:00:00');
INSERT INTO `profit_and_loses` VALUES ('135','7','2','8466','267.20','264.60','2.6','22011.6','2025-01-15 00:00:00','2025-01-15 00:00:00');
INSERT INTO `profit_and_loses` VALUES ('136','7','1','14281','262.10','258.60','3.5','49983.5','2025-01-15 00:00:00','2025-01-15 00:00:00');
INSERT INTO `profit_and_loses` VALUES ('137','2','2','8513','267.20','264.60','2.6','22133.8','2025-01-15 00:00:00','2025-01-15 00:00:00');
INSERT INTO `profit_and_loses` VALUES ('138','2','1','6203','262.10','258.60','3.5','21710.5','2025-01-15 00:00:00','2025-01-15 00:00:00');
INSERT INTO `profit_and_loses` VALUES ('139','1','1','8996','263.20','262.10','1.1','9895.5999999997','2025-01-31 00:00:00','2025-01-31 00:00:00');
INSERT INTO `profit_and_loses` VALUES ('140','1','2','12597','274.20','267.20','7','88179','2025-01-31 00:00:00','2025-01-31 00:00:00');
INSERT INTO `profit_and_loses` VALUES ('141','3','2','38839','274.20','267.20','7','271873','2025-01-31 00:00:00','2025-01-31 00:00:00');
INSERT INTO `profit_and_loses` VALUES ('142','3','1','4547','263.20','262.10','1.1','5001.6999999998','2025-01-31 00:00:00','2025-01-31 00:00:00');
INSERT INTO `profit_and_loses` VALUES ('143','4','1','4415','263.20','262.10','1.1','4856.4999999998','2025-01-31 00:00:00','2025-01-31 00:00:00');
INSERT INTO `profit_and_loses` VALUES ('144','4','2','9658','274.20','267.20','7','67606','2025-01-31 00:00:00','2025-01-31 00:00:00');
INSERT INTO `profit_and_loses` VALUES ('147','8','2','6450','274.20','267.20','7','45150','2025-01-31 00:00:00','2025-01-31 00:00:00');
INSERT INTO `profit_and_loses` VALUES ('148','8','1','17345','263.20','262.10','1.1','19079.499999999','2025-01-31 00:00:00','2025-01-31 00:00:00');
INSERT INTO `profit_and_loses` VALUES ('149','2','2','9175','274.20','267.20','7','64225','2025-01-31 00:00:00','2025-01-31 00:00:00');
INSERT INTO `profit_and_loses` VALUES ('150','2','1','4097','263.20','262.10','1.1','4506.6999999999','2025-01-31 00:00:00','2025-01-31 00:00:00');
INSERT INTO `profit_and_loses` VALUES ('151','7','2','6470','274.20','267.20','7','45290','2025-01-31 00:00:00','2025-01-31 00:00:00');
INSERT INTO `profit_and_loses` VALUES ('152','7','1','14941','263.20','262.10','1.1','16435.099999999','2025-01-31 00:00:00','2025-01-31 00:00:00');
INSERT INTO `profit_and_loses` VALUES ('153','1','2','12786','270.20','274.20','-4','-51144','2025-02-15 00:00:00','2025-02-15 00:00:00');
INSERT INTO `profit_and_loses` VALUES ('154','1','1','7349','262.20','263.20','-1','-7349','2025-02-15 00:00:00','2025-02-15 00:00:00');
INSERT INTO `profit_and_loses` VALUES ('155','3','2','6887','270.20','274.20','-4','-27548','2025-02-15 00:00:00','2025-02-15 00:00:00');
INSERT INTO `profit_and_loses` VALUES ('156','3','1','2214','262.20','263.20','-1','-2214','2025-02-15 00:00:00','2025-02-15 00:00:00');
INSERT INTO `profit_and_loses` VALUES ('157','4','1','4894','262.20','263.20','-1','-4894','2025-02-15 00:00:00','2025-02-15 00:00:00');
INSERT INTO `profit_and_loses` VALUES ('158','4','2','8791','270.20','274.20','-4','-35164','2025-02-15 00:00:00','2025-02-15 00:00:00');
INSERT INTO `profit_and_loses` VALUES ('159','8','2','5426','270.20','274.20','-4','-21704','2025-02-15 00:00:00','2025-02-15 00:00:00');
INSERT INTO `profit_and_loses` VALUES ('160','8','1','11059','262.20','263.20','-1','-11059','2025-02-15 00:00:00','2025-02-15 00:00:00');
INSERT INTO `profit_and_loses` VALUES ('161','7','2','4430','270.20','274.20','-4','-17720','2025-02-15 00:00:00','2025-02-15 00:00:00');
INSERT INTO `profit_and_loses` VALUES ('162','7','1','5593','262.20','263.20','-1','-5593','2025-02-15 00:00:00','2025-02-15 00:00:00');
INSERT INTO `profit_and_loses` VALUES ('163','2','2','3517','270.20','274.20','-4','-14068','2025-02-15 00:00:00','2025-02-15 00:00:00');
INSERT INTO `profit_and_loses` VALUES ('164','2','1','1802','262.20','263.20','-1','-1802','2025-02-15 00:00:00','2025-02-15 00:00:00');
INSERT INTO `profit_and_loses` VALUES ('165','1','2','6215','264.90','270.20','-5.3','-32939.5','2025-02-28 00:00:00','2025-02-28 00:00:00');
INSERT INTO `profit_and_loses` VALUES ('166','1','1','9954','261.70','262.20','-0.5','-4977','2025-02-28 00:00:00','2025-02-28 00:00:00');
INSERT INTO `profit_and_loses` VALUES ('167','3','2','12634','264.90','270.20','-5.3','-66960.2','2025-02-28 00:00:00','2025-02-28 00:00:00');
INSERT INTO `profit_and_loses` VALUES ('168','3','1','5700','261.70','262.20','-0.5','-2850','2025-02-28 00:00:00','2025-02-28 00:00:00');
INSERT INTO `profit_and_loses` VALUES ('169','4','1','1771','261.70','262.20','-0.5','-885.5','2025-02-28 00:00:00','2025-02-28 00:00:00');
INSERT INTO `profit_and_loses` VALUES ('170','4','2','7273','264.90','270.20','-5.3','-38546.9','2025-02-28 00:00:00','2025-02-28 00:00:00');
INSERT INTO `profit_and_loses` VALUES ('171','8','2','2416','264.90','270.20','-5.3','-12804.8','2025-02-28 00:00:00','2025-02-28 00:00:00');
INSERT INTO `profit_and_loses` VALUES ('172','8','1','15268','261.70','262.20','-0.5','-7634','2025-02-28 00:00:00','2025-02-28 00:00:00');
INSERT INTO `profit_and_loses` VALUES ('173','2','2','9842','264.90','270.20','-5.3','-52162.6','2025-02-28 00:00:00','2025-02-28 00:00:00');
INSERT INTO `profit_and_loses` VALUES ('174','2','1','2460','261.70','262.20','-0.5','-1230','2025-02-28 00:00:00','2025-02-28 00:00:00');
INSERT INTO `profit_and_loses` VALUES ('175','7','2','2837','264.90','270.20','-5.3','-15036.1','2025-02-28 00:00:00','2025-02-28 00:00:00');
INSERT INTO `profit_and_loses` VALUES ('176','7','1','9711','261.70','262.20','-0.5','-4855.5','2025-02-28 00:00:00','2025-02-28 00:00:00');
INSERT INTO `profit_and_loses` VALUES ('177','1','1','14571','260.70','261.70','-1','-14571','2025-03-28 00:00:00','2025-03-28 00:00:00');
INSERT INTO `profit_and_loses` VALUES ('178','3','1','3293','260.70','261.70','-1','-3293','2025-03-28 00:00:00','2025-03-28 00:00:00');
INSERT INTO `profit_and_loses` VALUES ('179','4','1','4100','260.70','261.70','-1','-4100','2025-03-28 00:00:00','2025-03-28 00:00:00');
INSERT INTO `profit_and_loses` VALUES ('180','8','1','16432','260.70','261.70','-1','-16432','2025-03-28 00:00:00','2025-03-28 00:00:00');
INSERT INTO `profit_and_loses` VALUES ('182','2','1','1865','260.70','261.70','-1','-1865','2025-03-28 00:00:00','2025-03-28 00:00:00');
INSERT INTO `profit_and_loses` VALUES ('183','7','1','19801','260.70','261.70','-1','-19801','2025-03-28 00:00:00','2025-03-28 00:00:00');
INSERT INTO `profit_and_loses` VALUES ('185','1','1','3857','258.70','260.70','-2','-7714','2025-04-30 00:00:00','2025-04-30 00:00:00');
INSERT INTO `profit_and_loses` VALUES ('186','1','2','1947','262.90','264.90','-2','-3894','2025-04-30 00:00:00','2025-04-30 00:00:00');
INSERT INTO `profit_and_loses` VALUES ('187','3','1','6833','258.70','260.70','-2','-13666','2025-04-30 00:00:00','2025-04-30 00:00:00');
INSERT INTO `profit_and_loses` VALUES ('188','3','2','19993','262.90','264.90','-2','-39986','2025-04-30 00:00:00','2025-04-30 00:00:00');
INSERT INTO `profit_and_loses` VALUES ('189','4','2','7136','262.90','264.90','-2','-14272','2025-04-30 00:00:00','2025-04-30 00:00:00');
INSERT INTO `profit_and_loses` VALUES ('190','4','1','3754','258.70','260.70','-2','-7508','2025-04-30 00:00:00','2025-04-30 00:00:00');
INSERT INTO `profit_and_loses` VALUES ('191','8','1','13820','258.70','260.70','-2','-27640','2025-04-30 00:00:00','2025-04-30 00:00:00');
INSERT INTO `profit_and_loses` VALUES ('192','8','2','1116','262.90','264.90','-2','-2232','2025-04-30 00:00:00','2025-04-30 00:00:00');
INSERT INTO `profit_and_loses` VALUES ('193','2','1','1926','258.70','260.70','-2','-3852','2025-04-30 00:00:00','2025-04-30 00:00:00');
INSERT INTO `profit_and_loses` VALUES ('194','2','2','1675','262.90','264.90','-2','-3350','2025-04-30 00:00:00','2025-04-30 00:00:00');
INSERT INTO `profit_and_loses` VALUES ('195','7','1','7824','258.70','260.70','-2','-15648','2025-04-30 00:00:00','2025-04-30 00:00:00');
INSERT INTO `profit_and_loses` VALUES ('196','7','2','762','262.90','264.90','-2','-1524','2025-04-30 00:00:00','2025-04-30 00:00:00');
INSERT INTO `profit_and_loses` VALUES ('197','1','2','469','260.90','262.90','-2','-938','2025-05-15 00:00:00','2025-05-15 00:00:00');
INSERT INTO `profit_and_loses` VALUES ('198','3','2','2546','260.90','262.90','-2','-5092','2025-05-15 00:00:00','2025-05-15 00:00:00');
INSERT INTO `profit_and_loses` VALUES ('199','4','2','6379','260.90','262.90','-2','-12758','2025-05-15 00:00:00','2025-05-15 00:00:00');
INSERT INTO `profit_and_loses` VALUES ('200','8','2','3307','260.90','262.90','-2','-6614','2025-05-15 00:00:00','2025-05-15 00:00:00');
INSERT INTO `profit_and_loses` VALUES ('201','7','2','7611','260.90','262.90','-2','-15222','2025-05-15 00:00:00','2025-05-15 00:00:00');
INSERT INTO `profit_and_loses` VALUES ('202','2','2','7472','260.90','262.90','-2','-14944','2025-05-15 00:00:00','2025-05-15 00:00:00');
INSERT INTO `profit_and_loses` VALUES ('203','1','1','6554','259.70','258.70','1','6554','2025-05-31 00:00:00','2025-05-31 00:00:00');
INSERT INTO `profit_and_loses` VALUES ('204','1','2','5650','260.90','260.90','0','0','2025-05-31 00:00:00','2025-05-31 00:00:00');
INSERT INTO `profit_and_loses` VALUES ('205','4','2','8401','260.90','260.90','0','0','2025-05-31 00:00:00','2025-05-31 00:00:00');
INSERT INTO `profit_and_loses` VALUES ('206','4','1','2749','259.70','258.70','1','2749','2025-05-31 00:00:00','2025-05-31 00:00:00');
INSERT INTO `profit_and_loses` VALUES ('207','8','2','2278','260.90','260.90','0','0','2025-05-31 00:00:00','2025-05-31 00:00:00');
INSERT INTO `profit_and_loses` VALUES ('208','8','1','14160','259.70','258.70','1','14160','2025-05-31 00:00:00','2025-05-31 00:00:00');
INSERT INTO `profit_and_loses` VALUES ('209','2','2','5501','260.90','260.90','0','0','2025-05-31 00:00:00','2025-05-31 00:00:00');
INSERT INTO `profit_and_loses` VALUES ('210','2','1','4702','259.70','258.70','1','4702','2025-05-31 00:00:00','2025-05-31 00:00:00');
INSERT INTO `profit_and_loses` VALUES ('211','7','2','2246','260.90','260.90','0','0','2025-05-31 00:00:00','2025-05-31 00:00:00');
INSERT INTO `profit_and_loses` VALUES ('212','7','1','10651','259.70','258.70','1','10651','2025-05-31 00:00:00','2025-05-31 00:00:00');
INSERT INTO `profit_and_loses` VALUES ('213','3','2','25451','260.90','260.90','0','0','2025-05-31 00:00:00','2025-05-31 00:00:00');
INSERT INTO `profit_and_loses` VALUES ('214','3','1','8115','259.70','258.70','1','8115','2025-05-31 00:00:00','2025-05-31 00:00:00');
INSERT INTO `profit_and_loses` VALUES ('215','1','2','5650','260.90','260.90','0','0','2025-05-31 00:00:00','2025-05-31 00:00:00');
INSERT INTO `profit_and_loses` VALUES ('216','3','2','25451','260.90','260.90','0','0','2025-05-31 00:00:00','2025-05-31 00:00:00');
INSERT INTO `profit_and_loses` VALUES ('217','4','2','8401','260.90','260.90','0','0','2025-05-31 00:00:00','2025-05-31 00:00:00');
INSERT INTO `profit_and_loses` VALUES ('218','8','2','2278','260.90','260.90','0','0','2025-05-31 00:00:00','2025-05-31 00:00:00');
INSERT INTO `profit_and_loses` VALUES ('219','2','2','5501','260.90','260.90','0','0','2025-05-31 00:00:00','2025-05-31 00:00:00');
INSERT INTO `profit_and_loses` VALUES ('220','7','2','2246','260.90','260.90','0','0','2025-05-31 00:00:00','2025-05-31 00:00:00');
INSERT INTO `profit_and_loses` VALUES ('221','1','1','6533','264.50','259.70','4.8','31358.4','2025-06-15 00:00:00','2025-06-15 00:00:00');
INSERT INTO `profit_and_loses` VALUES ('222','1','2','4228','268.90','260.90','8','33824','2025-06-15 00:00:00','2025-06-15 00:00:00');
INSERT INTO `profit_and_loses` VALUES ('223','3','2','11208','268.90','260.90','8','89664','2025-06-15 00:00:00','2025-06-15 00:00:00');
INSERT INTO `profit_and_loses` VALUES ('224','3','1','12496','264.50','259.70','4.8','59980.8','2025-06-15 00:00:00','2025-06-15 00:00:00');
INSERT INTO `profit_and_loses` VALUES ('225','4','2','8443','268.90','260.90','8','67544','2025-06-15 00:00:00','2025-06-15 00:00:00');
INSERT INTO `profit_and_loses` VALUES ('226','4','1','4068','264.50','259.70','4.8','19526.4','2025-06-15 00:00:00','2025-06-15 00:00:00');
INSERT INTO `profit_and_loses` VALUES ('227','8','2','1222','268.90','260.90','8','9776','2025-06-15 00:00:00','2025-06-15 00:00:00');
INSERT INTO `profit_and_loses` VALUES ('228','8','1','15629','264.50','259.70','4.8','75019.2','2025-06-15 00:00:00','2025-06-15 00:00:00');
INSERT INTO `profit_and_loses` VALUES ('229','7','2','882','268.90','260.90','8','7056','2025-06-15 00:00:00','2025-06-15 00:00:00');
INSERT INTO `profit_and_loses` VALUES ('230','7','1','12109','264.50','259.70','4.8','58123.2','2025-06-15 00:00:00','2025-06-15 00:00:00');
INSERT INTO `profit_and_loses` VALUES ('231','2','2','5251','268.90','260.90','8','42008','2025-06-15 00:00:00','2025-06-15 00:00:00');
INSERT INTO `profit_and_loses` VALUES ('232','2','1','5378','264.50','259.70','4.8','25814.4','2025-06-15 00:00:00','2025-06-15 00:00:00');
INSERT INTO `profit_and_loses` VALUES ('233','1','1','4644','272.50','264.50','8','37152','2025-06-30 00:00:00','2025-06-30 00:00:00');
INSERT INTO `profit_and_loses` VALUES ('234','1','2','3999','278.90','268.90','10','39990','2025-06-30 00:00:00','2025-06-30 00:00:00');
INSERT INTO `profit_and_loses` VALUES ('235','3','2','13876','278.90','268.90','10','138760','2025-06-30 00:00:00','2025-06-30 00:00:00');
INSERT INTO `profit_and_loses` VALUES ('236','3','1','13933','272.50','264.50','8','111464','2025-06-30 00:00:00','2025-06-30 00:00:00');
INSERT INTO `profit_and_loses` VALUES ('237','4','2','8448','278.90','268.90','10','84480','2025-06-30 00:00:00','2025-06-30 00:00:00');
INSERT INTO `profit_and_loses` VALUES ('238','4','1','7104','272.50','264.50','8','56832','2025-06-30 00:00:00','2025-06-30 00:00:00');
INSERT INTO `profit_and_loses` VALUES ('239','8','2','4908','278.90','268.90','10','49080','2025-06-30 00:00:00','2025-06-30 00:00:00');
INSERT INTO `profit_and_loses` VALUES ('240','8','1','20488','272.50','264.50','8','163904','2025-06-30 00:00:00','2025-06-30 00:00:00');
INSERT INTO `profit_and_loses` VALUES ('241','7','1','11246','272.50','264.50','8','89968','2025-06-30 00:00:00','2025-06-30 00:00:00');
INSERT INTO `profit_and_loses` VALUES ('242','7','2','4619','278.90','268.90','10','46190','2025-06-30 00:00:00','2025-06-30 00:00:00');
INSERT INTO `profit_and_loses` VALUES ('243','2','2','7843','278.90','268.90','10','78430','2025-06-30 00:00:00','2025-06-30 00:00:00');
INSERT INTO `profit_and_loses` VALUES ('244','2','1','7691','272.50','264.50','8','61528','2025-06-30 00:00:00','2025-06-30 00:00:00');
INSERT INTO `profit_and_loses` VALUES ('245','1','2','6416','290.40','278.90','11.5','73784','2025-07-15 00:00:00','2025-07-15 00:00:00');
INSERT INTO `profit_and_loses` VALUES ('246','1','1','12017','277.90','272.50','5.4','64891.8','2025-07-15 00:00:00','2025-07-15 00:00:00');
INSERT INTO `profit_and_loses` VALUES ('247','3','2','6334','290.40','278.90','11.5','72841','2025-07-15 00:00:00','2025-07-15 00:00:00');
INSERT INTO `profit_and_loses` VALUES ('248','3','1','10371','277.90','272.50','5.4','56003.4','2025-07-15 00:00:00','2025-07-15 00:00:00');
INSERT INTO `profit_and_loses` VALUES ('249','4','2','9156','290.40','278.90','11.5','105294','2025-07-15 00:00:00','2025-07-15 00:00:00');
INSERT INTO `profit_and_loses` VALUES ('250','4','1','7808','277.90','272.50','5.4','42163.2','2025-07-15 00:00:00','2025-07-15 00:00:00');
INSERT INTO `profit_and_loses` VALUES ('251','8','2','3765','290.40','278.90','11.5','43297.5','2025-07-15 00:00:00','2025-07-15 00:00:00');
INSERT INTO `profit_and_loses` VALUES ('252','8','1','13615','277.90','272.50','5.4','73521','2025-07-15 00:00:00','2025-07-15 00:00:00');
INSERT INTO `profit_and_loses` VALUES ('253','2','2','4145','290.40','278.90','11.5','47667.5','2025-07-15 00:00:00','2025-07-15 00:00:00');
INSERT INTO `profit_and_loses` VALUES ('254','2','1','9952','277.90','272.50','5.4','53740.8','2025-07-15 00:00:00','2025-07-15 00:00:00');
INSERT INTO `profit_and_loses` VALUES ('255','7','1','16092','277.90','272.50','5.4','86896.8','2025-07-15 00:00:00','2025-07-15 00:00:00');
INSERT INTO `profit_and_loses` VALUES ('256','7','2','4127','290.40','278.90','11.5','47460.5','2025-07-15 00:00:00','2025-07-15 00:00:00');
INSERT INTO `profit_and_loses` VALUES ('257','1','2','5073','292.20','290.40','1.8','9131.4000000001','2025-07-31 00:00:00','2025-07-31 00:00:00');
INSERT INTO `profit_and_loses` VALUES ('258','1','1','7249','270.60','277.90','-7.3','-52917.7','2025-07-31 00:00:00','2025-07-31 00:00:00');
INSERT INTO `profit_and_loses` VALUES ('259','3','2','19287','292.20','290.40','1.8','34716.6','2025-07-31 00:00:00','2025-07-31 00:00:00');
INSERT INTO `profit_and_loses` VALUES ('260','3','1','7493','270.60','277.90','-7.3','-54698.9','2025-07-31 00:00:00','2025-07-31 00:00:00');
INSERT INTO `profit_and_loses` VALUES ('261','4','1','4115','270.60','277.90','-7.3','-30039.5','2025-07-31 00:00:00','2025-07-31 00:00:00');
INSERT INTO `profit_and_loses` VALUES ('262','4','2','5442','292.20','290.40','1.8','9795.6000000001','2025-07-31 00:00:00','2025-07-31 00:00:00');
INSERT INTO `profit_and_loses` VALUES ('263','8','2','2683','292.20','290.40','1.8','4829.4','2025-07-31 00:00:00','2025-07-31 00:00:00');
INSERT INTO `profit_and_loses` VALUES ('264','8','1','14820','270.60','277.90','-7.3','-108186','2025-07-31 00:00:00','2025-07-31 00:00:00');
INSERT INTO `profit_and_loses` VALUES ('265','7','1','11194','270.60','277.90','-7.3','-81716.199999999','2025-07-31 00:00:00','2025-07-31 00:00:00');
INSERT INTO `profit_and_loses` VALUES ('266','7','2','3014','292.20','290.40','1.8','5425.2','2025-07-31 00:00:00','2025-07-31 00:00:00');
INSERT INTO `profit_and_loses` VALUES ('267','2','2','3132','292.20','290.40','1.8','5637.6','2025-07-31 00:00:00','2025-07-31 00:00:00');
INSERT INTO `profit_and_loses` VALUES ('268','2','1','6779','270.60','277.90','-7.3','-49486.7','2025-07-31 00:00:00','2025-07-31 00:00:00');
INSERT INTO `profit_and_loses` VALUES ('269','1','2','4641','279.40','292.20','-12.8','-59404.8','2025-08-15 00:00:00','2025-08-15 00:00:00');
INSERT INTO `profit_and_loses` VALUES ('270','3','2','-2861','279.40','292.20','-12.8','36620.8','2025-08-15 00:00:00','2025-08-15 00:00:00');
INSERT INTO `profit_and_loses` VALUES ('271','4','2','6906','279.40','292.20','-12.8','-88396.8','2025-08-15 00:00:00','2025-08-15 00:00:00');
INSERT INTO `profit_and_loses` VALUES ('272','8','2','-40','279.40','292.20','-12.8','512','2025-08-15 00:00:00','2025-08-15 00:00:00');
INSERT INTO `profit_and_loses` VALUES ('273','7','2','5575','279.40','292.20','-12.8','-71360','2025-08-15 00:00:00','2025-08-15 00:00:00');
INSERT INTO `profit_and_loses` VALUES ('274','2','2','-867','279.40','292.20','-12.8','11097.6','2025-08-15 00:00:00','2025-08-15 00:00:00');
INSERT INTO `profit_and_loses` VALUES ('275','1','2','2530','276.60','279.40','-2.8','-7083.9999999999','2025-08-31 00:00:00','2025-08-31 00:00:00');
INSERT INTO `profit_and_loses` VALUES ('276','3','2','14164','276.60','279.40','-2.8','-39659.199999999','2025-08-31 00:00:00','2025-08-31 00:00:00');
INSERT INTO `profit_and_loses` VALUES ('277','4','2','10437','276.60','279.40','-2.8','-29223.6','2025-08-31 00:00:00','2025-08-31 00:00:00');
INSERT INTO `profit_and_loses` VALUES ('278','8','2','443','276.60','279.40','-2.8','-1240.4','2025-08-31 00:00:00','2025-08-31 00:00:00');
INSERT INTO `profit_and_loses` VALUES ('279','7','2','4833','276.60','279.40','-2.8','-13532.4','2025-08-31 00:00:00','2025-08-31 00:00:00');
INSERT INTO `profit_and_loses` VALUES ('280','2','2','3020','276.60','279.40','-2.8','-8455.9999999999','2025-08-31 00:00:00','2025-08-31 00:00:00');
INSERT INTO `profit_and_loses` VALUES ('281','1','2','5347','279.40','276.60','2.8','14971.6','2025-09-15 00:00:00','2025-09-15 00:00:00');
INSERT INTO `profit_and_loses` VALUES ('282','3','2','10856','279.40','276.60','2.8','30396.8','2025-09-15 00:00:00','2025-09-15 00:00:00');
INSERT INTO `profit_and_loses` VALUES ('283','4','2','11845','279.40','276.60','2.8','33165.999999999','2025-09-15 00:00:00','2025-09-15 00:00:00');
INSERT INTO `profit_and_loses` VALUES ('284','8','2','4972','279.40','276.60','2.8','13921.6','2025-09-15 00:00:00','2025-09-15 00:00:00');
INSERT INTO `profit_and_loses` VALUES ('285','2','2','4949','279.40','276.60','2.8','13857.2','2025-09-15 00:00:00','2025-09-15 00:00:00');
INSERT INTO `profit_and_loses` VALUES ('286','7','2','3439','279.40','276.60','2.8','9629.1999999998','2025-09-15 00:00:00','2025-09-15 00:00:00');
INSERT INTO `profit_and_loses` VALUES ('287','1','2','8204','283.50','279.40','4.1','33636.4','2025-09-30 00:00:00','2025-09-30 00:00:00');
INSERT INTO `profit_and_loses` VALUES ('288','1','1','12133','274.70','270.60','4.1','49745.3','2025-09-30 00:00:00','2025-09-30 00:00:00');
INSERT INTO `profit_and_loses` VALUES ('289','3','2','12640','283.50','279.40','4.1','51824','2025-09-30 00:00:00','2025-09-30 00:00:00');
INSERT INTO `profit_and_loses` VALUES ('290','3','1','10806','274.70','270.60','4.1','44304.6','2025-09-30 00:00:00','2025-09-30 00:00:00');
INSERT INTO `profit_and_loses` VALUES ('291','4','2','13011','283.50','279.40','4.1','53345.1','2025-09-30 00:00:00','2025-09-30 00:00:00');
INSERT INTO `profit_and_loses` VALUES ('292','4','1','10693','274.70','270.60','4.1','43841.3','2025-09-30 00:00:00','2025-09-30 00:00:00');
INSERT INTO `profit_and_loses` VALUES ('293','8','2','2704','283.50','279.40','4.1','11086.4','2025-09-30 00:00:00','2025-09-30 00:00:00');
INSERT INTO `profit_and_loses` VALUES ('294','8','1','13372','274.70','270.60','4.1','54825.2','2025-09-30 00:00:00','2025-09-30 00:00:00');
INSERT INTO `profit_and_loses` VALUES ('295','7','2','2037','283.50','279.40','4.1','8351.7','2025-09-30 00:00:00','2025-09-30 00:00:00');
INSERT INTO `profit_and_loses` VALUES ('296','7','1','14199','274.70','270.60','4.1','58215.9','2025-09-30 00:00:00','2025-09-30 00:00:00');
INSERT INTO `profit_and_loses` VALUES ('297','2','2','8154','283.50','279.40','4.1','33431.4','2025-09-30 00:00:00','2025-09-30 00:00:00');
INSERT INTO `profit_and_loses` VALUES ('298','2','1','8891','274.70','270.60','4.1','36453.1','2025-09-30 00:00:00','2025-09-30 00:00:00');
INSERT INTO `profit_and_loses` VALUES ('299','1','2','296','282.10','283.50','-1.4','-414.39999999999','2025-10-15 00:00:00','2025-10-15 00:00:00');
INSERT INTO `profit_and_loses` VALUES ('300','1','1','5420','269.10','274.70','-5.6','-30352','2025-10-15 00:00:00','2025-10-15 00:00:00');
INSERT INTO `profit_and_loses` VALUES ('301','3','2','9398','282.10','283.50','-1.4','-13157.2','2025-10-15 00:00:00','2025-10-15 00:00:00');
INSERT INTO `profit_and_loses` VALUES ('302','3','1','7333','269.10','274.70','-5.6','-41064.8','2025-10-15 00:00:00','2025-10-15 00:00:00');
INSERT INTO `profit_and_loses` VALUES ('303','4','2','9137','282.10','283.50','-1.4','-12791.8','2025-10-15 00:00:00','2025-10-15 00:00:00');
INSERT INTO `profit_and_loses` VALUES ('304','4','1','10903','269.10','274.70','-5.6','-61056.8','2025-10-15 00:00:00','2025-10-15 00:00:00');
INSERT INTO `profit_and_loses` VALUES ('305','8','2','1922','282.10','283.50','-1.4','-2690.8','2025-10-15 00:00:00','2025-10-15 00:00:00');
INSERT INTO `profit_and_loses` VALUES ('306','8','1','17153','269.10','274.70','-5.6','-96056.799999999','2025-10-15 00:00:00','2025-10-15 00:00:00');
INSERT INTO `profit_and_loses` VALUES ('307','7','2','-498','282.10','283.50','-1.4','697.19999999999','2025-10-15 00:00:00','2025-10-15 00:00:00');
INSERT INTO `profit_and_loses` VALUES ('308','7','1','12762','269.10','274.70','-5.6','-71467.2','2025-10-15 00:00:00','2025-10-15 00:00:00');
INSERT INTO `profit_and_loses` VALUES ('309','2','2','7408','282.10','283.50','-1.4','-10371.2','2025-10-15 00:00:00','2025-10-15 00:00:00');
INSERT INTO `profit_and_loses` VALUES ('310','2','1','8621','269.10','274.70','-5.6','-48277.6','2025-10-15 00:00:00','2025-10-15 00:00:00');
INSERT INTO `profit_and_loses` VALUES ('311','3','2','22671','285.10','282.10','3','68013','2025-10-31 00:00:00','2025-10-31 00:00:00');
INSERT INTO `profit_and_loses` VALUES ('312','3','1','15048','271.50','269.10','2.4','36115.2','2025-10-31 00:00:00','2025-10-31 00:00:00');
INSERT INTO `profit_and_loses` VALUES ('313','1','2','6266','285.10','282.10','3','18798','2025-10-31 00:00:00','2025-10-31 00:00:00');
INSERT INTO `profit_and_loses` VALUES ('314','1','1','9666','271.50','269.10','2.4','23198.4','2025-10-31 00:00:00','2025-10-31 00:00:00');
INSERT INTO `profit_and_loses` VALUES ('315','4','2','7996','285.10','282.10','3','23988','2025-10-31 00:00:00','2025-10-31 00:00:00');
INSERT INTO `profit_and_loses` VALUES ('316','4','1','11195','271.50','269.10','2.4','26868','2025-10-31 00:00:00','2025-10-31 00:00:00');
INSERT INTO `profit_and_loses` VALUES ('317','8','2','4023','285.10','282.10','3','12069','2025-10-31 00:00:00','2025-10-31 00:00:00');
INSERT INTO `profit_and_loses` VALUES ('318','8','1','17313','271.50','269.10','2.4','41551.2','2025-10-31 00:00:00','2025-10-31 00:00:00');
INSERT INTO `profit_and_loses` VALUES ('319','7','2','5425','285.10','282.10','3','16275','2025-10-31 00:00:00','2025-10-31 00:00:00');
INSERT INTO `profit_and_loses` VALUES ('320','7','1','14246','271.50','269.10','2.4','34190.4','2025-10-31 00:00:00','2025-10-31 00:00:00');
INSERT INTO `profit_and_loses` VALUES ('321','2','2','3252','285.10','282.10','3','9756','2025-10-31 00:00:00','2025-10-31 00:00:00');
INSERT INTO `profit_and_loses` VALUES ('322','2','1','5733','271.50','269.10','2.4','13759.2','2025-10-31 00:00:00','2025-10-31 00:00:00');
INSERT INTO `profit_and_loses` VALUES ('323','4','2','5347','285.10','285.10','0','0','2025-10-31 00:00:00','2025-10-31 00:00:00');
INSERT INTO `profit_and_loses` VALUES ('324','4','2','5347','285.10','285.10','0','0','2025-10-31 00:00:00','2025-10-31 00:00:00');
INSERT INTO `profit_and_loses` VALUES ('325','1','2','3570','291.10','285.10','6','21420','2025-11-15 00:00:00','2025-11-15 00:00:00');
INSERT INTO `profit_and_loses` VALUES ('326','3','2','13922','291.10','285.10','6','83532','2025-11-15 00:00:00','2025-11-15 00:00:00');
INSERT INTO `profit_and_loses` VALUES ('327','4','2','10017','291.10','285.10','6','60102','2025-11-15 00:00:00','2025-11-15 00:00:00');
INSERT INTO `profit_and_loses` VALUES ('328','8','2','5166','291.10','285.10','6','30996','2025-11-15 00:00:00','2025-11-15 00:00:00');
INSERT INTO `profit_and_loses` VALUES ('329','2','2','9326','291.10','285.10','6','55956','2025-11-15 00:00:00','2025-11-15 00:00:00');
INSERT INTO `profit_and_loses` VALUES ('330','7','2','0','291.10','285.10','6','0','2025-11-15 00:00:00','2025-11-15 00:00:00');
INSERT INTO `profit_and_loses` VALUES ('331','4','2','7461','286.30','291.10','-4.8','-35812.8','2025-11-30 00:00:00','2025-11-30 00:00:00');
INSERT INTO `profit_and_loses` VALUES ('332','4','1','9161','269.50','271.50','-2','-18322','2025-11-30 00:00:00','2025-11-30 00:00:00');
INSERT INTO `profit_and_loses` VALUES ('333','3','2','30431','286.30','291.10','-4.8','-146068.8','2025-11-30 00:00:00','2025-11-30 00:00:00');
INSERT INTO `profit_and_loses` VALUES ('334','3','1','8233','269.50','271.50','-2','-16466','2025-11-30 00:00:00','2025-11-30 00:00:00');
INSERT INTO `profit_and_loses` VALUES ('335','1','2','12676','286.30','291.10','-4.8','-60844.8','2025-11-30 00:00:00','2025-11-30 00:00:00');
INSERT INTO `profit_and_loses` VALUES ('336','1','1','6160','269.50','271.50','-2','-12320','2025-11-30 00:00:00','2025-11-30 00:00:00');
INSERT INTO `profit_and_loses` VALUES ('337','8','2','2338','286.30','291.10','-4.8','-11222.4','2025-11-30 00:00:00','2025-11-30 00:00:00');
INSERT INTO `profit_and_loses` VALUES ('338','8','1','15309','269.50','271.50','-2','-30618','2025-11-30 00:00:00','2025-11-30 00:00:00');
INSERT INTO `profit_and_loses` VALUES ('339','7','2','1802','286.30','291.10','-4.8','-8649.6','2025-11-30 00:00:00','2025-11-30 00:00:00');
INSERT INTO `profit_and_loses` VALUES ('340','7','1','11689','269.50','271.50','-2','-23378','2025-11-30 00:00:00','2025-11-30 00:00:00');
INSERT INTO `profit_and_loses` VALUES ('341','2','2','5605','286.30','291.10','-4.8','-26904','2025-11-30 00:00:00','2025-11-30 00:00:00');
INSERT INTO `profit_and_loses` VALUES ('342','2','1','8278','269.50','271.50','-2','-16556','2025-11-30 00:00:00','2025-11-30 00:00:00');


CREATE TABLE `pump_attendants` (
  `id` bigint unsigned NOT NULL AUTO_INCREMENT,
  `pump_id` bigint unsigned NOT NULL,
  `name` varchar(255) CHARACTER SET utf8mb4 COLLATE utf8mb4_unicode_ci NOT NULL,
  `mobile_number` varchar(255) CHARACTER SET utf8mb4 COLLATE utf8mb4_unicode_ci NOT NULL,
  `nic` varchar(255) CHARACTER SET utf8mb4 COLLATE utf8mb4_unicode_ci NOT NULL,
  `address` varchar(255) CHARACTER SET utf8mb4 COLLATE utf8mb4_unicode_ci NOT NULL,
  `trash` varchar(255) CHARACTER SET utf8mb4 COLLATE utf8mb4_unicode_ci NOT NULL DEFAULT 'active',
  `created_at` timestamp NULL DEFAULT NULL,
  `updated_at` timestamp NULL DEFAULT NULL,
  PRIMARY KEY (`id`)
) ENGINE=InnoDB AUTO_INCREMENT=4 DEFAULT CHARSET=utf8mb4 COLLATE=utf8mb4_unicode_ci;

INSERT INTO `pump_attendants` VALUES ('2','1','Imtiaz Ahmad','03028087410','2110745451473','Kharkano Bajaur','active','2024-02-20 05:56:08','2024-02-20 05:56:08');
INSERT INTO `pump_attendants` VALUES ('3','1','Ajmal Khan','03028087410','1234567887654321','Khar Bajaur','active','2024-02-27 09:08:34','2024-02-27 09:08:34');


CREATE TABLE `pump_product_details` (
  `id` bigint unsigned NOT NULL AUTO_INCREMENT,
  `product_id` bigint unsigned NOT NULL,
  `pump_id` bigint unsigned NOT NULL,
  `sale_price` varchar(255) CHARACTER SET utf8mb4 COLLATE utf8mb4_unicode_ci NOT NULL,
  `purchase_price` varchar(255) CHARACTER SET utf8mb4 COLLATE utf8mb4_unicode_ci NOT NULL,
  `stock` varchar(255) CHARACTER SET utf8mb4 COLLATE utf8mb4_unicode_ci NOT NULL,
  `commission` varchar(255) CHARACTER SET utf8mb4 COLLATE utf8mb4_unicode_ci NOT NULL,
  `status` varchar(255) CHARACTER SET utf8mb4 COLLATE utf8mb4_unicode_ci NOT NULL DEFAULT 'active',
  `created_at` timestamp NULL DEFAULT NULL,
  `updated_at` timestamp NULL DEFAULT NULL,
  PRIMARY KEY (`id`)
) ENGINE=InnoDB AUTO_INCREMENT=426 DEFAULT CHARSET=utf8mb4 COLLATE=utf8mb4_unicode_ci;

INSERT INTO `pump_product_details` VALUES ('1','1','1','259','250','-1818','0.40','inactive','2024-02-04 16:28:12','2024-02-04 16:28:12');
INSERT INTO `pump_product_details` VALUES ('3','1','2','259','250','5916','0','active','2024-02-04 11:46:53','2024-02-04 11:46:53');
INSERT INTO `pump_product_details` VALUES ('4','2','1','270','260','17843654','0.40','inactive','2024-02-04 11:46:53','2024-02-04 11:46:53');
INSERT INTO `pump_product_details` VALUES ('5','3','1','275','265','23','0.40','active','2024-02-04 11:46:53','2024-02-04 11:46:53');
INSERT INTO `pump_product_details` VALUES ('6','2','2','270','260','6287','0.40','active','2024-02-04 11:46:53','2024-02-04 11:46:53');
INSERT INTO `pump_product_details` VALUES ('7','3','2','275','265','13160524','0.40','active','2024-02-08 11:00:59','2024-02-08 11:00:59');
INSERT INTO `pump_product_details` VALUES ('8','3','2','275','265','00','0.40','active','2024-02-08 11:17:35','2024-02-08 11:17:35');
INSERT INTO `pump_product_details` VALUES ('9','1','1','259','250','12552056','0.40','inactive','2024-04-25 10:03:25','2024-04-25 10:03:25');
INSERT INTO `pump_product_details` VALUES ('10','1','1','259','250','7164','0.40','inactive','2024-04-25 10:05:09','2024-04-25 10:05:09');
INSERT INTO `pump_product_details` VALUES ('11','1','1','259','250','7164','0.40','inactive','2024-04-25 10:06:06','2024-04-25 10:06:06');
INSERT INTO `pump_product_details` VALUES ('12','1','1','259','250','7164','0.40','inactive','2024-04-25 10:06:30','2024-04-25 10:06:30');
INSERT INTO `pump_product_details` VALUES ('13','2','1','270','260','2769','0.40','inactive','2024-04-25 12:36:17','2024-04-25 12:36:17');
INSERT INTO `pump_product_details` VALUES ('14','2','1','270','260','5591','0.40','active','2024-04-25 12:37:19','2024-04-25 12:37:19');
INSERT INTO `pump_product_details` VALUES ('15','2','1','270','260','2769','0.40','inactive','2024-04-25 12:37:35','2024-04-25 12:37:35');
INSERT INTO `pump_product_details` VALUES ('16','2','1','270','260','-4105419','0.40','inactive','2024-04-25 12:37:54','2024-04-25 12:37:54');
INSERT INTO `pump_product_details` VALUES ('17','1','1','259','250','7164','0.40','inactive','2024-04-25 12:38:10','2024-04-25 12:38:10');
INSERT INTO `pump_product_details` VALUES ('18','1','1','259','250','7164','0.40','inactive','2024-04-25 12:38:29','2024-04-25 12:38:29');
INSERT INTO `pump_product_details` VALUES ('19','1','1','259','250','3869','0.40','active','2024-04-25 12:38:44','2024-04-25 12:38:44');
INSERT INTO `pump_product_details` VALUES ('20','1','1','270','260','-1818','0.40','inactive','2024-05-01 21:50:15','2024-05-01 21:50:15');
INSERT INTO `pump_product_details` VALUES ('21','1','1','267.40','258.696','-1818','0.40','inactive','2024-08-17 18:38:09','2024-08-17 18:38:09');
INSERT INTO `pump_product_details` VALUES ('22','2','1','273.40','263.806','-4105419','0.40','inactive','2024-08-17 18:38:46','2024-08-17 18:38:46');
INSERT INTO `pump_product_details` VALUES ('23','2','1','280.00','270.506','-3986035','0.40','inactive','2024-08-17 18:40:19','2024-08-17 18:40:19');
INSERT INTO `pump_product_details` VALUES ('24','1','1','275.80','267.166','161380','0.40','inactive','2024-08-17 18:40:47','2024-08-17 18:40:47');
INSERT INTO `pump_product_details` VALUES ('25','1','1','267.40','258.696','154393','0.40','inactive','2024-08-19 14:57:16','2024-08-19 14:57:16');
INSERT INTO `pump_product_details` VALUES ('26','2','1','273.40','263.806','-3989931','0.40','inactive','2024-08-19 14:57:58','2024-08-19 14:57:58');
INSERT INTO `pump_product_details` VALUES ('27','1','3','259','250','0','0.4','inactive','2024-08-23 16:04:26','2024-08-23 16:04:26');
INSERT INTO `pump_product_details` VALUES ('28','2','3','270','260','0','0.4','inactive','2024-08-23 16:04:26','2024-08-23 16:04:26');
INSERT INTO `pump_product_details` VALUES ('29','3','3','275','265','0','0.4','active','2024-08-23 16:04:26','2024-08-23 16:04:26');
INSERT INTO `pump_product_details` VALUES ('30','2','3','270','260','8217','0.40','active','2024-08-22 16:21:31','2024-08-22 16:21:31');
INSERT INTO `pump_product_details` VALUES ('31','2','3','270','260','8217','0.40','active','2024-08-22 16:21:58','2024-08-22 16:21:58');
INSERT INTO `pump_product_details` VALUES ('32','2','3','270','260','8217','0.40','active','2024-08-22 16:22:21','2024-08-22 16:22:21');
INSERT INTO `pump_product_details` VALUES ('33','1','3','259','250','7994','0.40','active','2024-08-22 16:22:44','2024-08-22 16:22:44');
INSERT INTO `pump_product_details` VALUES ('34','1','3','259','250','7994','0.40','active','2024-08-22 16:23:07','2024-08-22 16:23:07');
INSERT INTO `pump_product_details` VALUES ('35','2','3','273.40','263.806','0','0.4','inactive','2024-08-23 16:24:54','2024-08-23 16:24:54');
INSERT INTO `pump_product_details` VALUES ('36','1','3','267.40','258.696','2549','0.40','inactive','2024-08-23 16:25:27','2024-08-23 16:25:27');
INSERT INTO `pump_product_details` VALUES ('37','2','3','273.40','263.806','2844','0.40','inactive','2024-08-23 16:25:56','2024-08-23 16:25:56');
INSERT INTO `pump_product_details` VALUES ('38','2','1','270.10','260.486','4073','0.40','inactive','2024-09-03 16:01:27','2024-09-03 16:01:27');
INSERT INTO `pump_product_details` VALUES ('39','1','1','265.60','256.836','4678','0.40','inactive','2024-09-03 16:01:53','2024-09-03 16:01:53');
INSERT INTO `pump_product_details` VALUES ('40','2','3','270.10','260.486','-354','0.40','inactive','2024-09-03 16:02:09','2024-09-03 16:02:09');
INSERT INTO `pump_product_details` VALUES ('41','1','3','265.60','256.836','2256','0.40','inactive','2024-09-03 16:02:18','2024-09-03 16:02:18');
INSERT INTO `pump_product_details` VALUES ('42','2','2','270','260','6287','0.40','active','2024-08-31 14:13:31','2024-08-31 14:13:31');
INSERT INTO `pump_product_details` VALUES ('43','2','2','270','260','6287','0.40','active','2024-08-31 14:15:22','2024-08-31 14:15:22');
INSERT INTO `pump_product_details` VALUES ('44','2','2','270','260','6287','0.40','active','2024-08-31 14:15:53','2024-08-31 14:15:53');
INSERT INTO `pump_product_details` VALUES ('45','2','2','270','260','00','0.40','inactive','2024-08-31 14:16:18','2024-08-31 14:16:18');
INSERT INTO `pump_product_details` VALUES ('46','1','2','259','250','5916','0.40','active','2024-08-31 14:16:50','2024-08-31 14:16:50');
INSERT INTO `pump_product_details` VALUES ('47','1','2','259','250','00','0.40','inactive','2024-08-31 14:17:21','2024-08-31 14:17:21');
INSERT INTO `pump_product_details` VALUES ('48','1','2','267.40','258.696','00','0.40','inactive','2024-09-07 14:32:42','2024-09-07 14:32:42');
INSERT INTO `pump_product_details` VALUES ('49','2','2','270.10','260.486','411','0.40','inactive','2024-09-07 14:33:06','2024-09-07 14:33:06');
INSERT INTO `pump_product_details` VALUES ('50','1','2','265.60','256.836','1588','0.40','inactive','2024-09-07 14:33:48','2024-09-07 14:33:48');
INSERT INTO `pump_product_details` VALUES ('51','1','4','259','250','0','0.4','inactive','2024-09-07 15:05:08','2024-09-07 15:05:08');
INSERT INTO `pump_product_details` VALUES ('52','2','4','270','260','0','0.4','inactive','2024-09-07 15:05:08','2024-09-07 15:05:08');
INSERT INTO `pump_product_details` VALUES ('53','3','4','275','265','0','0.4','active','2024-09-07 15:05:08','2024-09-07 15:05:08');
INSERT INTO `pump_product_details` VALUES ('54','1','5','259','250','5550','0.4','inactive','2024-09-07 15:06:26','2024-09-07 15:06:26');
INSERT INTO `pump_product_details` VALUES ('55','2','5','270','260','2010','0.4','inactive','2024-09-07 15:06:26','2024-09-07 15:06:26');
INSERT INTO `pump_product_details` VALUES ('56','3','5','275','265','0','0.4','active','2024-09-07 15:06:26','2024-09-07 15:06:26');
INSERT INTO `pump_product_details` VALUES ('57','1','6','259','250','12721','0.4','active','2024-09-07 15:10:35','2024-09-07 15:10:35');
INSERT INTO `pump_product_details` VALUES ('58','2','6','270','260','583','0.4','active','2024-09-07 15:10:35','2024-09-07 15:10:35');
INSERT INTO `pump_product_details` VALUES ('59','3','6','275','265','0','0.4','active','2024-09-07 15:10:35','2024-09-07 15:10:35');
INSERT INTO `pump_product_details` VALUES ('60','2','4','270','260','5717','0.40','active','2024-08-31 15:26:13','2024-08-31 15:26:13');
INSERT INTO `pump_product_details` VALUES ('61','2','4','270','260','5717','0.40','active','2024-08-31 15:26:37','2024-08-31 15:26:37');
INSERT INTO `pump_product_details` VALUES ('62','2','4','270','260','5717','0.40','active','2024-08-31 15:27:07','2024-08-31 15:27:07');
INSERT INTO `pump_product_details` VALUES ('63','2','4','270','260','5717','0.40','active','2024-08-31 15:27:54','2024-08-31 15:27:54');
INSERT INTO `pump_product_details` VALUES ('64','1','4','259','250','7950','0.40','active','2024-08-31 15:28:45','2024-08-31 15:28:45');
INSERT INTO `pump_product_details` VALUES ('65','1','4','259','250','7950','0.40','active','2024-08-31 15:29:14','2024-08-31 15:29:14');
INSERT INTO `pump_product_details` VALUES ('66','1','4','265.60','256.836','3338','0.4','inactive','2024-09-07 15:31:18','2024-09-07 15:31:18');
INSERT INTO `pump_product_details` VALUES ('67','2','4','270.10','260.486','6262','0.40','inactive','2024-09-07 15:31:47','2024-09-07 15:31:47');
INSERT INTO `pump_product_details` VALUES ('68','2','5','270','260','00','0.40','active','2024-08-31 16:08:39','2024-08-31 16:08:39');
INSERT INTO `pump_product_details` VALUES ('69','2','5','270','260','00','0.40','active','2024-08-31 16:09:11','2024-08-31 16:09:11');
INSERT INTO `pump_product_details` VALUES ('70','2','5','270','260','00','0.40','active','2024-08-31 16:09:43','2024-08-31 16:09:43');
INSERT INTO `pump_product_details` VALUES ('71','2','5','270','260','00','0.40','active','2024-08-31 16:10:08','2024-08-31 16:10:08');
INSERT INTO `pump_product_details` VALUES ('72','1','5','259','250','00','0.40','active','2024-08-31 16:10:36','2024-08-31 16:10:36');
INSERT INTO `pump_product_details` VALUES ('73','1','5','259','250','00','0.40','active','2024-08-31 16:10:59','2024-08-31 16:10:59');
INSERT INTO `pump_product_details` VALUES ('74','1','5','259','250','00','0.40','active','2024-08-31 16:11:26','2024-08-31 16:11:26');
INSERT INTO `pump_product_details` VALUES ('75','1','5','259','250','00','0.40','active','2024-08-31 16:11:49','2024-08-31 16:11:49');
INSERT INTO `pump_product_details` VALUES ('76','1','5','265.60','256.836','5550','0.40','active','2024-09-17 16:14:48','2024-09-17 16:14:48');
INSERT INTO `pump_product_details` VALUES ('77','2','5','270.10','260.486','2010','0.40','active','2024-09-17 16:15:00','2024-09-17 16:15:00');
INSERT INTO `pump_product_details` VALUES ('78','2','6','270','260','00','0.40','active','2024-08-31 16:17:13','2024-08-31 16:17:13');
INSERT INTO `pump_product_details` VALUES ('79','2','6','270','260','00','0.40','active','2024-08-31 16:17:41','2024-08-31 16:17:41');
INSERT INTO `pump_product_details` VALUES ('80','2','6','270','260','00','0.40','active','2024-08-31 16:18:05','2024-08-31 16:18:05');
INSERT INTO `pump_product_details` VALUES ('81','2','6','270','260','00','0.40','active','2024-08-31 16:18:27','2024-08-31 16:18:27');
INSERT INTO `pump_product_details` VALUES ('82','1','6','259','250','00','0.40','active','2024-08-31 16:18:54','2024-08-31 16:18:54');
INSERT INTO `pump_product_details` VALUES ('83','1','6','259','250','00','0.40','active','2024-08-31 16:19:17','2024-08-31 16:19:17');
INSERT INTO `pump_product_details` VALUES ('84','1','6','259','250','00','0.40','active','2024-08-31 16:19:51','2024-08-31 16:19:51');
INSERT INTO `pump_product_details` VALUES ('85','1','6','259','250','00','0.40','active','2024-08-31 16:20:18','2024-08-31 16:20:18');
INSERT INTO `pump_product_details` VALUES ('86','1','6','259','250','00','0.40','active','2024-08-31 16:20:46','2024-08-31 16:20:46');
INSERT INTO `pump_product_details` VALUES ('87','1','6','259','250','00','0.40','active','2024-08-31 16:21:10','2024-08-31 16:21:10');
INSERT INTO `pump_product_details` VALUES ('92','1','3','265.60','256.836','2256','0.40','inactive','2024-09-16 09:00:00','2024-09-16 09:00:00');
INSERT INTO `pump_product_details` VALUES ('93','2','3','270.10','260.486','-354','0.40','inactive','2024-09-16 09:00:00','2024-09-16 09:00:00');
INSERT INTO `pump_product_details` VALUES ('94','1','1','255.60','246.853','5683','0.40','inactive','2024-09-16 09:00:00','2024-09-16 09:00:00');
INSERT INTO `pump_product_details` VALUES ('95','2','1','257.40','247.443','3373','0.40','inactive','2024-09-16 09:00:00','2024-09-16 09:00:00');
INSERT INTO `pump_product_details` VALUES ('96','1','2','255.60','246.853','208','0.40','inactive','2024-09-16 09:00:00','2024-09-16 09:00:00');
INSERT INTO `pump_product_details` VALUES ('97','2','2','257.40','247.443','0','0.40','inactive','2024-09-16 09:00:00','2024-09-16 09:00:00');
INSERT INTO `pump_product_details` VALUES ('100','1','3','255.60','246.853','3376','0.40','inactive','2024-09-16 09:00:00','2024-09-16 09:00:00');
INSERT INTO `pump_product_details` VALUES ('101','2','3','257.40','247.443','4011','0.40','inactive','2024-09-16 09:00:00','2024-09-16 09:00:00');
INSERT INTO `pump_product_details` VALUES ('102','2','4','257.40','247.443','5286','0.40','inactive','2024-09-16 09:00:00','2024-09-16 09:00:00');
INSERT INTO `pump_product_details` VALUES ('103','1','4','255.60','246.853','2508','0.40','inactive','2024-09-16 09:00:00','2024-09-16 09:00:00');
INSERT INTO `pump_product_details` VALUES ('104','1','1','253.50','244.783','5045','0.40','inactive','2024-10-01 09:00:00','2024-10-01 09:00:00');
INSERT INTO `pump_product_details` VALUES ('105','2','1','253.90','244.043','5379','0.40','inactive','2024-10-01 09:00:00','2024-10-01 09:00:00');
INSERT INTO `pump_product_details` VALUES ('106','1','2','253.50','244.783','1511','0.40','inactive','2024-10-01 09:00:00','2024-10-01 09:00:00');
INSERT INTO `pump_product_details` VALUES ('107','2','2','253.90','244.043','0','0.40','inactive','2024-10-01 09:00:00','2024-10-01 09:00:00');
INSERT INTO `pump_product_details` VALUES ('108','2','3','253.90','244.043','-3030','0.40','inactive','2024-10-01 09:00:00','2024-10-01 09:00:00');
INSERT INTO `pump_product_details` VALUES ('109','1','3','253.50','244.783','6492','0.40','inactive','2024-10-01 09:00:00','2024-10-01 09:00:00');
INSERT INTO `pump_product_details` VALUES ('110','2','4','253.90','244.043','9712','0.40','inactive','2024-10-01 09:00:00','2024-10-01 09:00:00');
INSERT INTO `pump_product_details` VALUES ('111','1','4','253.50','244.783','6057','0.40','inactive','2024-10-01 09:00:00','2024-10-01 09:00:00');
INSERT INTO `pump_product_details` VALUES ('112','1','7','259','250','0','0.4','inactive','2024-10-05 14:17:14','2024-10-05 14:17:14');
INSERT INTO `pump_product_details` VALUES ('113','2','7','270','260','1165','0.4','active','2024-10-05 14:17:14','2024-10-05 14:17:14');
INSERT INTO `pump_product_details` VALUES ('114','3','7','275','265','0','0.4','active','2024-10-05 14:17:14','2024-10-05 14:17:14');
INSERT INTO `pump_product_details` VALUES ('115','1','8','259','250','15337','0.4','active','2024-10-05 14:17:47','2024-10-05 14:17:47');
INSERT INTO `pump_product_details` VALUES ('116','2','8','270','260','-58','0.4','active','2024-10-05 14:17:47','2024-10-05 14:17:47');
INSERT INTO `pump_product_details` VALUES ('117','3','8','275','265','0','0.4','active','2024-10-05 14:17:47','2024-10-05 14:17:47');
INSERT INTO `pump_product_details` VALUES ('118','2','7','270','260','00','0.40','inactive','2024-09-30 14:18:50','2024-09-30 14:18:50');
INSERT INTO `pump_product_details` VALUES ('119','1','7','255.60','246.853','16791','0.40','active','2024-09-30 09:00:00','2024-09-30 09:00:00');
INSERT INTO `pump_product_details` VALUES ('120','2','7','257.40','247.443','00','0.40','inactive','2024-09-30 09:00:00','2024-09-30 09:00:00');
INSERT INTO `pump_product_details` VALUES ('121','2','7','257.40','247.443','1165','0.40','active','2024-09-30 09:00:00','2024-09-30 09:00:00');
INSERT INTO `pump_product_details` VALUES ('122','2','7','270','260','1165','0.40','active','2024-09-30 14:24:09','2024-09-30 14:24:09');
INSERT INTO `pump_product_details` VALUES ('123','2','7','270','260','1165','0.40','active','2024-09-30 14:24:23','2024-09-30 14:24:23');
INSERT INTO `pump_product_details` VALUES ('124','2','7','270','260','1165','0.40','active','2024-09-30 14:24:42','2024-09-30 14:24:42');
INSERT INTO `pump_product_details` VALUES ('125','2','7','270','260','00','0.40','inactive','2024-09-30 14:24:59','2024-09-30 14:24:59');
INSERT INTO `pump_product_details` VALUES ('126','1','7','259','250','16791','0.40','active','2024-09-30 14:25:16','2024-09-30 14:25:16');
INSERT INTO `pump_product_details` VALUES ('127','1','7','259','250','16791','0.40','active','2024-09-30 14:25:36','2024-09-30 14:25:36');
INSERT INTO `pump_product_details` VALUES ('128','1','7','259','250','16791','0.40','active','2024-09-30 14:26:31','2024-09-30 14:26:31');
INSERT INTO `pump_product_details` VALUES ('129','1','7','259','250','16791','0.40','active','2024-09-30 14:27:25','2024-09-30 14:27:25');
INSERT INTO `pump_product_details` VALUES ('130','2','7','257.40','247.443','1165','0.40','active','2024-09-30 09:00:00','2024-09-30 09:00:00');
INSERT INTO `pump_product_details` VALUES ('131','2','1','252.40','244.043','8400','0.40','inactive','2024-10-09 09:00:00','2024-10-09 09:00:00');
INSERT INTO `pump_product_details` VALUES ('132','1','1','252.90','244.783','7973','0.40','inactive','2024-10-09 09:00:00','2024-10-09 09:00:00');
INSERT INTO `pump_product_details` VALUES ('133','1','2','252.90','244.783','6714','0.40','inactive','2024-10-09 09:00:00','2024-10-09 09:00:00');
INSERT INTO `pump_product_details` VALUES ('134','2','2','252.40','244.043','224','0.40','inactive','2024-10-09 09:00:00','2024-10-09 09:00:00');
INSERT INTO `pump_product_details` VALUES ('135','2','3','252.40','244.043','2189','0.40','inactive','2024-10-09 09:00:00','2024-10-09 09:00:00');
INSERT INTO `pump_product_details` VALUES ('136','1','3','252.90','244.783','12152','0.40','inactive','2024-10-09 09:00:00','2024-10-09 09:00:00');
INSERT INTO `pump_product_details` VALUES ('137','2','4','252.40','244.043','6828','0.40','inactive','2024-10-09 09:00:00','2024-10-09 09:00:00');
INSERT INTO `pump_product_details` VALUES ('138','1','4','252.90','244.783','4225','0.40','inactive','2024-10-09 09:00:00','2024-10-09 09:00:00');
INSERT INTO `pump_product_details` VALUES ('139','2','1','257.40','249.443','6510','0.40','inactive','2024-10-16 09:00:00','2024-10-16 09:00:00');
INSERT INTO `pump_product_details` VALUES ('140','1','1','252.90','245.183','4539','0.40','inactive','2024-10-16 09:00:00','2024-10-16 09:00:00');
INSERT INTO `pump_product_details` VALUES ('141','1','2','252.90','245.183','4055','0.40','inactive','2024-10-16 09:00:00','2024-10-16 09:00:00');
INSERT INTO `pump_product_details` VALUES ('142','2','2','257.40','249.443','347','0.40','inactive','2024-10-16 09:00:00','2024-10-16 09:00:00');
INSERT INTO `pump_product_details` VALUES ('143','2','3','257.40','249.443','5716','0.40','inactive','2024-10-16 09:00:00','2024-10-16 09:00:00');
INSERT INTO `pump_product_details` VALUES ('144','1','3','252.90','245.183','11313','0.40','inactive','2024-10-16 09:00:00','2024-10-16 09:00:00');
INSERT INTO `pump_product_details` VALUES ('145','1','4','252.90','245.183','2782','0.40','inactive','2024-10-16 09:00:00','2024-10-16 09:00:00');
INSERT INTO `pump_product_details` VALUES ('146','2','4','257.40','249.443','7044','0.40','inactive','2024-10-16 09:00:00','2024-10-16 09:00:00');
INSERT INTO `pump_product_details` VALUES ('147','2','1','261.30','253.293','2681','0.40','inactive','2024-11-01 00:00:00','2024-11-01 00:00:00');
INSERT INTO `pump_product_details` VALUES ('148','1','1','254.30','246.533','8069','0.40','inactive','2024-11-01 00:00:00','2024-11-01 00:00:00');
INSERT INTO `pump_product_details` VALUES ('149','2','3','261.30','253.293','12691','0.40','inactive','2024-11-01 00:00:00','2024-11-01 00:00:00');
INSERT INTO `pump_product_details` VALUES ('150','1','3','254.30','246.533','8605','0.40','inactive','2024-11-01 00:00:00','2024-11-01 00:00:00');
INSERT INTO `pump_product_details` VALUES ('151','1','2','254.30','246.533','2672','0.40','inactive','2024-11-01 00:00:00','2024-11-01 00:00:00');
INSERT INTO `pump_product_details` VALUES ('152','2','2','261.30','253.293','-1553','0.40','inactive','2024-11-01 00:00:00','2024-11-01 00:00:00');
INSERT INTO `pump_product_details` VALUES ('153','1','4','254.30','246.533','5406','0.40','inactive','2024-10-31 00:00:00','2024-10-31 00:00:00');
INSERT INTO `pump_product_details` VALUES ('154','2','4','261.30','253.293','6267','0.40','inactive','2024-10-31 00:00:00','2024-10-31 00:00:00');
INSERT INTO `pump_product_details` VALUES ('155','2','7','270','260','-10180','0.40','inactive','2024-10-31 06:50:52','2024-10-31 06:50:52');
INSERT INTO `pump_product_details` VALUES ('156','2','7','270','260','-10180','0.40','inactive','2024-10-31 06:51:10','2024-10-31 06:51:10');
INSERT INTO `pump_product_details` VALUES ('157','2','7','270','260','-10180','0.40','inactive','2024-10-31 06:51:40','2024-10-31 06:51:40');
INSERT INTO `pump_product_details` VALUES ('158','2','7','270','260','5090','0.40','inactive','2024-10-31 06:52:14','2024-10-31 06:52:14');
INSERT INTO `pump_product_details` VALUES ('159','1','7','259','250','-36764','0.40','inactive','2024-10-31 06:52:45','2024-10-31 06:52:45');
INSERT INTO `pump_product_details` VALUES ('160','1','7','259','250','-36764','0.40','inactive','2024-10-31 06:53:13','2024-10-31 06:53:13');
INSERT INTO `pump_product_details` VALUES ('161','1','7','259','250','-36764','0.40','inactive','2024-10-31 06:55:04','2024-10-31 06:55:04');
INSERT INTO `pump_product_details` VALUES ('162','1','7','252.90','245.183','9191','0.40','inactive','2024-10-31 00:00:00','2024-10-31 00:00:00');
INSERT INTO `pump_product_details` VALUES ('163','2','8','270','260','-58','0.40','active','2024-10-31 07:47:42','2024-10-31 07:47:42');
INSERT INTO `pump_product_details` VALUES ('164','2','8','270','260','-58','0.40','active','2024-10-31 07:48:05','2024-10-31 07:48:05');
INSERT INTO `pump_product_details` VALUES ('165','2','8','270','260','-58','0.40','active','2024-10-31 07:48:21','2024-10-31 07:48:21');
INSERT INTO `pump_product_details` VALUES ('166','2','8','270','260','3200','0.40','inactive','2024-10-31 07:48:39','2024-10-31 07:48:39');
INSERT INTO `pump_product_details` VALUES ('167','1','8','259','250','15337','0.40','active','2024-10-31 07:49:02','2024-10-31 07:49:02');
INSERT INTO `pump_product_details` VALUES ('168','1','8','259','250','15337','0.40','active','2024-10-31 07:49:25','2024-10-31 07:49:25');
INSERT INTO `pump_product_details` VALUES ('169','1','8','259','250','15337','0.40','active','2024-10-31 07:49:47','2024-10-31 07:49:47');
INSERT INTO `pump_product_details` VALUES ('170','1','8','259','250','15337','0.40','active','2024-10-31 07:50:04','2024-10-31 07:50:04');
INSERT INTO `pump_product_details` VALUES ('171','1','8','259','250','15337','0.40','active','2024-10-31 07:50:31','2024-10-31 07:50:31');
INSERT INTO `pump_product_details` VALUES ('172','1','8','259','250','12854','0.40','inactive','2024-10-31 07:50:48','2024-10-31 07:50:48');
INSERT INTO `pump_product_details` VALUES ('173','1','8','254.30','246.533','12854','0.40','inactive','2024-10-31 00:00:00','2024-10-31 00:00:00');
INSERT INTO `pump_product_details` VALUES ('174','2','8','261.30','253.293','3200','0.40','inactive','2024-10-31 00:00:00','2024-10-31 00:00:00');
INSERT INTO `pump_product_details` VALUES ('175','2','7','261.30','253.293','3900','0.40','inactive','2024-10-31 00:00:00','2024-10-31 00:00:00');
INSERT INTO `pump_product_details` VALUES ('176','1','7','254.30','246.533','8697','0.40','inactive','2024-10-31 00:00:00','2024-10-31 00:00:00');
INSERT INTO `pump_product_details` VALUES ('177','1','8','254.30','246.533','12854','0.40','inactive','2024-10-31 00:00:00','2024-10-31 00:00:00');
INSERT INTO `pump_product_details` VALUES ('178','2','8','261.30','253.293','3200','0.40','inactive','2024-10-31 00:00:00','2024-10-31 00:00:00');
INSERT INTO `pump_product_details` VALUES ('179','1','8','254.30','246.533','12854','0.40','inactive','2024-10-31 00:00:00','2024-10-31 00:00:00');
INSERT INTO `pump_product_details` VALUES ('180','1','8','254.30','246.533','12854','0.40','inactive','2024-10-31 00:00:00','2024-10-31 00:00:00');
INSERT INTO `pump_product_details` VALUES ('181','1','8','254.30','246.533','12009','0.40','inactive','2024-11-01 00:00:00','2024-11-01 00:00:00');
INSERT INTO `pump_product_details` VALUES ('182','2','8','261.30','253.293','1612','0.40','inactive','2024-11-01 00:00:00','2024-11-01 00:00:00');
INSERT INTO `pump_product_details` VALUES ('183','1','1','258.00','250.259','9036','0.40','inactive','2024-11-30 00:00:00','2024-11-30 00:00:00');
INSERT INTO `pump_product_details` VALUES ('184','2','1','264.60','256.589','5647','0.40','inactive','2024-11-30 00:00:00','2024-11-30 00:00:00');
INSERT INTO `pump_product_details` VALUES ('185','1','2','258.00','250.259','2904','0.40','inactive','2024-11-30 00:00:00','2024-11-30 00:00:00');
INSERT INTO `pump_product_details` VALUES ('186','2','2','264.60','256.589','5456','0.40','inactive','2024-11-30 00:00:00','2024-11-30 00:00:00');
INSERT INTO `pump_product_details` VALUES ('187','2','3','264.60','256.589','17652','0.40','inactive','2024-11-30 00:00:00','2024-11-30 00:00:00');
INSERT INTO `pump_product_details` VALUES ('188','1','3','258.00','250.259','5407','0.40','inactive','2024-11-30 00:00:00','2024-11-30 00:00:00');
INSERT INTO `pump_product_details` VALUES ('189','1','4','258.00','250.259','3688','0.40','inactive','2024-11-30 00:00:00','2024-11-30 00:00:00');
INSERT INTO `pump_product_details` VALUES ('190','2','4','264.60','256.589','7927','0.40','inactive','2024-11-30 00:00:00','2024-11-30 00:00:00');
INSERT INTO `pump_product_details` VALUES ('191','2','7','264.60','256.589','4694','0.40','inactive','2024-11-30 00:00:00','2024-11-30 00:00:00');
INSERT INTO `pump_product_details` VALUES ('192','1','7','258.00','250.259','6541','0.40','inactive','2024-11-30 00:00:00','2024-11-30 00:00:00');
INSERT INTO `pump_product_details` VALUES ('193','1','8','258.00','250.259','12865','0.40','inactive','2024-11-30 00:00:00','2024-11-30 00:00:00');
INSERT INTO `pump_product_details` VALUES ('194','2','8','264.60','256.589','2393','0.40','inactive','2024-11-30 00:00:00','2024-11-30 00:00:00');
INSERT INTO `pump_product_details` VALUES ('195','2','1','261.60','253.5424','8745','0.40','inactive','2024-12-15 00:00:00','2024-12-15 00:00:00');
INSERT INTO `pump_product_details` VALUES ('196','2','2','261.60','253.5424','4926','0.40','inactive','2024-12-15 00:00:00','2024-12-15 00:00:00');
INSERT INTO `pump_product_details` VALUES ('197','2','3','261.60','253.5424','42969','0.40','inactive','2024-12-15 00:00:00','2024-12-15 00:00:00');
INSERT INTO `pump_product_details` VALUES ('198','2','4','261.60','253.5424','9071','0.40','inactive','2024-12-15 00:00:00','2024-12-15 00:00:00');
INSERT INTO `pump_product_details` VALUES ('199','2','7','261.60','253.5424','6461','0.40','inactive','2024-12-15 00:00:00','2024-12-15 00:00:00');
INSERT INTO `pump_product_details` VALUES ('200','2','8','261.60','253.5424','4834','0.40','inactive','2024-12-15 00:00:00','2024-12-15 00:00:00');
INSERT INTO `pump_product_details` VALUES ('201','1','1','258.60','250.819','7373','0.40','inactive','2024-12-31 00:00:00','2024-12-31 00:00:00');
INSERT INTO `pump_product_details` VALUES ('202','2','1','264.60','256.5024','9049','0.40','inactive','2024-12-31 00:00:00','2024-12-31 00:00:00');
INSERT INTO `pump_product_details` VALUES ('203','2','2','264.60','256.5024','8513','0.40','inactive','2024-12-31 00:00:00','2024-12-31 00:00:00');
INSERT INTO `pump_product_details` VALUES ('204','1','2','258.60','250.819','6203','0.40','inactive','2024-12-31 00:00:00','2024-12-31 00:00:00');
INSERT INTO `pump_product_details` VALUES ('205','2','3','264.60','256.5024','35246','0.40','inactive','2024-12-31 00:00:00','2024-12-31 00:00:00');
INSERT INTO `pump_product_details` VALUES ('206','1','3','258.60','250.819','6027','0.40','inactive','2024-12-31 00:00:00','2024-12-31 00:00:00');
INSERT INTO `pump_product_details` VALUES ('207','2','4','264.60','256.5024','8261','0.40','inactive','2024-12-31 00:00:00','2024-12-31 00:00:00');
INSERT INTO `pump_product_details` VALUES ('208','1','4','258.60','250.819','7950','0.40','active','2024-12-31 00:00:00','2024-12-31 00:00:00');
INSERT INTO `pump_product_details` VALUES ('209','2','7','264.60','256.5024','8466','0.40','inactive','2024-12-31 00:00:00','2024-12-31 00:00:00');
INSERT INTO `pump_product_details` VALUES ('210','1','7','258.60','250.819','14281','0.40','inactive','2024-12-31 00:00:00','2024-12-31 00:00:00');
INSERT INTO `pump_product_details` VALUES ('211','2','8','264.60','256.5024','5638','0.40','inactive','2024-12-31 00:00:00','2024-12-31 00:00:00');
INSERT INTO `pump_product_details` VALUES ('212','1','8','258.60','250.819','15448','0.40','inactive','2024-12-31 00:00:00','2024-12-31 00:00:00');
INSERT INTO `pump_product_details` VALUES ('213','1','4','258.60','250.819','4075','0.40','inactive','2025-01-06 08:46:52','2025-01-06 08:46:52');
INSERT INTO `pump_product_details` VALUES ('214','1','1','262.10','253.522','8996','0.40','inactive','2025-01-15 00:00:00','2025-01-15 00:00:00');
INSERT INTO `pump_product_details` VALUES ('215','2','1','267.20','258.342','12597','0.40','inactive','2025-01-15 00:00:00','2025-01-15 00:00:00');
INSERT INTO `pump_product_details` VALUES ('216','2','3','267.20','258.342','38839','0.40','inactive','2025-01-15 00:00:00','2025-01-15 00:00:00');
INSERT INTO `pump_product_details` VALUES ('217','1','3','262.10','253.522','4547','0.40','inactive','2025-01-15 00:00:00','2025-01-15 00:00:00');
INSERT INTO `pump_product_details` VALUES ('218','1','4','262.10','253.522','4415','0.40','inactive','2025-01-15 00:00:00','2025-01-15 00:00:00');
INSERT INTO `pump_product_details` VALUES ('219','2','4','267.20','258.342','9658','0.40','inactive','2025-01-15 00:00:00','2025-01-15 00:00:00');
INSERT INTO `pump_product_details` VALUES ('220','2','8','267.20','258.342','6450','0.40','inactive','2025-01-15 00:00:00','2025-01-15 00:00:00');
INSERT INTO `pump_product_details` VALUES ('221','1','8','262.10','253.522','17345','0.40','inactive','2025-01-15 00:00:00','2025-01-15 00:00:00');
INSERT INTO `pump_product_details` VALUES ('222','2','7','267.20','258.442','6470','0.40','inactive','2025-01-15 00:00:00','2025-01-15 00:00:00');
INSERT INTO `pump_product_details` VALUES ('223','1','7','262.10','253.622','14941','0.40','inactive','2025-01-15 00:00:00','2025-01-15 00:00:00');
INSERT INTO `pump_product_details` VALUES ('224','2','2','267.20','258.242','9175','0.40','inactive','2025-01-15 00:00:00','2025-01-15 00:00:00');
INSERT INTO `pump_product_details` VALUES ('225','1','2','262.10','253.422','4097','0.40','inactive','2025-01-15 00:00:00','2025-01-15 00:00:00');
INSERT INTO `pump_product_details` VALUES ('226','1','1','263.20','254.532','7349','0.40','inactive','2025-01-31 00:00:00','2025-01-31 00:00:00');
INSERT INTO `pump_product_details` VALUES ('227','2','1','274.20','265.372','12786','0.40','inactive','2025-01-31 00:00:00','2025-01-31 00:00:00');
INSERT INTO `pump_product_details` VALUES ('228','2','3','274.20','265.372','6887','0.40','inactive','2025-01-31 00:00:00','2025-01-31 00:00:00');
INSERT INTO `pump_product_details` VALUES ('229','1','3','263.20','254.532','2214','0.40','inactive','2025-01-31 00:00:00','2025-01-31 00:00:00');
INSERT INTO `pump_product_details` VALUES ('230','1','4','263.20','254.532','4894','0.40','inactive','2025-01-31 00:00:00','2025-01-31 00:00:00');
INSERT INTO `pump_product_details` VALUES ('231','2','4','274.20','265.372','8791','0.40','inactive','2025-01-31 00:00:00','2025-01-31 00:00:00');
INSERT INTO `pump_product_details` VALUES ('234','2','8','274.20','265.372','5426','0.40','inactive','2025-01-31 00:00:00','2025-01-31 00:00:00');
INSERT INTO `pump_product_details` VALUES ('235','1','8','263.20','254.532','11059','0.40','inactive','2025-01-31 00:00:00','2025-01-31 00:00:00');
INSERT INTO `pump_product_details` VALUES ('236','2','2','274.20','265.272','3517','0.40','inactive','2025-01-31 00:00:00','2025-01-31 00:00:00');
INSERT INTO `pump_product_details` VALUES ('237','1','2','263.20','254.432','1802','0.40','inactive','2025-01-31 00:00:00','2025-01-31 00:00:00');
INSERT INTO `pump_product_details` VALUES ('238','2','7','274.20','265.472','4430','0.40','inactive','2025-01-31 00:00:00','2025-01-31 00:00:00');
INSERT INTO `pump_product_details` VALUES ('239','1','7','263.20','254.632','5593','0.40','inactive','2025-01-31 00:00:00','2025-01-31 00:00:00');
INSERT INTO `pump_product_details` VALUES ('240','2','1','270.20','261.372','6215','0.40','inactive','2025-02-15 00:00:00','2025-02-15 00:00:00');
INSERT INTO `pump_product_details` VALUES ('241','1','1','262.20','253.532','9954','0.40','inactive','2025-02-15 00:00:00','2025-02-15 00:00:00');
INSERT INTO `pump_product_details` VALUES ('242','2','3','270.20','261.372','12634','0.40','inactive','2025-02-15 00:00:00','2025-02-15 00:00:00');
INSERT INTO `pump_product_details` VALUES ('243','1','3','262.20','253.532','5700','0.40','inactive','2025-02-15 00:00:00','2025-02-15 00:00:00');
INSERT INTO `pump_product_details` VALUES ('244','1','4','262.20','253.532','1771','0.40','inactive','2025-02-15 00:00:00','2025-02-15 00:00:00');
INSERT INTO `pump_product_details` VALUES ('245','2','4','270.20','261.372','7273','0.40','inactive','2025-02-15 00:00:00','2025-02-15 00:00:00');
INSERT INTO `pump_product_details` VALUES ('246','2','8','270.20','261.372','2416','0.40','inactive','2025-02-15 00:00:00','2025-02-15 00:00:00');
INSERT INTO `pump_product_details` VALUES ('247','1','8','262.20','253.532','15268','0.40','inactive','2025-02-15 00:00:00','2025-02-15 00:00:00');
INSERT INTO `pump_product_details` VALUES ('248','2','7','270.20','261.472','2837','0.40','inactive','2025-02-15 00:00:00','2025-02-15 00:00:00');
INSERT INTO `pump_product_details` VALUES ('249','1','7','262.20','253.632','9711','0.40','inactive','2025-02-15 00:00:00','2025-02-15 00:00:00');
INSERT INTO `pump_product_details` VALUES ('250','2','2','270.20','261.272','9842','0.40','inactive','2025-02-15 00:00:00','2025-02-15 00:00:00');
INSERT INTO `pump_product_details` VALUES ('251','1','2','262.20','253.432','2460','0.40','inactive','2025-02-15 00:00:00','2025-02-15 00:00:00');
INSERT INTO `pump_product_details` VALUES ('252','2','1','264.90','256.04','1947','0.40','inactive','2025-02-28 00:00:00','2025-02-28 00:00:00');
INSERT INTO `pump_product_details` VALUES ('253','1','1','261.70','253.028','14571','0.40','inactive','2025-02-28 00:00:00','2025-02-28 00:00:00');
INSERT INTO `pump_product_details` VALUES ('254','2','3','264.90','256.04','19993','0.40','inactive','2025-02-28 00:00:00','2025-02-28 00:00:00');
INSERT INTO `pump_product_details` VALUES ('255','1','3','261.70','253.028','3293','0.40','inactive','2025-02-28 00:00:00','2025-02-28 00:00:00');
INSERT INTO `pump_product_details` VALUES ('256','1','4','261.70','253.028','4100','0.40','inactive','2025-02-28 00:00:00','2025-02-28 00:00:00');
INSERT INTO `pump_product_details` VALUES ('257','2','4','264.90','256.04','5717','0.40','active','2025-02-28 00:00:00','2025-02-28 00:00:00');
INSERT INTO `pump_product_details` VALUES ('258','2','8','264.90','256.04','1116','0.40','inactive','2025-02-28 00:00:00','2025-02-28 00:00:00');
INSERT INTO `pump_product_details` VALUES ('259','1','8','261.70','253.028','16432','0.40','inactive','2025-02-28 00:00:00','2025-02-28 00:00:00');
INSERT INTO `pump_product_details` VALUES ('260','2','2','264.90','255.94','1675','0.40','inactive','2025-02-28 00:00:00','2025-02-28 00:00:00');
INSERT INTO `pump_product_details` VALUES ('261','1','2','261.70','252.928','1865','0.40','inactive','2025-02-28 00:00:00','2025-02-28 00:00:00');
INSERT INTO `pump_product_details` VALUES ('262','2','7','264.90','256.14','762','0.40','inactive','2025-02-28 00:00:00','2025-02-28 00:00:00');
INSERT INTO `pump_product_details` VALUES ('263','1','7','261.70','253.128','19801','0.40','inactive','2025-02-28 00:00:00','2025-02-28 00:00:00');
INSERT INTO `pump_product_details` VALUES ('264','1','1','260.70','252.0886','3857','0.40','inactive','2025-03-28 00:00:00','2025-03-28 00:00:00');
INSERT INTO `pump_product_details` VALUES ('265','1','3','260.70','252.0886','3293','0.40','inactive','2025-03-28 00:00:00','2025-03-28 00:00:00');
INSERT INTO `pump_product_details` VALUES ('266','1','4','260.70','252.0886','3754','0.40','inactive','2025-03-28 00:00:00','2025-03-28 00:00:00');
INSERT INTO `pump_product_details` VALUES ('267','1','8','260.70','252.0886','13820','0.40','inactive','2025-03-28 00:00:00','2025-03-28 00:00:00');
INSERT INTO `pump_product_details` VALUES ('268','1','3','260.70','252.0886','6833','0.40','inactive','2025-03-28 00:00:00','2025-03-28 00:00:00');
INSERT INTO `pump_product_details` VALUES ('269','1','2','260.70','251.9886','1926','0.40','inactive','2025-03-28 00:00:00','2025-03-28 00:00:00');
INSERT INTO `pump_product_details` VALUES ('270','1','7','260.70','252.1886','7824','0.40','inactive','2025-03-28 00:00:00','2025-03-28 00:00:00');
INSERT INTO `pump_product_details` VALUES ('271','2','4','264.90','256.04','5717','0.40','active','2025-04-16 08:07:51','2025-04-16 08:07:51');
INSERT INTO `pump_product_details` VALUES ('272','2','4','264.90','256.04','7136','0.40','inactive','2025-04-16 08:08:15','2025-04-16 08:08:15');
INSERT INTO `pump_product_details` VALUES ('273','1','1','258.70','250.0224','6554','0.40','inactive','2025-04-30 00:00:00','2025-04-30 00:00:00');
INSERT INTO `pump_product_details` VALUES ('274','2','1','262.90','254.04','469','0.40','inactive','2025-04-30 00:00:00','2025-04-30 00:00:00');
INSERT INTO `pump_product_details` VALUES ('275','1','3','258.70','250.0224','8115','0.40','inactive','2025-04-30 00:00:00','2025-04-30 00:00:00');
INSERT INTO `pump_product_details` VALUES ('276','2','3','262.90','254.04','2546','0.40','inactive','2025-04-30 00:00:00','2025-04-30 00:00:00');
INSERT INTO `pump_product_details` VALUES ('277','2','4','262.90','254.04','6379','0.40','inactive','2025-04-30 00:00:00','2025-04-30 00:00:00');
INSERT INTO `pump_product_details` VALUES ('278','1','4','258.70','250.0224','2749','0.40','inactive','2025-04-30 00:00:00','2025-04-30 00:00:00');
INSERT INTO `pump_product_details` VALUES ('279','1','8','258.70','250.0224','14160','0.40','inactive','2025-04-30 00:00:00','2025-04-30 00:00:00');
INSERT INTO `pump_product_details` VALUES ('280','2','8','262.90','254.04','3307','0.40','inactive','2025-04-30 00:00:00','2025-04-30 00:00:00');
INSERT INTO `pump_product_details` VALUES ('281','1','2','258.70','249.9224','4702','0.40','inactive','2025-04-30 00:00:00','2025-04-30 00:00:00');
INSERT INTO `pump_product_details` VALUES ('282','2','2','262.90','253.94','7472','0.40','inactive','2025-04-30 00:00:00','2025-04-30 00:00:00');
INSERT INTO `pump_product_details` VALUES ('283','1','7','258.70','250.1224','10651','0.40','inactive','2025-04-30 00:00:00','2025-04-30 00:00:00');
INSERT INTO `pump_product_details` VALUES ('284','2','7','262.90','254.14','7611','0.40','inactive','2025-04-30 00:00:00','2025-04-30 00:00:00');
INSERT INTO `pump_product_details` VALUES ('285','2','1','260.90','252.04','5650','0.40','inactive','2025-05-15 00:00:00','2025-05-15 00:00:00');
INSERT INTO `pump_product_details` VALUES ('286','2','3','260.90','252.04','25451','0.40','inactive','2025-05-15 00:00:00','2025-05-15 00:00:00');
INSERT INTO `pump_product_details` VALUES ('287','2','4','260.90','252.04','8401','0.40','inactive','2025-05-15 00:00:00','2025-05-15 00:00:00');
INSERT INTO `pump_product_details` VALUES ('288','2','8','260.90','252.04','2278','0.40','inactive','2025-05-15 00:00:00','2025-05-15 00:00:00');
INSERT INTO `pump_product_details` VALUES ('289','2','7','260.90','252.14','2246','0.40','inactive','2025-05-15 00:00:00','2025-05-15 00:00:00');
INSERT INTO `pump_product_details` VALUES ('290','2','2','260.90','251.94','5501','0.40','inactive','2025-05-15 00:00:00','2025-05-15 00:00:00');
INSERT INTO `pump_product_details` VALUES ('291','1','1','259.70','251.0846','6533','0.40','inactive','2025-05-31 00:00:00','2025-05-31 00:00:00');
INSERT INTO `pump_product_details` VALUES ('292','2','1','260.90','252.0946','4228','0.40','inactive','2025-05-31 00:00:00','2025-05-31 00:00:00');
INSERT INTO `pump_product_details` VALUES ('293','2','4','260.90','252.0946','8443','0.40','inactive','2025-05-31 00:00:00','2025-05-31 00:00:00');
INSERT INTO `pump_product_details` VALUES ('294','1','4','259.70','251.0846','4068','0.40','inactive','2025-05-31 00:00:00','2025-05-31 00:00:00');
INSERT INTO `pump_product_details` VALUES ('295','2','8','260.90','252.0946','1222','0.40','inactive','2025-05-31 00:00:00','2025-05-31 00:00:00');
INSERT INTO `pump_product_details` VALUES ('296','1','8','259.70','251.0846','15629','0.40','inactive','2025-05-31 00:00:00','2025-05-31 00:00:00');
INSERT INTO `pump_product_details` VALUES ('297','2','2','260.90','251.9946','5251','0.40','inactive','2025-05-31 00:00:00','2025-05-31 00:00:00');
INSERT INTO `pump_product_details` VALUES ('298','1','2','259.70','250.9846','5378','0.40','inactive','2025-05-31 00:00:00','2025-05-31 00:00:00');
INSERT INTO `pump_product_details` VALUES ('299','2','7','260.90','252.1946','882','0.40','inactive','2025-05-31 00:00:00','2025-05-31 00:00:00');
INSERT INTO `pump_product_details` VALUES ('300','1','7','259.70','251.1846','12109','0.40','inactive','2025-05-31 00:00:00','2025-05-31 00:00:00');
INSERT INTO `pump_product_details` VALUES ('301','2','3','260.90','252.0946','11208','0.40','inactive','2025-05-31 00:00:00','2025-05-31 00:00:00');
INSERT INTO `pump_product_details` VALUES ('302','1','3','259.70','251.0846','12496','0.40','inactive','2025-05-31 00:00:00','2025-05-31 00:00:00');
INSERT INTO `pump_product_details` VALUES ('303','1','1','264.50','255.88','4644','0.40','inactive','2025-06-15 00:00:00','2025-06-15 00:00:00');
INSERT INTO `pump_product_details` VALUES ('304','2','1','268.90','260.044','3999','0.40','inactive','2025-06-15 00:00:00','2025-06-15 00:00:00');
INSERT INTO `pump_product_details` VALUES ('305','2','3','268.90','260.044','13876','0.40','inactive','2025-06-15 00:00:00','2025-06-15 00:00:00');
INSERT INTO `pump_product_details` VALUES ('306','1','3','264.50','255.88','13933','0.40','inactive','2025-06-15 00:00:00','2025-06-15 00:00:00');
INSERT INTO `pump_product_details` VALUES ('307','2','4','268.90','260.044','8448','0.40','inactive','2025-06-15 00:00:00','2025-06-15 00:00:00');
INSERT INTO `pump_product_details` VALUES ('308','1','4','264.50','255.88','7104','0.40','inactive','2025-06-15 00:00:00','2025-06-15 00:00:00');
INSERT INTO `pump_product_details` VALUES ('309','2','8','268.90','260.044','4908','0.40','inactive','2025-06-15 00:00:00','2025-06-15 00:00:00');
INSERT INTO `pump_product_details` VALUES ('310','1','8','264.50','255.88','20488','0.40','inactive','2025-06-15 00:00:00','2025-06-15 00:00:00');
INSERT INTO `pump_product_details` VALUES ('311','2','7','268.90','260.144','4619','0.40','inactive','2025-06-15 00:00:00','2025-06-15 00:00:00');
INSERT INTO `pump_product_details` VALUES ('312','1','7','264.50','255.98','11246','0.40','inactive','2025-06-15 00:00:00','2025-06-15 00:00:00');
INSERT INTO `pump_product_details` VALUES ('313','2','2','268.90','259.944','7843','0.40','inactive','2025-06-15 00:00:00','2025-06-15 00:00:00');
INSERT INTO `pump_product_details` VALUES ('314','1','2','264.50','255.78','7691','0.40','inactive','2025-06-15 00:00:00','2025-06-15 00:00:00');
INSERT INTO `pump_product_details` VALUES ('315','1','1','272.50','264.2666','12017','0.40','inactive','2025-06-30 00:00:00','2025-06-30 00:00:00');
INSERT INTO `pump_product_details` VALUES ('316','2','1','278.90','270.4566','6416','0.40','inactive','2025-06-30 00:00:00','2025-06-30 00:00:00');
INSERT INTO `pump_product_details` VALUES ('317','2','3','278.90','270.4566','6334','0.40','inactive','2025-06-30 00:00:00','2025-06-30 00:00:00');
INSERT INTO `pump_product_details` VALUES ('318','1','3','272.50','264.2666','10371','0.40','inactive','2025-06-30 00:00:00','2025-06-30 00:00:00');
INSERT INTO `pump_product_details` VALUES ('319','2','4','278.90','270.4566','9156','0.40','inactive','2025-06-30 00:00:00','2025-06-30 00:00:00');
INSERT INTO `pump_product_details` VALUES ('320','1','4','272.50','264.2666','7808','0.40','inactive','2025-06-30 00:00:00','2025-06-30 00:00:00');
INSERT INTO `pump_product_details` VALUES ('321','2','8','278.90','270.4566','3765','0.40','inactive','2025-06-30 00:00:00','2025-06-30 00:00:00');
INSERT INTO `pump_product_details` VALUES ('322','1','8','272.50','264.2666','13615','0.40','inactive','2025-06-30 00:00:00','2025-06-30 00:00:00');
INSERT INTO `pump_product_details` VALUES ('323','1','7','272.50','264.3666','16092','0.40','inactive','2025-06-30 00:00:00','2025-06-30 00:00:00');
INSERT INTO `pump_product_details` VALUES ('324','2','7','278.90','270.5566','4127','0.40','inactive','2025-06-30 00:00:00','2025-06-30 00:00:00');
INSERT INTO `pump_product_details` VALUES ('325','2','2','278.90','270.3566','4145','0.40','inactive','2025-06-30 00:00:00','2025-06-30 00:00:00');
INSERT INTO `pump_product_details` VALUES ('326','1','2','272.50','264.1666','9952','0.40','inactive','2025-06-30 00:00:00','2025-06-30 00:00:00');
INSERT INTO `pump_product_details` VALUES ('327','2','1','290.40','281.8366','5073','0.40','inactive','2025-07-15 00:00:00','2025-07-15 00:00:00');
INSERT INTO `pump_product_details` VALUES ('328','1','1','277.90','269.6366','7249','0.40','inactive','2025-07-15 00:00:00','2025-07-15 00:00:00');
INSERT INTO `pump_product_details` VALUES ('329','2','3','290.40','281.8366','19287','0.40','inactive','2025-07-15 00:00:00','2025-07-15 00:00:00');
INSERT INTO `pump_product_details` VALUES ('330','1','3','277.90','269.6366','7493','0.40','inactive','2025-07-15 00:00:00','2025-07-15 00:00:00');
INSERT INTO `pump_product_details` VALUES ('331','2','4','290.40','281.8366','5442','0.40','inactive','2025-07-15 00:00:00','2025-07-15 00:00:00');
INSERT INTO `pump_product_details` VALUES ('332','1','4','277.90','269.6366','4115','0.40','inactive','2025-07-15 00:00:00','2025-07-15 00:00:00');
INSERT INTO `pump_product_details` VALUES ('333','2','8','290.40','281.8366','2683','0.40','inactive','2025-07-15 00:00:00','2025-07-15 00:00:00');
INSERT INTO `pump_product_details` VALUES ('334','1','8','277.90','269.6366','14820','0.40','inactive','2025-07-15 00:00:00','2025-07-15 00:00:00');
INSERT INTO `pump_product_details` VALUES ('335','2','2','290.40','281.7366','3132','0.40','inactive','2025-07-15 00:00:00','2025-07-15 00:00:00');
INSERT INTO `pump_product_details` VALUES ('336','1','2','277.90','269.5366','6779','0.40','inactive','2025-07-15 00:00:00','2025-07-15 00:00:00');
INSERT INTO `pump_product_details` VALUES ('337','1','7','277.90','269.7366','11194','0.40','inactive','2025-07-15 00:00:00','2025-07-15 00:00:00');
INSERT INTO `pump_product_details` VALUES ('338','2','7','290.40','281.9366','3014','0.40','inactive','2025-07-15 00:00:00','2025-07-15 00:00:00');
INSERT INTO `pump_product_details` VALUES ('339','2','1','292.20','283.3276','4641','0.40','inactive','2025-07-31 00:00:00','2025-07-31 00:00:00');
INSERT INTO `pump_product_details` VALUES ('340','1','1','270.60','262.1076','12133','0.40','inactive','2025-07-31 00:00:00','2025-07-31 00:00:00');
INSERT INTO `pump_product_details` VALUES ('341','2','3','292.20','283.3276','-2861','0.40','inactive','2025-07-31 00:00:00','2025-07-31 00:00:00');
INSERT INTO `pump_product_details` VALUES ('342','1','3','270.60','262.1076','10806','0.40','inactive','2025-07-31 00:00:00','2025-07-31 00:00:00');
INSERT INTO `pump_product_details` VALUES ('343','1','4','270.60','262.1076','10693','0.40','inactive','2025-07-31 00:00:00','2025-07-31 00:00:00');
INSERT INTO `pump_product_details` VALUES ('344','2','4','292.20','283.3276','6906','0.40','inactive','2025-07-31 00:00:00','2025-07-31 00:00:00');
INSERT INTO `pump_product_details` VALUES ('345','2','8','292.20','283.3276','-40','0.40','inactive','2025-07-31 00:00:00','2025-07-31 00:00:00');
INSERT INTO `pump_product_details` VALUES ('346','1','8','270.60','262.1076','13372','0.40','inactive','2025-07-31 00:00:00','2025-07-31 00:00:00');
INSERT INTO `pump_product_details` VALUES ('347','1','7','270.60','262.2076','14199','0.40','inactive','2025-07-31 00:00:00','2025-07-31 00:00:00');
INSERT INTO `pump_product_details` VALUES ('348','2','7','292.20','283.4276','5575','0.40','inactive','2025-07-31 00:00:00','2025-07-31 00:00:00');
INSERT INTO `pump_product_details` VALUES ('349','2','2','292.20','283.2276','-867','0.40','inactive','2025-07-31 00:00:00','2025-07-31 00:00:00');
INSERT INTO `pump_product_details` VALUES ('350','1','2','270.60','262.0076','8891','0.40','inactive','2025-07-31 00:00:00','2025-07-31 00:00:00');
INSERT INTO `pump_product_details` VALUES ('351','2','1','279.40','270.489','2530','0.40','inactive','2025-08-15 00:00:00','2025-08-15 00:00:00');
INSERT INTO `pump_product_details` VALUES ('352','2','3','279.40','270.489','14164','0.40','inactive','2025-08-15 00:00:00','2025-08-15 00:00:00');
INSERT INTO `pump_product_details` VALUES ('353','2','4','279.40','270.489','10437','0.40','inactive','2025-08-15 00:00:00','2025-08-15 00:00:00');
INSERT INTO `pump_product_details` VALUES ('354','2','8','279.40','270.489','443','0.40','inactive','2025-08-15 00:00:00','2025-08-15 00:00:00');
INSERT INTO `pump_product_details` VALUES ('355','2','7','279.40','270.589','4833','0.40','inactive','2025-08-15 00:00:00','2025-08-15 00:00:00');
INSERT INTO `pump_product_details` VALUES ('356','2','2','279.40','270.389','3020','0.40','inactive','2025-08-15 00:00:00','2025-08-15 00:00:00');
INSERT INTO `pump_product_details` VALUES ('357','2','1','276.60','267.4766','5347','0.40','inactive','2025-08-31 00:00:00','2025-08-31 00:00:00');
INSERT INTO `pump_product_details` VALUES ('358','2','3','276.60','267.4766','10856','0.40','inactive','2025-08-31 00:00:00','2025-08-31 00:00:00');
INSERT INTO `pump_product_details` VALUES ('359','2','4','276.60','267.4766','11845','0.40','inactive','2025-08-31 00:00:00','2025-08-31 00:00:00');
INSERT INTO `pump_product_details` VALUES ('360','2','8','276.60','267.4766','4972','0.40','inactive','2025-08-31 00:00:00','2025-08-31 00:00:00');
INSERT INTO `pump_product_details` VALUES ('361','2','7','276.60','267.5766','3439','0.40','inactive','2025-08-31 00:00:00','2025-08-31 00:00:00');
INSERT INTO `pump_product_details` VALUES ('362','2','2','276.60','267.3766','4949','0.40','inactive','2025-08-31 00:00:00','2025-08-31 00:00:00');
INSERT INTO `pump_product_details` VALUES ('363','2','1','279.40','270.255','8204','0.40','inactive','2025-09-15 00:00:00','2025-09-15 00:00:00');
INSERT INTO `pump_product_details` VALUES ('364','2','3','279.40','270.255','12640','0.40','inactive','2025-09-15 00:00:00','2025-09-15 00:00:00');
INSERT INTO `pump_product_details` VALUES ('365','2','4','279.40','270.255','13011','0.40','inactive','2025-09-15 00:00:00','2025-09-15 00:00:00');
INSERT INTO `pump_product_details` VALUES ('366','2','8','279.40','270.255','2704','0.40','inactive','2025-09-15 00:00:00','2025-09-15 00:00:00');
INSERT INTO `pump_product_details` VALUES ('367','2','2','279.40','270.155','8154','0.40','inactive','2025-09-15 00:00:00','2025-09-15 00:00:00');
INSERT INTO `pump_product_details` VALUES ('368','2','7','279.40','270.355','2037','0.40','inactive','2025-09-15 00:00:00','2025-09-15 00:00:00');
INSERT INTO `pump_product_details` VALUES ('369','2','1','283.50','274.2976','296','0.40','inactive','2025-09-30 00:00:00','2025-09-30 00:00:00');
INSERT INTO `pump_product_details` VALUES ('370','1','1','274.70','266.1676','5420','0.40','inactive','2025-09-30 00:00:00','2025-09-30 00:00:00');
INSERT INTO `pump_product_details` VALUES ('371','2','3','283.50','274.2976','9398','0.40','inactive','2025-09-30 00:00:00','2025-09-30 00:00:00');
INSERT INTO `pump_product_details` VALUES ('372','1','3','274.70','266.1676','7333','0.40','inactive','2025-09-30 00:00:00','2025-09-30 00:00:00');
INSERT INTO `pump_product_details` VALUES ('373','2','4','283.50','274.2976','9137','0.40','inactive','2025-09-30 00:00:00','2025-09-30 00:00:00');
INSERT INTO `pump_product_details` VALUES ('374','1','4','274.70','266.1676','10903','0.40','inactive','2025-09-30 00:00:00','2025-09-30 00:00:00');
INSERT INTO `pump_product_details` VALUES ('375','2','8','283.50','274.2976','1922','0.40','inactive','2025-09-30 00:00:00','2025-09-30 00:00:00');
INSERT INTO `pump_product_details` VALUES ('376','1','8','274.70','266.1676','17153','0.40','inactive','2025-09-30 00:00:00','2025-09-30 00:00:00');
INSERT INTO `pump_product_details` VALUES ('377','2','7','283.50','274.3976','-498','0.40','inactive','2025-09-30 00:00:00','2025-09-30 00:00:00');
INSERT INTO `pump_product_details` VALUES ('378','1','7','274.70','266.2676','12762','0.40','inactive','2025-09-30 00:00:00','2025-09-30 00:00:00');
INSERT INTO `pump_product_details` VALUES ('379','2','2','283.50','274.1976','7408','0.40','inactive','2025-09-30 00:00:00','2025-09-30 00:00:00');
INSERT INTO `pump_product_details` VALUES ('380','1','2','274.70','266.0676','8621','0.40','inactive','2025-09-30 00:00:00','2025-09-30 00:00:00');
INSERT INTO `pump_product_details` VALUES ('381','2','1','282.10','272.912','6266','0.40','inactive','2025-10-15 00:00:00','2025-10-15 00:00:00');
INSERT INTO `pump_product_details` VALUES ('382','1','1','269.10','260.512','9666','0.40','inactive','2025-10-15 00:00:00','2025-10-15 00:00:00');
INSERT INTO `pump_product_details` VALUES ('383','2','3','282.10','272.912','22671','0.40','inactive','2025-10-15 00:00:00','2025-10-15 00:00:00');
INSERT INTO `pump_product_details` VALUES ('384','1','3','269.10','260.512','15048','0.40','inactive','2025-10-15 00:00:00','2025-10-15 00:00:00');
INSERT INTO `pump_product_details` VALUES ('385','2','4','282.10','272.912','7996','0.40','inactive','2025-10-15 00:00:00','2025-10-15 00:00:00');
INSERT INTO `pump_product_details` VALUES ('386','1','4','269.10','260.512','11195','0.40','inactive','2025-10-15 00:00:00','2025-10-15 00:00:00');
INSERT INTO `pump_product_details` VALUES ('387','2','8','282.10','272.912','4023','0.40','inactive','2025-10-15 00:00:00','2025-10-15 00:00:00');
INSERT INTO `pump_product_details` VALUES ('388','1','8','269.10','260.512','17313','0.40','inactive','2025-10-15 00:00:00','2025-10-15 00:00:00');
INSERT INTO `pump_product_details` VALUES ('389','2','7','282.10','273.012','5425','0.40','inactive','2025-10-15 00:00:00','2025-10-15 00:00:00');
INSERT INTO `pump_product_details` VALUES ('390','1','7','269.10','260.612','14246','0.40','inactive','2025-10-15 00:00:00','2025-10-15 00:00:00');
INSERT INTO `pump_product_details` VALUES ('391','2','2','282.10','272.812','3252','0.40','inactive','2025-10-15 00:00:00','2025-10-15 00:00:00');
INSERT INTO `pump_product_details` VALUES ('392','1','2','269.10','260.412','5733','0.40','inactive','2025-10-15 00:00:00','2025-10-15 00:00:00');
INSERT INTO `pump_product_details` VALUES ('393','2','3','285.10','275.93','13922','0.40','inactive','2025-10-31 00:00:00','2025-10-31 00:00:00');
INSERT INTO `pump_product_details` VALUES ('394','1','3','271.50','262.94','8233','0.40','inactive','2025-10-31 00:00:00','2025-10-31 00:00:00');
INSERT INTO `pump_product_details` VALUES ('395','2','1','285.10','275.93','3570','0.40','inactive','2025-10-31 00:00:00','2025-10-31 00:00:00');
INSERT INTO `pump_product_details` VALUES ('396','1','1','271.50','262.94','6160','0.40','inactive','2025-10-31 00:00:00','2025-10-31 00:00:00');
INSERT INTO `pump_product_details` VALUES ('397','2','4','285.10','275.93','5717','0.40','active','2025-10-31 00:00:00','2025-10-31 00:00:00');
INSERT INTO `pump_product_details` VALUES ('398','1','4','271.50','262.94','9161','0.40','inactive','2025-10-31 00:00:00','2025-10-31 00:00:00');
INSERT INTO `pump_product_details` VALUES ('399','2','8','285.10','275.93','5166','0.40','inactive','2025-10-31 00:00:00','2025-10-31 00:00:00');
INSERT INTO `pump_product_details` VALUES ('400','1','8','271.50','262.94','15309','0.40','inactive','2025-10-31 00:00:00','2025-10-31 00:00:00');
INSERT INTO `pump_product_details` VALUES ('401','2','7','285.10','276.03','0','0.40','inactive','2025-10-31 00:00:00','2025-10-31 00:00:00');
INSERT INTO `pump_product_details` VALUES ('402','1','7','271.50','263.04','11689','0.40','inactive','2025-10-31 00:00:00','2025-10-31 00:00:00');
INSERT INTO `pump_product_details` VALUES ('403','2','2','285.10','275.83','9326','0.40','inactive','2025-10-31 00:00:00','2025-10-31 00:00:00');
INSERT INTO `pump_product_details` VALUES ('404','1','2','271.50','262.84','8278','0.40','inactive','2025-10-31 00:00:00','2025-10-31 00:00:00');
INSERT INTO `pump_product_details` VALUES ('405','2','4','285.10','275.93','5717','0.40','active','2025-10-31 00:00:00','2025-10-31 00:00:00');
INSERT INTO `pump_product_details` VALUES ('406','2','4','285.10','275.83','5347','0.40','inactive','2025-11-03 12:09:01','2025-11-03 12:09:01');
INSERT INTO `pump_product_details` VALUES ('407','2','4','285.10','275.93','10017','0.40','inactive','2025-10-31 00:00:00','2025-10-31 00:00:00');
INSERT INTO `pump_product_details` VALUES ('408','2','1','291.10','281.9432','12676','0.40','inactive','2025-11-15 00:00:00','2025-11-15 00:00:00');
INSERT INTO `pump_product_details` VALUES ('409','2','3','291.10','281.9432','30431','0.40','inactive','2025-11-15 00:00:00','2025-11-15 00:00:00');
INSERT INTO `pump_product_details` VALUES ('410','2','4','291.10','281.9432','7461','0.40','inactive','2025-11-15 00:00:00','2025-11-15 00:00:00');
INSERT INTO `pump_product_details` VALUES ('411','2','8','291.10','281.9432','2338','0.40','inactive','2025-11-15 00:00:00','2025-11-15 00:00:00');
INSERT INTO `pump_product_details` VALUES ('412','2','2','291.10','281.8432','5605','0.40','inactive','2025-11-15 00:00:00','2025-11-15 00:00:00');
INSERT INTO `pump_product_details` VALUES ('413','2','7','291.10','282.0432','1802','0.40','inactive','2025-11-15 00:00:00','2025-11-15 00:00:00');
INSERT INTO `pump_product_details` VALUES ('414','2','4','286.30','277.16','5717','0.40','active','2025-11-30 00:00:00','2025-11-30 00:00:00');
INSERT INTO `pump_product_details` VALUES ('415','1','4','269.50','260.96','12950','0.40','active','2025-11-30 00:00:00','2025-11-30 00:00:00');
INSERT INTO `pump_product_details` VALUES ('416','2','3','286.30','277.16','13217','0.40','active','2025-11-30 00:00:00','2025-11-30 00:00:00');
INSERT INTO `pump_product_details` VALUES ('417','1','3','269.50','260.96','12994','0.40','active','2025-11-30 00:00:00','2025-11-30 00:00:00');
INSERT INTO `pump_product_details` VALUES ('418','2','1','286.30','277.16','5591','0.40','active','2025-11-30 00:00:00','2025-11-30 00:00:00');
INSERT INTO `pump_product_details` VALUES ('419','1','1','269.50','260.96','3869','0.40','active','2025-11-30 00:00:00','2025-11-30 00:00:00');
INSERT INTO `pump_product_details` VALUES ('420','2','8','286.30','277.16','2942','0.40','active','2025-11-30 00:00:00','2025-11-30 00:00:00');
INSERT INTO `pump_product_details` VALUES ('421','1','8','269.50','260.96','15337','0.40','active','2025-11-30 00:00:00','2025-11-30 00:00:00');
INSERT INTO `pump_product_details` VALUES ('422','2','7','286.30','277.26','1165','0.40','active','2025-11-30 00:00:00','2025-11-30 00:00:00');
INSERT INTO `pump_product_details` VALUES ('423','1','7','269.50','261.06','16791','0.40','active','2025-11-30 00:00:00','2025-11-30 00:00:00');
INSERT INTO `pump_product_details` VALUES ('424','2','2','286.30','277.06','8287','0.40','active','2025-11-30 00:00:00','2025-11-30 00:00:00');
INSERT INTO `pump_product_details` VALUES ('425','1','2','269.50','260.86','5916','0.40','active','2025-11-30 00:00:00','2025-11-30 00:00:00');


CREATE TABLE `pump_product_stock_capacity` (
  `id` bigint unsigned NOT NULL AUTO_INCREMENT,
  `product_id` bigint unsigned NOT NULL,
  `pump_id` bigint unsigned NOT NULL,
  `capacity` varchar(255) CHARACTER SET utf8mb4 COLLATE utf8mb4_unicode_ci NOT NULL,
  PRIMARY KEY (`id`)
) ENGINE=InnoDB AUTO_INCREMENT=15 DEFAULT CHARSET=utf8mb4 COLLATE=utf8mb4_unicode_ci;

INSERT INTO `pump_product_stock_capacity` VALUES ('1','1','1','45000');
INSERT INTO `pump_product_stock_capacity` VALUES ('2','1','2','45000');
INSERT INTO `pump_product_stock_capacity` VALUES ('3','1','3','50000');
INSERT INTO `pump_product_stock_capacity` VALUES ('4','2','3','60000');
INSERT INTO `pump_product_stock_capacity` VALUES ('5','1','4','50000');
INSERT INTO `pump_product_stock_capacity` VALUES ('6','2','4','50000');
INSERT INTO `pump_product_stock_capacity` VALUES ('7','1','5','50000');
INSERT INTO `pump_product_stock_capacity` VALUES ('8','2','5','50000');
INSERT INTO `pump_product_stock_capacity` VALUES ('9','1','6','50000');
INSERT INTO `pump_product_stock_capacity` VALUES ('10','2','6','50000');
INSERT INTO `pump_product_stock_capacity` VALUES ('11','1','7','50000');
INSERT INTO `pump_product_stock_capacity` VALUES ('12','2','7','50000');
INSERT INTO `pump_product_stock_capacity` VALUES ('13','1','8','50000');
INSERT INTO `pump_product_stock_capacity` VALUES ('14','2','8','50000');


CREATE TABLE `pumps` (
  `id` bigint unsigned NOT NULL AUTO_INCREMENT,
  `name` varchar(255) CHARACTER SET utf8mb4 COLLATE utf8mb4_unicode_ci NOT NULL,
  `location` varchar(255) CHARACTER SET utf8mb4 COLLATE utf8mb4_unicode_ci NOT NULL,
  `initial_investment` varchar(255) CHARACTER SET utf8mb4 COLLATE utf8mb4_unicode_ci NOT NULL,
  `trash` varchar(255) CHARACTER SET utf8mb4 COLLATE utf8mb4_unicode_ci NOT NULL DEFAULT 'active',
  `created_at` timestamp NULL DEFAULT NULL,
  `updated_at` timestamp NULL DEFAULT NULL,
  PRIMARY KEY (`id`)
) ENGINE=InnoDB AUTO_INCREMENT=9 DEFAULT CHARSET=utf8mb4 COLLATE=utf8mb4_unicode_ci;

INSERT INTO `pumps` VALUES ('1','Admore','Khar Bajaur','0','active','2024-02-04 11:45:47','2024-02-04 11:45:47');
INSERT INTO `pumps` VALUES ('2','Nawagi','Nawagi Pump','0','active','2024-02-04 11:46:53','2024-02-04 11:46:53');
INSERT INTO `pumps` VALUES ('3','Kohinnor','lashora Patak','0','active','2024-08-23 16:04:26','2024-08-23 16:04:26');
INSERT INTO `pumps` VALUES ('4','Ittihad F/S','Bajaur khar bazr','0','active','2024-09-07 15:05:08','2024-09-07 15:05:08');
INSERT INTO `pumps` VALUES ('7','Qazzafi F/S','Qazzfi Munda Road','0','active','2024-10-05 14:17:14','2024-10-05 14:17:14');
INSERT INTO `pumps` VALUES ('8','Umary Byco F/S','Inayat Kalli,Umary','0','active','2024-10-05 14:17:47','2024-10-05 14:17:47');


CREATE TABLE `supplier_transections` (
  `id` bigint unsigned NOT NULL AUTO_INCREMENT,
  `pump_id` bigint unsigned NOT NULL,
  `supply_id` bigint unsigned DEFAULT NULL,
  `company_id` bigint unsigned NOT NULL,
  `credit` varchar(255) CHARACTER SET utf8mb4 COLLATE utf8mb4_unicode_ci DEFAULT NULL,
  `debit` varchar(255) CHARACTER SET utf8mb4 COLLATE utf8mb4_unicode_ci DEFAULT NULL,
  `detail` varchar(255) CHARACTER SET utf8mb4 COLLATE utf8mb4_unicode_ci DEFAULT NULL,
  `trash` varchar(255) CHARACTER SET utf8mb4 COLLATE utf8mb4_unicode_ci NOT NULL DEFAULT 'active',
  `created_at` timestamp NULL DEFAULT NULL,
  `updated_at` timestamp NULL DEFAULT NULL,
  PRIMARY KEY (`id`)
) ENGINE=InnoDB AUTO_INCREMENT=1227 DEFAULT CHARSET=utf8mb4 COLLATE=utf8mb4_unicode_ci;

INSERT INTO `supplier_transections` VALUES ('6','1','6','2','77207589.534','0','supply transection','active','2024-08-17 18:52:08','2024-08-17 18:52:08');
INSERT INTO `supplier_transections` VALUES ('7','1','7','2','1335830','0','supply transection','active','2024-08-19 14:36:48','2024-08-19 14:36:48');
INSERT INTO `supplier_transections` VALUES ('8','1','8','2','1293480.0000000002','0','supply transection','active','2024-08-19 15:08:01','2024-08-19 15:08:01');
INSERT INTO `supplier_transections` VALUES ('9','1','9','2','2612510','0','supply transection','active','2024-08-19 15:10:33','2024-08-19 15:10:33');
INSERT INTO `supplier_transections` VALUES ('10','1','10','2','527612','0','supply transection','active','2024-08-20 14:46:57','2024-08-20 14:46:57');
INSERT INTO `supplier_transections` VALUES ('11','3','11','2','1684204.1320000002','0','supply transection','active','2024-08-23 16:31:23','2024-08-23 16:31:23');
INSERT INTO `supplier_transections` VALUES ('12','1','12','2','1293480.0000000002','0','supply transection','active','2024-08-24 14:01:28','2024-08-24 14:01:28');
INSERT INTO `supplier_transections` VALUES ('13','1','13','2','1293480.0000000002','0','supply transection','active','2024-08-26 13:35:56','2024-08-26 13:35:56');
INSERT INTO `supplier_transections` VALUES ('14','3','14','2','2612510','0','supply transection','active','2024-08-26 14:57:36','2024-08-26 14:57:36');
INSERT INTO `supplier_transections` VALUES ('15','3','15','2','2612510','2612510','supply transection','active','2024-08-26 15:04:32','2024-08-26 15:04:32');
INSERT INTO `supplier_transections` VALUES ('16','3','16','2','3931540','0','supply transection','active','2024-08-27 13:54:02','2024-08-27 13:54:02');
INSERT INTO `supplier_transections` VALUES ('17','1','17','2','1293480.0000000002','0','supply transection','active','2024-08-28 14:10:25','2024-08-28 14:10:25');
INSERT INTO `supplier_transections` VALUES ('18','1','18','2','791418','0','supply transection','active','2024-08-29 15:04:56','2024-08-29 15:04:56');
INSERT INTO `supplier_transections` VALUES ('19','3','19','2','2638060','0','supply transection','active','2024-08-31 14:19:59','2024-08-31 14:19:59');
INSERT INTO `supplier_transections` VALUES ('20','1','20','2','2586610','0','supply transection','active','2024-09-04 15:28:10','2024-09-04 15:28:10');
INSERT INTO `supplier_transections` VALUES ('21','3','21','2','5173220','0','supply transection','active','2024-09-04 15:43:58','2024-09-04 15:43:58');
INSERT INTO `supplier_transections` VALUES ('22','3','22','2','1302430','0','supply transection','active','2024-09-04 15:48:53','2024-09-04 15:48:53');
INSERT INTO `supplier_transections` VALUES ('23','1','23','2','1284180','0','supply transection','active','2024-09-04 15:53:02','2024-09-04 15:53:02');
INSERT INTO `supplier_transections` VALUES ('24','3','24','2','5173220','0','supply transection','active','2024-09-07 13:22:00','2024-09-07 13:22:00');
INSERT INTO `supplier_transections` VALUES ('26','2','26','2','737087.6140000001','0','supply transection','active','2024-09-07 14:50:57','2024-09-07 14:50:57');
INSERT INTO `supplier_transections` VALUES ('27','2','27','2','2586610','0','supply transection','active','2024-09-07 14:51:19','2024-09-07 14:51:19');
INSERT INTO `supplier_transections` VALUES ('28','2','28','2','2586610','0','supply transection','active','2024-09-07 14:56:27','2024-09-07 14:56:27');
INSERT INTO `supplier_transections` VALUES ('29','2','29','2','1284180','0','supply transection','active','2024-09-07 15:01:04','2024-09-07 15:01:04');
INSERT INTO `supplier_transections` VALUES ('30','4','30','2','2030809.5','0','supply transection','active','2024-09-07 15:33:08','2024-09-07 15:33:08');
INSERT INTO `supplier_transections` VALUES ('31','4','31','2','513672','0','supply transection','active','2024-09-07 15:37:16','2024-09-07 15:37:16');
INSERT INTO `supplier_transections` VALUES ('32','4','32','2','2065638','0','supply transection','active','2024-09-07 15:41:22','2024-09-07 15:41:22');
INSERT INTO `supplier_transections` VALUES ('33','1','33','2','1302430','0','supply transection','active','2024-09-07 15:48:58','2024-09-07 15:48:58');
INSERT INTO `supplier_transections` VALUES ('34','1','34','2','1284180','0','supply transection','active','2024-09-07 15:52:10','2024-09-07 15:52:10');
INSERT INTO `supplier_transections` VALUES ('35','3','35','2','2604860','0','supply transection','active','2024-09-07 15:56:01','2024-09-07 15:56:01');
INSERT INTO `supplier_transections` VALUES ('36','5','36','2','1910100','0','supply transection','active','2024-09-17 16:12:45','2024-09-17 16:12:45');
INSERT INTO `supplier_transections` VALUES ('37','6','37','2','3331830','0','supply transection','active','2024-09-17 16:21:45','2024-09-17 16:21:45');
INSERT INTO `supplier_transections` VALUES ('38','1','38','2','1797852','0','supply transection','active','2024-09-18 15:15:51','2024-09-18 15:15:51');
INSERT INTO `supplier_transections` VALUES ('39','1','39','2','770508','0','supply transection','active','2024-09-18 15:24:55','2024-09-18 15:24:55');
INSERT INTO `supplier_transections` VALUES ('40','1','40','2','513672','0','supply transection','active','2024-09-18 15:56:50','2024-09-18 15:56:50');
INSERT INTO `supplier_transections` VALUES ('41','1','41','2','1295130','0','supply transection','active','2024-09-18 16:04:40','2024-09-18 16:04:40');
INSERT INTO `supplier_transections` VALUES ('42','2','42','2','2586610','0','supply transection','active','2024-09-18 16:35:52','2024-09-18 16:35:52');
INSERT INTO `supplier_transections` VALUES ('43','2','43','2','2586610','0','supply transection','active','2024-09-18 16:43:02','2024-09-18 16:43:02');
INSERT INTO `supplier_transections` VALUES ('44','2','44','2','2586610','0','supply transection','active','2024-09-18 16:46:58','2024-09-18 16:46:58');
INSERT INTO `supplier_transections` VALUES ('45','2','45','2','1291480','0','supply transection','active','2024-09-18 16:50:33','2024-09-18 16:50:33');
INSERT INTO `supplier_transections` VALUES ('48','3','48','2','1302430','0','supply transection','active','2024-09-21 14:26:49','2024-09-21 14:26:49');
INSERT INTO `supplier_transections` VALUES ('49','3','49','2','1302430','0','supply transection','active','2024-09-21 14:47:07','2024-09-21 14:47:07');
INSERT INTO `supplier_transections` VALUES ('50','3','50','2','3889040','0','supply transection','active','2024-09-21 14:50:14','2024-09-21 14:50:14');
INSERT INTO `supplier_transections` VALUES ('51','3','51','2','1302430','0','supply transection','active','2024-09-21 14:54:41','2024-09-21 14:54:41');
INSERT INTO `supplier_transections` VALUES ('52','3','52','2','2586610','0','supply transection','active','2024-09-21 15:01:32','2024-09-21 15:01:32');
INSERT INTO `supplier_transections` VALUES ('55','1','55','2','1234265','0','supply transection','active','2024-09-21 18:25:44','2024-09-21 18:25:44');
INSERT INTO `supplier_transections` VALUES ('56','2','56','2','2471480','0','supply transection','active','2024-09-21 18:32:11','2024-09-21 18:32:11');
INSERT INTO `supplier_transections` VALUES ('57','2','57','2','740559','0','supply transection','active','2024-09-21 18:35:43','2024-09-21 18:35:43');
INSERT INTO `supplier_transections` VALUES ('60','1','60','2','1234265','0','supply transection','active','2024-09-23 15:17:56','2024-09-23 15:17:56');
INSERT INTO `supplier_transections` VALUES ('61','1','61','2','2471480','0','supply transection','active','2024-09-23 15:27:48','2024-09-23 15:27:48');
INSERT INTO `supplier_transections` VALUES ('62','1','62','2','1234265','0','supply transection','active','2024-09-23 15:32:21','2024-09-23 15:32:21');
INSERT INTO `supplier_transections` VALUES ('63','2','63','2','2471480','0','supply transection','active','2024-09-23 15:38:04','2024-09-23 15:38:04');
INSERT INTO `supplier_transections` VALUES ('64','2','64','2','740559','0','supply transection','active','2024-09-23 15:43:38','2024-09-23 15:43:38');
INSERT INTO `supplier_transections` VALUES ('65','2','65','2','1977774','0','supply transection','active','2024-09-23 15:45:59','2024-09-23 15:45:59');
INSERT INTO `supplier_transections` VALUES ('66','2','66','2','2468530','0','supply transection','active','2024-09-23 15:50:05','2024-09-23 15:50:05');
INSERT INTO `supplier_transections` VALUES ('67','3','67','2','3708695','0','supply transection','active','2024-09-23 16:44:53','2024-09-23 16:44:53');
INSERT INTO `supplier_transections` VALUES ('68','3','68','2','3708695','0','supply transection','active','2024-09-23 16:55:04','2024-09-23 16:55:04');
INSERT INTO `supplier_transections` VALUES ('69','3','69','2','4942960','0','supply transection','active','2024-09-23 17:04:01','2024-09-23 17:04:01');
INSERT INTO `supplier_transections` VALUES ('70','1','70','2','1976594','0','supply transection','active','2024-09-24 15:08:28','2024-09-24 15:08:28');
INSERT INTO `supplier_transections` VALUES ('71','3','71','2','4942960','0','supply transection','active','2024-09-24 15:11:38','2024-09-24 15:11:38');
INSERT INTO `supplier_transections` VALUES ('72','2','72','2','1237215','0','supply transection','active','2024-09-24 15:34:35','2024-09-24 15:34:35');
INSERT INTO `supplier_transections` VALUES ('73','4','73','2','1284180','0','supply transection','active','2024-09-24 19:26:39','2024-09-24 19:26:39');
INSERT INTO `supplier_transections` VALUES ('74','4','74','2','520972','0','supply transection','active','2024-09-24 19:34:23','2024-09-24 19:34:23');
INSERT INTO `supplier_transections` VALUES ('75','4','75','2','1284180','0','supply transection','active','2024-09-24 19:36:44','2024-09-24 19:36:44');
INSERT INTO `supplier_transections` VALUES ('76','4','76','2','1234265','0','supply transection','active','2024-09-24 19:49:24','2024-09-24 19:49:24');
INSERT INTO `supplier_transections` VALUES ('77','4','77','2','742329','0','supply transection','active','2024-09-24 19:54:41','2024-09-24 19:54:41');
INSERT INTO `supplier_transections` VALUES ('78','4','78','2','1234265','0','supply transection','active','2024-09-24 19:58:56','2024-09-24 19:58:56');
INSERT INTO `supplier_transections` VALUES ('79','1','79','2','494886','0','supply transection','active','2024-09-25 15:28:15','2024-09-25 15:28:15');
INSERT INTO `supplier_transections` VALUES ('80','3','80','2','1237215','0','supply transection','active','2024-09-25 15:30:58','2024-09-25 15:30:58');
INSERT INTO `supplier_transections` VALUES ('81','4','81','2','1234265','0','supply transection','active','2024-09-26 17:01:24','2024-09-26 17:01:24');
INSERT INTO `supplier_transections` VALUES ('82','1','82','2','1234265','0','supply transection','active','2024-09-27 15:29:12','2024-09-27 15:29:12');
INSERT INTO `supplier_transections` VALUES ('83','2','83','2','2471480','0','supply transection','active','2024-09-27 15:31:35','2024-09-27 15:31:35');
INSERT INTO `supplier_transections` VALUES ('85','2','85','2','2471480','0','supply transection','active','2024-09-30 14:26:04','2024-09-30 14:26:04');
INSERT INTO `supplier_transections` VALUES ('88','3','88','2','2474430','0','supply transection','active','2024-09-30 15:37:42','2024-09-30 15:37:42');
INSERT INTO `supplier_transections` VALUES ('89','3','89','2','2474430','0','supply transection','active','2024-09-30 15:42:49','2024-09-30 15:42:49');
INSERT INTO `supplier_transections` VALUES ('90','1','90','2','1482888','0','supply transection','active','2024-10-01 15:45:15','2024-10-01 15:45:15');
INSERT INTO `supplier_transections` VALUES ('91','1','91','2','489566','0','supply transection','active','2024-10-03 17:07:02','2024-10-03 17:07:02');
INSERT INTO `supplier_transections` VALUES ('92','3','92','2','3664345','0','supply transection','active','2024-10-03 17:10:35','2024-10-03 17:10:35');
INSERT INTO `supplier_transections` VALUES ('93','3','93','2','2444130','0','supply transection','active','2024-10-03 17:14:50','2024-10-03 17:14:50');
INSERT INTO `supplier_transections` VALUES ('94','2','94','2','1954564','0','supply transection','active','2024-10-03 19:55:14','2024-10-03 19:55:14');
INSERT INTO `supplier_transections` VALUES ('95','2','95','2','1223915','0','supply transection','active','2024-10-03 19:57:05','2024-10-03 19:57:05');
INSERT INTO `supplier_transections` VALUES ('96','4','96','2','1709781','0','supply transection','active','2024-10-03 20:00:13','2024-10-03 20:00:13');
INSERT INTO `supplier_transections` VALUES ('97','1','97','2','1709781','0','supply transection','active','2024-10-04 14:39:50','2024-10-04 14:39:50');
INSERT INTO `supplier_transections` VALUES ('98','3','98','2','1220215','0','supply transection','active','2024-10-04 14:43:31','2024-10-04 14:43:31');
INSERT INTO `supplier_transections` VALUES ('99','1','99','2','1223915','0','supply transection','active','2024-10-05 14:11:42','2024-10-05 14:11:42');
INSERT INTO `supplier_transections` VALUES ('100','4','100','2','1223915','0','supply transection','active','2024-10-05 14:15:44','2024-10-05 14:15:44');
INSERT INTO `supplier_transections` VALUES ('103','1','103','2','2444130','0','supply transection','active','2024-10-08 15:15:26','2024-10-08 15:15:26');
INSERT INTO `supplier_transections` VALUES ('104','2','104','2','2444130','0','supply transection','active','2024-10-08 15:19:32','2024-10-08 15:19:32');
INSERT INTO `supplier_transections` VALUES ('105','2','105','2','1223915','0','supply transection','active','2024-10-08 17:08:37','2024-10-08 17:08:37');
INSERT INTO `supplier_transections` VALUES ('106','2','106','2','732129','0','supply transection','active','2024-10-08 17:12:29','2024-10-08 17:12:29');
INSERT INTO `supplier_transections` VALUES ('107','3','107','2','1223915','0','supply transection','active','2024-10-08 17:16:33','2024-10-08 17:16:33');
INSERT INTO `supplier_transections` VALUES ('108','3','108','2','3664345','0','supply transection','active','2024-10-08 17:20:40','2024-10-08 17:20:40');
INSERT INTO `supplier_transections` VALUES ('109','3','109','2','1220215','0','supply transection','active','2024-10-08 17:28:10','2024-10-08 17:28:10');
INSERT INTO `supplier_transections` VALUES ('110','2','110','2','488086','0','supply transection','active','2024-10-09 15:57:31','2024-10-09 15:57:31');
INSERT INTO `supplier_transections` VALUES ('111','4','111','2','1712001','0','supply transection','active','2024-10-09 16:04:24','2024-10-09 16:04:24');
INSERT INTO `supplier_transections` VALUES ('112','3','112','2','1220215','0','supply transection','active','2024-10-10 18:50:49','2024-10-10 18:50:49');
INSERT INTO `supplier_transections` VALUES ('113','2','113','2','1221695','0','supply transection','active','2024-10-11 14:34:14','2024-10-11 14:34:14');
INSERT INTO `supplier_transections` VALUES ('114','3','114','2','2444130','0','supply transection','active','2024-10-11 19:10:41','2024-10-11 19:10:41');
INSERT INTO `supplier_transections` VALUES ('115','1','115','2','1223915','0','supply transection','active','2024-10-12 14:51:38','2024-10-12 14:51:38');
INSERT INTO `supplier_transections` VALUES ('116','1','116','2','1223915','0','supply transection','active','2024-10-12 14:54:14','2024-10-12 14:54:14');
INSERT INTO `supplier_transections` VALUES ('117','3','117','2','1220215','0','supply transection','active','2024-10-12 14:56:52','2024-10-12 14:56:52');
INSERT INTO `supplier_transections` VALUES ('118','2','118','2','1222435','0','supply transection','active','2024-10-12 16:25:36','2024-10-12 16:25:36');
INSERT INTO `supplier_transections` VALUES ('119','2','119','2','2444130','0','supply transection','active','2024-10-12 16:28:30','2024-10-12 16:28:30');
INSERT INTO `supplier_transections` VALUES ('120','1','120','2','1220215','0','supply transection','active','2024-10-14 15:32:36','2024-10-14 15:32:36');
INSERT INTO `supplier_transections` VALUES ('121','2','121','2','1223915','0','supply transection','active','2024-10-14 15:37:45','2024-10-14 15:37:45');
INSERT INTO `supplier_transections` VALUES ('122','3','122','2','3664345','0','supply transection','active','2024-10-14 15:41:38','2024-10-14 15:41:38');
INSERT INTO `supplier_transections` VALUES ('123','4','123','2','1223915','0','supply transection','active','2024-10-14 15:49:05','2024-10-14 15:49:05');
INSERT INTO `supplier_transections` VALUES ('124','1','124','2','1223915','0','supply transection','active','2024-10-15 14:54:52','2024-10-15 14:54:52');
INSERT INTO `supplier_transections` VALUES ('125','3','125','2','2444130','0','supply transection','active','2024-10-15 14:57:08','2024-10-15 14:57:08');
INSERT INTO `supplier_transections` VALUES ('126','1','126','2','1220215','0','supply transection','active','2024-10-16 14:06:14','2024-10-16 14:06:14');
INSERT INTO `supplier_transections` VALUES ('127','3','127','2','2444130','0','supply transection','active','2024-10-16 14:21:34','2024-10-16 14:21:34');
INSERT INTO `supplier_transections` VALUES ('128','2','128','2','1223915','0','supply transection','active','2024-10-16 16:41:50','2024-10-16 16:41:50');
INSERT INTO `supplier_transections` VALUES ('129','2','129','2','1220215','0','supply transection','active','2024-10-16 16:43:57','2024-10-16 16:43:57');
INSERT INTO `supplier_transections` VALUES ('130','3','130','2','3741645','0','supply transection','active','2024-10-18 18:31:34','2024-10-18 18:31:34');
INSERT INTO `supplier_transections` VALUES ('131','4','131','2','1225915','0','supply transection','active','2024-10-18 18:41:41','2024-10-18 18:41:41');
INSERT INTO `supplier_transections` VALUES ('132','1','132','2','1225915','0','supply transection','active','2024-10-19 14:38:48','2024-10-19 14:38:48');
INSERT INTO `supplier_transections` VALUES ('133','3','133','2','3720345','0','supply transection','active','2024-10-19 14:41:53','2024-10-19 14:41:53');
INSERT INTO `supplier_transections` VALUES ('134','1','134','2','2473130','0','supply transection','active','2024-10-22 15:03:09','2024-10-22 15:03:09');
INSERT INTO `supplier_transections` VALUES ('135','2','135','2','2473130','0','supply transection','active','2024-10-22 15:11:08','2024-10-22 15:11:08');
INSERT INTO `supplier_transections` VALUES ('136','3','136','2','1247215','0','supply transection','active','2024-10-22 15:15:03','2024-10-22 15:15:03');
INSERT INTO `supplier_transections` VALUES ('138','4','138','2','2473130','0','supply transection','active','2024-10-22 15:28:42','2024-10-22 15:28:42');
INSERT INTO `supplier_transections` VALUES ('139','1','139','2','1724801','0','supply transection','active','2024-10-23 16:22:00','2024-10-23 16:22:00');
INSERT INTO `supplier_transections` VALUES ('140','3','140','2','2473130','0','supply transection','active','2024-10-23 16:43:14','2024-10-23 16:43:14');
INSERT INTO `supplier_transections` VALUES ('141','2','141','2','2473130','0','supply transection','active','2024-10-24 15:50:48','2024-10-24 15:50:48');
INSERT INTO `supplier_transections` VALUES ('142','3','142','2','3720345','0','supply transection','active','2024-10-24 15:55:53','2024-10-24 15:55:53');
INSERT INTO `supplier_transections` VALUES ('143','2','143','2','2473130','0','supply transection','active','2024-10-26 16:48:17','2024-10-26 16:48:17');
INSERT INTO `supplier_transections` VALUES ('144','3','144','2','1247215','0','supply transection','active','2024-10-26 16:54:46','2024-10-26 16:54:46');
INSERT INTO `supplier_transections` VALUES ('145','1','145','2','2473130','0','supply transection','active','2024-10-28 18:14:58','2024-10-28 18:14:58');
INSERT INTO `supplier_transections` VALUES ('146','2','146','2','2473130','0','supply transection','active','2024-10-28 18:19:09','2024-10-28 18:19:09');
INSERT INTO `supplier_transections` VALUES ('147','3','147','2','3720345','0','supply transection','active','2024-10-28 18:23:46','2024-10-28 18:23:46');
INSERT INTO `supplier_transections` VALUES ('148','1','148','2','2473130','0','supply transection','active','2024-10-30 15:41:51','2024-10-30 15:41:51');
INSERT INTO `supplier_transections` VALUES ('149','2','149','2','1225915','0','supply transection','active','2024-10-30 15:43:54','2024-10-30 15:43:54');
INSERT INTO `supplier_transections` VALUES ('150','2','150','2','1247215','0','supply transection','active','2024-10-30 15:45:46','2024-10-30 15:45:46');
INSERT INTO `supplier_transections` VALUES ('151','3','151','2','3720345','0','supply transection','active','2024-10-30 15:47:47','2024-10-30 15:47:47');
INSERT INTO `supplier_transections` VALUES ('152','4','152','2','1724801','0','supply transection','active','2024-10-30 15:54:40','2024-10-30 15:54:40');
INSERT INTO `supplier_transections` VALUES ('153','3','153','2','2473130','0','supply transection','active','2024-11-07 09:35:35','2024-11-07 09:35:35');
INSERT INTO `supplier_transections` VALUES ('154','3','154','2','1247215','0','supply transection','active','2024-11-07 09:41:22','2024-11-07 09:41:22');
INSERT INTO `supplier_transections` VALUES ('155','1','155','2','1232665','0','supply transection','active','2024-11-08 06:09:39','2024-11-08 06:09:39');
INSERT INTO `supplier_transections` VALUES ('156','1','156','2','2499130','0','supply transection','active','2024-11-08 06:14:21','2024-11-08 06:14:21');
INSERT INTO `supplier_transections` VALUES ('157','1','157','2','1232665','0','supply transection','active','2024-11-08 06:21:40','2024-11-08 06:21:40');
INSERT INTO `supplier_transections` VALUES ('158','3','158','2','2532930','0','supply transection','active','2024-11-09 05:45:44','2024-11-09 05:45:44');
INSERT INTO `supplier_transections` VALUES ('159','3','159','2','2499130','0','supply transection','active','2024-11-09 06:03:24','2024-11-09 06:03:24');
INSERT INTO `supplier_transections` VALUES ('160','3','160','2','3765595','0','supply transection','active','2024-11-09 06:06:16','2024-11-09 06:06:16');
INSERT INTO `supplier_transections` VALUES ('161','3','161','2','2532930','0','supply transection','active','2024-11-09 06:09:47','2024-11-09 06:09:47');
INSERT INTO `supplier_transections` VALUES ('162','3','162','2','1266465','0','supply transection','active','2024-11-09 06:15:34','2024-11-09 06:15:34');
INSERT INTO `supplier_transections` VALUES ('163','3','163','2','3765595','0','supply transection','active','2024-11-10 05:13:05','2024-11-10 05:13:05');
INSERT INTO `supplier_transections` VALUES ('164','1','164','2','1759531','0','supply transection','active','2024-11-10 05:36:41','2024-11-10 05:36:41');
INSERT INTO `supplier_transections` VALUES ('165','2','165','2','1247215','0','supply transection','active','2024-11-10 05:39:48','2024-11-10 05:39:48');
INSERT INTO `supplier_transections` VALUES ('166','2','166','2','2473130','0','supply transection','active','2024-11-10 05:41:44','2024-11-10 05:41:44');
INSERT INTO `supplier_transections` VALUES ('167','2','167','2','2499130','0','supply transection','active','2024-11-10 06:10:09','2024-11-10 06:10:09');
INSERT INTO `supplier_transections` VALUES ('168','2','168','2','2499130','0','supply transection','active','2024-11-10 06:13:52','2024-11-10 06:13:52');
INSERT INTO `supplier_transections` VALUES ('169','2','169','2','2499130','0','supply transection','active','2024-11-10 06:19:25','2024-11-10 06:19:25');
INSERT INTO `supplier_transections` VALUES ('170','2','170','2','1266465','0','supply transection','active','2024-11-10 06:22:49','2024-11-10 06:22:49');
INSERT INTO `supplier_transections` VALUES ('171','2','171','2','2499130','0','supply transection','active','2024-11-10 06:24:47','2024-11-10 06:24:47');
INSERT INTO `supplier_transections` VALUES ('172','1','172','2','1232665','0','supply transection','active','2024-11-12 05:46:09','2024-11-12 05:46:09');
INSERT INTO `supplier_transections` VALUES ('173','2','173','2','1266465','0','supply transection','active','2024-11-12 05:49:27','2024-11-12 05:49:27');
INSERT INTO `supplier_transections` VALUES ('174','3','174','2','2499130','0','supply transection','active','2024-11-12 05:53:07','2024-11-12 05:53:07');
INSERT INTO `supplier_transections` VALUES ('175','4','175','2','1992544','0','supply transection','active','2024-11-12 07:32:17','2024-11-12 07:32:17');
INSERT INTO `supplier_transections` VALUES ('176','4','176','2','1232665','0','supply transection','active','2024-11-12 07:40:12','2024-11-12 07:40:12');
INSERT INTO `supplier_transections` VALUES ('177','4','177','2','739599','0','supply transection','active','2024-11-12 07:48:17','2024-11-12 07:48:17');
INSERT INTO `supplier_transections` VALUES ('178','3','178','2','1266465','0','supply transection','active','2024-11-13 05:12:23','2024-11-13 05:12:23');
INSERT INTO `supplier_transections` VALUES ('183','1','183','2','2499130','0','supply transection','active','2024-11-14 05:42:12','2024-11-14 05:42:12');
INSERT INTO `supplier_transections` VALUES ('184','3','184','2','2499130','0','supply transection','active','2024-11-14 05:50:59','2024-11-14 05:50:59');
INSERT INTO `supplier_transections` VALUES ('185','2','185','2','2499130','0','supply transection','active','2024-11-14 06:00:53','2024-11-14 06:00:53');
INSERT INTO `supplier_transections` VALUES ('186','8','186','2','4045500','0','supply transection','active','2024-11-14 07:51:34','2024-11-14 07:51:34');
INSERT INTO `supplier_transections` VALUES ('187','3','187','2','2532930','0','supply transection','active','2024-11-15 05:28:30','2024-11-15 05:28:30');
INSERT INTO `supplier_transections` VALUES ('188','4','188','2','1232665','0','supply transection','active','2024-11-15 05:33:11','2024-11-15 05:33:11');
INSERT INTO `supplier_transections` VALUES ('189','2','189','2','1232665','0','supply transection','active','2024-11-15 10:31:00','2024-11-15 10:31:00');
INSERT INTO `supplier_transections` VALUES ('190','7','190','2','2499130','0','supply transection','active','2024-11-16 04:45:46','2024-11-16 04:45:46');
INSERT INTO `supplier_transections` VALUES ('191','7','191','2','2499130','0','supply transection','active','2024-11-16 04:53:56','2024-11-16 04:53:56');
INSERT INTO `supplier_transections` VALUES ('192','7','192','2','1232665','0','supply transection','active','2024-11-16 05:04:11','2024-11-16 05:04:11');
INSERT INTO `supplier_transections` VALUES ('193','7','193','2','2499130','0','supply transection','active','2024-11-16 05:24:16','2024-11-16 05:24:16');
INSERT INTO `supplier_transections` VALUES ('194','4','194','2','506586','0','supply transection','active','2024-11-16 05:35:16','2024-11-16 05:35:16');
INSERT INTO `supplier_transections` VALUES ('195','1','195','2','506586','0','supply transection','active','2024-11-16 05:39:06','2024-11-16 05:39:06');
INSERT INTO `supplier_transections` VALUES ('196','2','196','2','1266465','0','supply transection','active','2024-11-16 06:19:33','2024-11-16 06:19:33');
INSERT INTO `supplier_transections` VALUES ('197','3','197','2','1266465','0','supply transection','active','2024-11-16 06:23:32','2024-11-16 06:23:32');
INSERT INTO `supplier_transections` VALUES ('198','2','198','2','1232665','0','supply transection','active','2024-11-17 16:48:48','2024-11-17 16:48:48');
INSERT INTO `supplier_transections` VALUES ('199','3','199','2','2499130','0','supply transection','active','2024-11-17 16:50:40','2024-11-17 16:50:40');
INSERT INTO `supplier_transections` VALUES ('200','7','200','2','3731795','0','supply transection','active','2024-11-17 16:56:46','2024-11-17 16:56:46');
INSERT INTO `supplier_transections` VALUES ('201','1','201','2','1232665','0','supply transection','active','2024-11-18 07:46:40','2024-11-18 07:46:40');
INSERT INTO `supplier_transections` VALUES ('202','4','202','2','1232665','0','supply transection','active','2024-11-19 05:14:12','2024-11-19 05:14:12');
INSERT INTO `supplier_transections` VALUES ('203','3','203','2','2499130','0','supply transection','active','2024-11-19 05:21:04','2024-11-19 05:21:04');
INSERT INTO `supplier_transections` VALUES ('204','2','204','2','1266465','0','supply transection','active','2024-11-19 06:17:25','2024-11-19 06:17:25');
INSERT INTO `supplier_transections` VALUES ('205','1','205','2','2499130','0','supply transection','active','2024-11-20 06:16:00','2024-11-20 06:16:00');
INSERT INTO `supplier_transections` VALUES ('206','2','206','2','1232665','0','supply transection','active','2024-11-20 06:18:33','2024-11-20 06:18:33');
INSERT INTO `supplier_transections` VALUES ('207','8','207','2','1232665','0','supply transection','active','2024-11-21 08:00:19','2024-11-21 08:00:19');
INSERT INTO `supplier_transections` VALUES ('208','8','208','2','2499130','0','supply transection','active','2024-11-21 08:10:04','2024-11-21 08:10:04');
INSERT INTO `supplier_transections` VALUES ('209','8','209','2','1232665','0','supply transection','active','2024-11-21 08:19:25','2024-11-21 08:19:25');
INSERT INTO `supplier_transections` VALUES ('210','8','210','2','2499130','0','supply transection','active','2024-11-22 05:07:54','2024-11-22 05:07:54');
INSERT INTO `supplier_transections` VALUES ('211','8','211','2','1232665','0','supply transection','active','2024-11-22 05:25:03','2024-11-22 05:25:03');
INSERT INTO `supplier_transections` VALUES ('212','8','212','2','2499130','0','supply transection','active','2024-11-22 05:35:10','2024-11-22 05:35:10');
INSERT INTO `supplier_transections` VALUES ('213','3','213','2','2499130','0','supply transection','active','2024-11-22 05:52:23','2024-11-22 05:52:23');
INSERT INTO `supplier_transections` VALUES ('214','2','214','2','1232665','0','supply transection','active','2024-11-22 06:36:25','2024-11-22 06:36:25');
INSERT INTO `supplier_transections` VALUES ('216','1','216','2','739599','0','supply transection','active','2024-11-23 05:22:23','2024-11-23 05:22:23');
INSERT INTO `supplier_transections` VALUES ('217','2','217','2','1266465','0','supply transection','active','2024-11-23 05:25:39','2024-11-23 05:25:39');
INSERT INTO `supplier_transections` VALUES ('218','4','218','2','759879','0','supply transection','active','2024-11-23 05:28:13','2024-11-23 05:28:13');
INSERT INTO `supplier_transections` VALUES ('219','7','219','2','1232665','0','supply transection','active','2024-11-23 05:33:51','2024-11-23 05:33:51');
INSERT INTO `supplier_transections` VALUES ('220','1','220','2','2499130','0','supply transection','active','2024-11-25 05:21:04','2024-11-25 05:21:04');
INSERT INTO `supplier_transections` VALUES ('221','2','221','2','1266465','0','supply transection','active','2024-11-25 06:09:39','2024-11-25 06:09:39');
INSERT INTO `supplier_transections` VALUES ('222','3','222','2','3765595','0','supply transection','active','2024-11-25 06:14:04','2024-11-25 06:14:04');
INSERT INTO `supplier_transections` VALUES ('223','4','223','2','1232665','0','supply transection','active','2024-11-25 06:16:43','2024-11-25 06:16:43');
INSERT INTO `supplier_transections` VALUES ('224','8','224','2','1232665','0','supply transection','active','2024-11-25 06:23:46','2024-11-25 06:23:46');
INSERT INTO `supplier_transections` VALUES ('225','1','225','2','1232665','0','supply transection','active','2024-11-26 06:09:54','2024-11-26 06:09:54');
INSERT INTO `supplier_transections` VALUES ('226','3','226','2','3765595','0','supply transection','active','2024-11-26 06:20:23','2024-11-26 06:20:23');
INSERT INTO `supplier_transections` VALUES ('227','2','227','2','1232665','0','supply transection','active','2024-11-28 06:30:01','2024-11-28 06:30:01');
INSERT INTO `supplier_transections` VALUES ('228','2','228','2','759879','0','supply transection','active','2024-11-28 06:32:31','2024-11-28 06:32:31');
INSERT INTO `supplier_transections` VALUES ('229','3','229','2','1266465','0','supply transection','active','2024-11-28 06:38:18','2024-11-28 06:38:18');
INSERT INTO `supplier_transections` VALUES ('230','3','230','2','1266465','0','supply transection','active','2024-11-28 06:41:17','2024-11-28 06:41:17');
INSERT INTO `supplier_transections` VALUES ('231','4','231','2','1232665','0','supply transection','active','2024-11-28 06:51:20','2024-11-28 06:51:20');
INSERT INTO `supplier_transections` VALUES ('232','7','232','2','1972264','0','supply transection','active','2024-11-28 07:49:21','2024-11-28 07:49:21');
INSERT INTO `supplier_transections` VALUES ('233','2','233','2','1992544','0','supply transection','active','2024-11-28 10:35:59','2024-11-28 10:35:59');
INSERT INTO `supplier_transections` VALUES ('234','2','234','2','759879','0','supply transection','active','2024-11-29 05:54:39','2024-11-29 05:54:39');
INSERT INTO `supplier_transections` VALUES ('235','3','235','2','1266465','0','supply transection','active','2024-11-29 05:56:39','2024-11-29 05:56:39');
INSERT INTO `supplier_transections` VALUES ('236','8','236','2','739599','0','supply transection','active','2024-11-29 09:12:36','2024-11-29 09:12:36');
INSERT INTO `supplier_transections` VALUES ('237','1','237','2','1232665','0','supply transection','active','2024-11-30 05:26:58','2024-11-30 05:26:58');
INSERT INTO `supplier_transections` VALUES ('238','2','238','2','1232665','0','supply transection','active','2024-11-30 07:54:37','2024-11-30 07:54:37');
INSERT INTO `supplier_transections` VALUES ('239','3','239','2','2499130','0','supply transection','active','2024-11-30 09:28:50','2024-11-30 09:28:50');
INSERT INTO `supplier_transections` VALUES ('240','7','240','2','1266465','0','supply transection','active','2024-12-02 06:54:22','2024-12-02 06:54:22');
INSERT INTO `supplier_transections` VALUES ('241','1','241','2','506586','0','supply transection','active','2024-12-02 07:07:46','2024-12-02 07:07:46');
INSERT INTO `supplier_transections` VALUES ('242','1','242','2','1251295','0','supply transection','active','2024-12-04 06:24:43','2024-12-04 06:24:43');
INSERT INTO `supplier_transections` VALUES ('243','2','243','2','1282945','0','supply transection','active','2024-12-04 06:32:00','2024-12-04 06:32:00');
INSERT INTO `supplier_transections` VALUES ('244','2','244','2','1251295','0','supply transection','active','2024-12-04 06:34:28','2024-12-04 06:34:28');
INSERT INTO `supplier_transections` VALUES ('245','3','245','2','1251295','0','supply transection','active','2024-12-04 07:40:34','2024-12-04 07:40:34');
INSERT INTO `supplier_transections` VALUES ('246','7','246','2','2502590','0','supply transection','active','2024-12-04 07:51:39','2024-12-04 07:51:39');
INSERT INTO `supplier_transections` VALUES ('247','8','247','2','2534240','0','supply transection','active','2024-12-04 07:59:41','2024-12-04 07:59:41');
INSERT INTO `supplier_transections` VALUES ('248','1','248','2','500518','0','supply transection','active','2024-12-06 15:46:50','2024-12-06 15:46:50');
INSERT INTO `supplier_transections` VALUES ('249','3','249','2','1251295','0','supply transection','active','2024-12-06 15:55:51','2024-12-06 15:55:51');
INSERT INTO `supplier_transections` VALUES ('250','8','250','2','1251295','0','supply transection','active','2024-12-06 16:11:05','2024-12-06 16:11:05');
INSERT INTO `supplier_transections` VALUES ('251','1','251','2','1251295','0','supply transection','active','2024-12-06 16:17:04','2024-12-06 16:17:04');
INSERT INTO `supplier_transections` VALUES ('252','4','252','2','750777','0','supply transection','active','2024-12-07 07:37:41','2024-12-07 07:37:41');
INSERT INTO `supplier_transections` VALUES ('253','3','253','2','9462143','0','supply transection','active','2024-12-09 09:44:10','2024-12-09 09:44:10');
INSERT INTO `supplier_transections` VALUES ('254','2','254','2','1751813','0','supply transection','active','2024-12-09 10:19:16','2024-12-09 10:19:16');
INSERT INTO `supplier_transections` VALUES ('255','2','255','2','750777','0','supply transection','active','2024-12-09 10:21:51','2024-12-09 10:21:51');
INSERT INTO `supplier_transections` VALUES ('256','7','256','2','2534240','0','supply transection','active','2024-12-09 10:35:11','2024-12-09 10:35:11');
INSERT INTO `supplier_transections` VALUES ('257','1','257','2','1251295','0','supply transection','active','2024-12-10 06:25:29','2024-12-10 06:25:29');
INSERT INTO `supplier_transections` VALUES ('258','4','258','2','1282945','0','supply transection','active','2024-12-10 06:35:06','2024-12-10 06:35:06');
INSERT INTO `supplier_transections` VALUES ('259','8','259','2','1251295','0','supply transection','active','2024-12-10 07:46:16','2024-12-10 07:46:16');
INSERT INTO `supplier_transections` VALUES ('260','3','260','2','1251295','0','supply transection','active','2024-12-11 06:34:27','2024-12-11 06:34:27');
INSERT INTO `supplier_transections` VALUES ('261','2','261','2','2502590','0','supply transection','active','2024-12-11 08:15:15','2024-12-11 08:15:15');
INSERT INTO `supplier_transections` VALUES ('262','2','262','2','2565890','0','supply transection','active','2024-12-11 08:23:33','2024-12-11 08:23:33');
INSERT INTO `supplier_transections` VALUES ('263','3','263','2','1282945','0','supply transection','active','2024-12-12 06:00:52','2024-12-12 06:00:52');
INSERT INTO `supplier_transections` VALUES ('264','1','264','2','2534240','0','supply transection','active','2024-12-13 07:36:45','2024-12-13 07:36:45');
INSERT INTO `supplier_transections` VALUES ('265','7','265','2','2502590','0','supply transection','active','2024-12-13 09:18:08','2024-12-13 09:18:08');
INSERT INTO `supplier_transections` VALUES ('266','2','266','2','2534240','0','supply transection','active','2024-12-14 06:10:04','2024-12-14 06:10:04');
INSERT INTO `supplier_transections` VALUES ('269','4','269','2','1251295','0','supply transection','active','2024-12-14 06:46:06','2024-12-14 06:46:06');
INSERT INTO `supplier_transections` VALUES ('270','8','270','2','1251295','0','supply transection','active','2024-12-14 06:51:45','2024-12-14 06:51:45');
INSERT INTO `supplier_transections` VALUES ('271','3','271','2','2534240','0','supply transection','active','2024-12-14 06:57:44','2024-12-14 06:57:44');
INSERT INTO `supplier_transections` VALUES ('272','1','272','2','2021062','0','supply transection','active','2024-12-15 06:24:54','2024-12-15 06:24:54');
INSERT INTO `supplier_transections` VALUES ('273','3','273','2','3817185','0','supply transection','active','2024-12-15 06:30:05','2024-12-15 06:30:05');
INSERT INTO `supplier_transections` VALUES ('274','7','274','2','1282945','0','supply transection','active','2024-12-15 08:14:12','2024-12-15 08:14:12');
INSERT INTO `supplier_transections` VALUES ('275','8','275','2','1282945','0','supply transection','active','2024-12-16 06:49:39','2024-12-16 06:49:39');
INSERT INTO `supplier_transections` VALUES ('276','2','276','2','2519007','0','supply transection','active','2024-12-17 08:00:11','2024-12-17 08:00:11');
INSERT INTO `supplier_transections` VALUES ('277','4','277','2','1251295','0','supply transection','active','2024-12-17 08:06:25','2024-12-17 08:06:25');
INSERT INTO `supplier_transections` VALUES ('278','8','278','2','1251295','0','supply transection','active','2024-12-17 08:15:13','2024-12-17 08:15:13');
INSERT INTO `supplier_transections` VALUES ('279','1','279','2','1267712','0','supply transection','active','2024-12-18 06:16:43','2024-12-18 06:16:43');
INSERT INTO `supplier_transections` VALUES ('280','3','280','2','1267712','0','supply transection','active','2024-12-18 06:22:20','2024-12-18 06:22:20');
INSERT INTO `supplier_transections` VALUES ('281','3','281','2','2519007','0','supply transection','active','2024-12-19 10:09:00','2024-12-19 10:09:00');
INSERT INTO `supplier_transections` VALUES ('282','7','282','2','2502590','0','supply transection','active','2024-12-19 10:13:10','2024-12-19 10:13:10');
INSERT INTO `supplier_transections` VALUES ('283','1','283','2','1251295','0','supply transection','active','2024-12-20 06:33:56','2024-12-20 06:33:56');
INSERT INTO `supplier_transections` VALUES ('284','2','284','2','1251295','0','supply transection','active','2024-12-20 06:38:09','2024-12-20 06:38:09');
INSERT INTO `supplier_transections` VALUES ('285','4','285','2','1251295','0','supply transection','active','2024-12-21 05:51:16','2024-12-21 05:51:16');
INSERT INTO `supplier_transections` VALUES ('286','8','286','2','1251295','0','supply transection','active','2024-12-21 06:03:14','2024-12-21 06:03:14');
INSERT INTO `supplier_transections` VALUES ('287','1','287','2','1251295','0','supply transection','active','2024-12-23 05:16:45','2024-12-23 05:16:45');
INSERT INTO `supplier_transections` VALUES ('288','3','288','2','5054431','0','supply transection','active','2024-12-23 06:05:56','2024-12-23 06:05:56');
INSERT INTO `supplier_transections` VALUES ('289','1','289','2','2519007','0','supply transection','active','2024-12-24 06:00:16','2024-12-24 06:00:16');
INSERT INTO `supplier_transections` VALUES ('290','3','290','2','2519007','0','supply transection','active','2024-12-24 06:21:38','2024-12-24 06:21:38');
INSERT INTO `supplier_transections` VALUES ('291','8','291','2','1267712','0','supply transection','active','2024-12-24 06:28:55','2024-12-24 06:28:55');
INSERT INTO `supplier_transections` VALUES ('292','2','292','2','2519007','0','supply transection','active','2024-12-24 07:09:15','2024-12-24 07:09:15');
INSERT INTO `supplier_transections` VALUES ('293','2','293','2','1267712','0','supply transection','active','2024-12-24 07:13:16','2024-12-24 07:13:16');
INSERT INTO `supplier_transections` VALUES ('294','1','294','2','500518','0','supply transection','active','2024-12-25 08:10:03','2024-12-25 08:10:03');
INSERT INTO `supplier_transections` VALUES ('295','2','295','2','2519007','0','supply transection','active','2024-12-25 08:12:10','2024-12-25 08:12:10');
INSERT INTO `supplier_transections` VALUES ('296','4','296','2','1267712','0','supply transection','active','2024-12-25 08:16:39','2024-12-25 08:16:39');
INSERT INTO `supplier_transections` VALUES ('297','7','297','2','2519007','0','supply transection','active','2024-12-25 08:19:13','2024-12-25 08:19:13');
INSERT INTO `supplier_transections` VALUES ('298','8','298','2','250259','0','supply transection','active','2024-12-26 11:17:06','2024-12-26 11:17:06');
INSERT INTO `supplier_transections` VALUES ('299','1','299','2','750777','0','supply transection','active','2024-12-27 06:08:01','2024-12-27 06:08:01');
INSERT INTO `supplier_transections` VALUES ('300','3','300','2','3786719','0','supply transection','active','2024-12-27 06:15:33','2024-12-27 06:15:33');
INSERT INTO `supplier_transections` VALUES ('301','4','301','2','1251295','0','supply transection','active','2024-12-27 06:22:17','2024-12-27 06:22:17');
INSERT INTO `supplier_transections` VALUES ('302','8','302','2','1251295','0','supply transection','active','2024-12-27 07:02:05','2024-12-27 07:02:05');
INSERT INTO `supplier_transections` VALUES ('303','2','303','2','1251295','0','supply transection','active','2024-12-30 05:41:29','2024-12-30 05:41:29');
INSERT INTO `supplier_transections` VALUES ('304','2','304','2','2519007','0','supply transection','active','2024-12-30 05:44:48','2024-12-30 05:44:48');
INSERT INTO `supplier_transections` VALUES ('305','3','305','2','3803136','0','supply transection','active','2024-12-30 05:57:18','2024-12-30 05:57:18');
INSERT INTO `supplier_transections` VALUES ('306','7','306','2','2519007','0','supply transection','active','2024-12-30 07:31:25','2024-12-30 07:31:25');
INSERT INTO `supplier_transections` VALUES ('307','8','307','2','2519007','0','supply transection','active','2024-12-30 09:38:50','2024-12-30 09:38:50');
INSERT INTO `supplier_transections` VALUES ('308','3','308','2','5054431','0','supply transection','active','2024-12-31 06:54:17','2024-12-31 06:54:17');
INSERT INTO `supplier_transections` VALUES ('310','4','310','2','750777','0','supply transection','active','2024-12-31 07:06:17','2024-12-31 07:06:17');
INSERT INTO `supplier_transections` VALUES ('311','1','311','2','2011922.2','0','supply transection','active','2024-12-31 07:12:49','2024-12-31 07:12:49');
INSERT INTO `supplier_transections` VALUES ('312','4','312','2','760627.2','0','supply transection','active','2025-01-01 05:09:15','2025-01-01 05:09:15');
INSERT INTO `supplier_transections` VALUES ('313','3','313','2','2535424','0','supply transection','active','2025-01-01 05:22:55','2025-01-01 05:22:55');
INSERT INTO `supplier_transections` VALUES ('314','2','314','2','752457','0','supply transection','active','2025-01-02 10:28:23','2025-01-02 10:28:23');
INSERT INTO `supplier_transections` VALUES ('315','7','315','2','1254095','0','supply transection','active','2025-01-02 10:38:18','2025-01-02 10:38:18');
INSERT INTO `supplier_transections` VALUES ('316','2','316','2','1271145.2000000002','0','supply transection','active','2025-01-03 13:20:15','2025-01-03 13:20:15');
INSERT INTO `supplier_transections` VALUES ('318','8','318','2','1254095','0','supply transection','active','2025-01-03 13:32:22','2025-01-03 13:32:22');
INSERT INTO `supplier_transections` VALUES ('319','1','319','2','501638','0','supply transection','active','2025-01-04 06:10:05','2025-01-04 06:10:05');
INSERT INTO `supplier_transections` VALUES ('320','2','320','2','2536607','0','supply transection','active','2025-01-04 06:39:33','2025-01-04 06:39:33');
INSERT INTO `supplier_transections` VALUES ('321','1','321','2','1254095','0','supply transection','active','2025-01-05 12:08:07','2025-01-05 12:08:07');
INSERT INTO `supplier_transections` VALUES ('322','4','322','2','1254095','0','supply transection','active','2025-01-05 12:17:18','2025-01-05 12:17:18');
INSERT INTO `supplier_transections` VALUES ('323','7','323','2','3277697.2','0','supply transection','active','2025-01-05 12:20:42','2025-01-05 12:20:42');
INSERT INTO `supplier_transections` VALUES ('324','3','324','2','1254095','0','supply transection','active','2025-01-06 06:49:10','2025-01-06 06:49:10');
INSERT INTO `supplier_transections` VALUES ('325','3','325','2','3819119','0','supply transection','active','2025-01-06 07:01:43','2025-01-06 07:01:43');
INSERT INTO `supplier_transections` VALUES ('326','8','326','2','2536607','0','supply transection','active','2025-01-07 06:19:58','2025-01-07 06:19:58');
INSERT INTO `supplier_transections` VALUES ('328','3','328','2','2536607','0','supply transection','active','2025-01-08 10:18:43','2025-01-08 10:18:43');
INSERT INTO `supplier_transections` VALUES ('329','4','329','2','1254095','0','supply transection','active','2025-01-08 10:35:56','2025-01-08 10:35:56');
INSERT INTO `supplier_transections` VALUES ('330','2','330','2','1254095','0','supply transection','active','2025-01-08 10:48:25','2025-01-08 10:48:25');
INSERT INTO `supplier_transections` VALUES ('331','1','331','2','1282512','0','supply transection','active','2025-01-09 05:51:31','2025-01-09 05:51:31');
INSERT INTO `supplier_transections` VALUES ('332','1','332','2','1254095','0','supply transection','active','2025-01-09 05:54:33','2025-01-09 05:54:33');
INSERT INTO `supplier_transections` VALUES ('333','2','333','2','1282512','0','supply transection','active','2025-01-09 06:28:53','2025-01-09 06:28:53');
INSERT INTO `supplier_transections` VALUES ('334','2','334','2','1254095','0','supply transection','active','2025-01-10 05:49:42','2025-01-10 05:49:42');
INSERT INTO `supplier_transections` VALUES ('335','3','335','2','3819119','0','supply transection','active','2025-01-10 07:17:52','2025-01-10 07:17:52');
INSERT INTO `supplier_transections` VALUES ('336','8','336','2','2006552','0','supply transection','active','2025-01-10 07:22:32','2025-01-10 07:22:32');
INSERT INTO `supplier_transections` VALUES ('337','1','337','2','1254095','0','supply transection','active','2025-01-11 05:54:14','2025-01-11 05:54:14');
INSERT INTO `supplier_transections` VALUES ('338','7','338','2','1254095','0','supply transection','active','2025-01-11 06:10:19','2025-01-11 06:10:19');
INSERT INTO `supplier_transections` VALUES ('339','2','339','2','2285788','0','supply transection','active','2025-01-13 05:23:47','2025-01-13 05:23:47');
INSERT INTO `supplier_transections` VALUES ('340','1','340','2','1254095','0','supply transection','active','2025-01-13 05:40:11','2025-01-13 05:40:11');
INSERT INTO `supplier_transections` VALUES ('341','3','341','2','1254095','0','supply transection','active','2025-01-13 05:48:10','2025-01-13 05:48:10');
INSERT INTO `supplier_transections` VALUES ('342','4','342','2','1254095','0','supply transection','active','2025-01-13 06:11:19','2025-01-13 06:11:19');
INSERT INTO `supplier_transections` VALUES ('343','3','343','2','2565024','0','supply transection','active','2025-01-14 06:41:01','2025-01-14 06:41:01');
INSERT INTO `supplier_transections` VALUES ('344','2','344','2','1254095','0','supply transection','active','2025-01-14 07:19:35','2025-01-14 07:19:35');
INSERT INTO `supplier_transections` VALUES ('345','4','345','2','513004.80000000005','0','supply transection','active','2025-01-14 09:37:00','2025-01-14 09:37:00');
INSERT INTO `supplier_transections` VALUES ('346','2','346','2','2536607','0','supply transection','active','2025-01-15 06:55:15','2025-01-15 06:55:15');
INSERT INTO `supplier_transections` VALUES ('347','3','347','2','5130048','0','supply transection','active','2025-01-15 07:00:22','2025-01-15 07:00:22');
INSERT INTO `supplier_transections` VALUES ('348','7','348','2','3790702','0','supply transection','active','2025-01-15 07:05:00','2025-01-15 07:05:00');
INSERT INTO `supplier_transections` VALUES ('349','8','349','2','2536607','0','supply transection','active','2025-01-15 10:13:16','2025-01-15 10:13:16');
INSERT INTO `supplier_transections` VALUES ('350','1','350','2','1282512','0','supply transection','active','2025-01-17 05:49:38','2025-01-17 05:49:38');
INSERT INTO `supplier_transections` VALUES ('351','3','351','2','1254095','0','supply transection','active','2025-01-17 05:56:24','2025-01-17 05:56:24');
INSERT INTO `supplier_transections` VALUES ('352','1','352','2','1267610','0','supply transection','active','2025-01-19 06:03:33','2025-01-19 06:03:33');
INSERT INTO `supplier_transections` VALUES ('353','1','353','2','1267610','0','supply transection','active','2025-01-19 06:08:01','2025-01-19 06:08:01');
INSERT INTO `supplier_transections` VALUES ('354','3','354','2','1291710','0','supply transection','active','2025-01-19 06:15:55','2025-01-19 06:15:55');
INSERT INTO `supplier_transections` VALUES ('355','3','355','2','3076004','0','supply transection','active','2025-01-19 06:19:14','2025-01-19 06:19:14');
INSERT INTO `supplier_transections` VALUES ('356','3','356','2','2559320','0','supply transection','active','2025-01-19 07:38:29','2025-01-19 07:38:29');
INSERT INTO `supplier_transections` VALUES ('357','4','357','2','1267610','0','supply transection','active','2025-01-19 07:40:51','2025-01-19 07:40:51');
INSERT INTO `supplier_transections` VALUES ('358','8','358','2','1267610','0','supply transection','active','2025-01-19 08:06:06','2025-01-19 08:06:06');
INSERT INTO `supplier_transections` VALUES ('359','2','359','2','2558320','0','supply transection','active','2025-01-20 10:50:33','2025-01-20 10:50:33');
INSERT INTO `supplier_transections` VALUES ('360','2','360','2','1267110','0','supply transection','active','2025-01-21 08:19:28','2025-01-21 08:19:28');
INSERT INTO `supplier_transections` VALUES ('361','7','361','2','1268110','0','supply transection','active','2025-01-21 08:26:57','2025-01-21 08:26:57');
INSERT INTO `supplier_transections` VALUES ('362','2','362','2','1267110','0','supply transection','active','2025-01-23 06:16:41','2025-01-23 06:16:41');
INSERT INTO `supplier_transections` VALUES ('363','3','363','2','1267610','0','supply transection','active','2025-01-23 06:20:10','2025-01-23 06:20:10');
INSERT INTO `supplier_transections` VALUES ('364','8','364','2','2559320','0','supply transection','active','2025-01-23 06:39:21','2025-01-23 06:39:21');
INSERT INTO `supplier_transections` VALUES ('365','1','365','2','1267610','0','supply transection','active','2025-01-24 07:08:49','2025-01-24 07:08:49');
INSERT INTO `supplier_transections` VALUES ('366','1','366','2','1291710','0','supply transection','active','2025-01-25 10:12:29','2025-01-25 10:12:29');
INSERT INTO `supplier_transections` VALUES ('367','2','367','2','1291210','0','supply transection','active','2025-01-25 10:14:42','2025-01-25 10:14:42');
INSERT INTO `supplier_transections` VALUES ('368','7','368','2','2560320','0','supply transection','active','2025-01-25 10:18:09','2025-01-25 10:18:09');
INSERT INTO `supplier_transections` VALUES ('369','7','369','2','1268110','0','supply transection','active','2025-01-25 10:18:40','2025-01-25 10:18:40');
INSERT INTO `supplier_transections` VALUES ('370','1','370','2','1267610','0','supply transection','active','2025-01-26 06:00:00','2025-01-26 06:00:00');
INSERT INTO `supplier_transections` VALUES ('371','4','371','2','2559320','0','supply transection','active','2025-01-26 06:07:24','2025-01-26 06:07:24');
INSERT INTO `supplier_transections` VALUES ('372','8','372','2','1267610','0','supply transection','active','2025-01-26 06:21:24','2025-01-26 06:21:24');
INSERT INTO `supplier_transections` VALUES ('373','2','373','2','2558320','0','supply transection','active','2025-01-26 06:36:26','2025-01-26 06:36:26');
INSERT INTO `supplier_transections` VALUES ('374','3','374','2','5142740','0','supply transection','active','2025-01-26 07:35:48','2025-01-26 07:35:48');
INSERT INTO `supplier_transections` VALUES ('375','1','375','2','507044','0','supply transection','active','2025-01-28 05:02:35','2025-01-28 05:02:35');
INSERT INTO `supplier_transections` VALUES ('376','4','376','2','1267610','0','supply transection','active','2025-01-29 05:38:33','2025-01-29 05:38:33');
INSERT INTO `supplier_transections` VALUES ('377','3','377','2','1267610','0','supply transection','active','2025-01-29 05:44:44','2025-01-29 05:44:44');
INSERT INTO `supplier_transections` VALUES ('378','1','378','2','1291710','0','supply transection','active','2025-01-29 05:48:09','2025-01-29 05:48:09');
INSERT INTO `supplier_transections` VALUES ('379','1','379','2','1267610','0','supply transection','active','2025-01-30 06:48:35','2025-01-30 06:48:35');
INSERT INTO `supplier_transections` VALUES ('380','2','380','2','1267110','0','supply transection','active','2025-01-30 06:53:17','2025-01-30 06:53:17');
INSERT INTO `supplier_transections` VALUES ('381','3','381','2','1291710','0','supply transection','active','2025-01-30 06:57:04','2025-01-30 06:57:04');
INSERT INTO `supplier_transections` VALUES ('382','8','382','2','1267610','0','supply transection','active','2025-01-30 07:04:33','2025-01-30 07:04:33');
INSERT INTO `supplier_transections` VALUES ('383','3','383','2','6434450','0','supply transection','active','2025-01-31 06:03:13','2025-01-31 06:03:13');
INSERT INTO `supplier_transections` VALUES ('384','7','384','2','2536220','0','supply transection','active','2025-01-31 06:09:06','2025-01-31 06:09:06');
INSERT INTO `supplier_transections` VALUES ('385','2','385','2','1267110','0','supply transection','active','2025-01-31 10:13:42','2025-01-31 10:13:42');
INSERT INTO `supplier_transections` VALUES ('386','1','386','2','1291710','0','supply transection','active','2025-02-01 08:15:49','2025-02-01 08:15:49');
INSERT INTO `supplier_transections` VALUES ('387','2','387','2','1291210','0','supply transection','active','2025-02-01 08:28:49','2025-02-01 08:28:49');
INSERT INTO `supplier_transections` VALUES ('388','8','388','2','1798754','0','supply transection','active','2025-02-01 09:14:14','2025-02-01 09:14:14');
INSERT INTO `supplier_transections` VALUES ('389','3','389','2','1291710','0','supply transection','active','2025-02-01 09:22:23','2025-02-01 09:22:23');
INSERT INTO `supplier_transections` VALUES ('390','3','390','2','2599520','0','supply transection','active','2025-02-06 08:26:02','2025-02-06 08:26:02');
INSERT INTO `supplier_transections` VALUES ('391','3','391','2','2545320','0','supply transection','active','2025-02-06 09:42:19','2025-02-06 09:42:19');
INSERT INTO `supplier_transections` VALUES ('392','3','392','2','1326860','0','supply transection','active','2025-02-06 09:46:32','2025-02-06 09:46:32');
INSERT INTO `supplier_transections` VALUES ('393','7','393','2','1273160','0','supply transection','active','2025-02-06 10:13:58','2025-02-06 10:13:58');
INSERT INTO `supplier_transections` VALUES ('394','2','394','2','508864','0','supply transection','active','2025-02-06 10:26:48','2025-02-06 10:26:48');
INSERT INTO `supplier_transections` VALUES ('395','2','395','2','2598520','0','supply transection','active','2025-02-06 10:32:46','2025-02-06 10:32:46');
INSERT INTO `supplier_transections` VALUES ('396','2','396','2','2598520','0','supply transection','active','2025-02-06 10:35:03','2025-02-06 10:35:03');
INSERT INTO `supplier_transections` VALUES ('397','8','397','2','1272660','0','supply transection','active','2025-02-07 05:51:04','2025-02-07 05:51:04');
INSERT INTO `supplier_transections` VALUES ('398','2','398','2','1272160','0','supply transection','active','2025-02-07 10:29:29','2025-02-07 10:29:29');
INSERT INTO `supplier_transections` VALUES ('399','7','399','2','2600520','0','supply transection','active','2025-02-08 05:18:04','2025-02-08 05:18:04');
INSERT INTO `supplier_transections` VALUES ('400','3','400','2','2653720','0','supply transection','active','2025-02-08 06:07:42','2025-02-08 06:07:42');
INSERT INTO `supplier_transections` VALUES ('401','3','401','2','2545320','0','supply transection','active','2025-02-08 06:08:39','2025-02-08 06:08:39');
INSERT INTO `supplier_transections` VALUES ('402','1','402','2','763596','0','supply transection','active','2025-02-10 07:10:16','2025-02-10 07:10:16');
INSERT INTO `supplier_transections` VALUES ('403','1','403','2','763596','0','supply transection','active','2025-02-10 07:15:38','2025-02-10 07:15:38');
INSERT INTO `supplier_transections` VALUES ('404','1','404','2','1272660','0','supply transection','active','2025-02-10 07:18:18','2025-02-10 07:18:18');
INSERT INTO `supplier_transections` VALUES ('405','1','405','2','509064','0','supply transection','active','2025-02-10 07:30:04','2025-02-10 07:30:04');
INSERT INTO `supplier_transections` VALUES ('406','8','406','2','2599520','0','supply transection','active','2025-02-10 08:06:16','2025-02-10 08:06:16');
INSERT INTO `supplier_transections` VALUES ('407','4','407','2','1272660','0','supply transection','active','2025-02-10 09:53:16','2025-02-10 09:53:16');
INSERT INTO `supplier_transections` VALUES ('408','4','408','2','1272660','0','supply transection','active','2025-02-10 10:06:11','2025-02-10 10:06:11');
INSERT INTO `supplier_transections` VALUES ('409','2','409','2','2544320','0','supply transection','active','2025-02-11 05:46:07','2025-02-11 05:46:07');
INSERT INTO `supplier_transections` VALUES ('410','1','410','2','3926380','0','supply transection','active','2025-02-12 06:32:08','2025-02-12 06:32:08');
INSERT INTO `supplier_transections` VALUES ('411','2','411','2','2652720','0','supply transection','active','2025-02-12 06:36:29','2025-02-12 06:36:29');
INSERT INTO `supplier_transections` VALUES ('412','4','412','2','530744','0','supply transection','active','2025-02-12 06:38:57','2025-02-12 06:38:57');
INSERT INTO `supplier_transections` VALUES ('413','8','413','2','796116','0','supply transection','active','2025-02-12 06:44:41','2025-02-12 06:44:41');
INSERT INTO `supplier_transections` VALUES ('414','3','414','2','3980580','0','supply transection','active','2025-02-13 04:50:55','2025-02-13 04:50:55');
INSERT INTO `supplier_transections` VALUES ('415','4','415','2','1272660','0','supply transection','active','2025-02-13 04:55:28','2025-02-13 04:55:28');
INSERT INTO `supplier_transections` VALUES ('416','7','416','2','1273160','0','supply transection','active','2025-02-13 05:07:42','2025-02-13 05:07:42');
INSERT INTO `supplier_transections` VALUES ('417','3','417','2','1272660','0','supply transection','active','2025-02-13 05:31:53','2025-02-13 05:31:53');
INSERT INTO `supplier_transections` VALUES ('418','8','418','2','1272660','0','supply transection','active','2025-02-13 10:00:16','2025-02-13 10:00:16');
INSERT INTO `supplier_transections` VALUES ('419','1','419','2','1272660','0','supply transection','active','2025-02-14 05:15:08','2025-02-14 05:15:08');
INSERT INTO `supplier_transections` VALUES ('420','2','420','2','1272160','0','supply transection','active','2025-02-15 07:11:08','2025-02-15 07:11:08');
INSERT INTO `supplier_transections` VALUES ('421','1','421','2','1267660','0','supply transection','active','2025-02-26 06:25:40','2025-02-26 06:25:40');
INSERT INTO `supplier_transections` VALUES ('422','1','422','2','1267660','0','supply transection','active','2025-02-26 06:36:25','2025-02-26 06:36:25');
INSERT INTO `supplier_transections` VALUES ('423','1','423','2','1267660','0','supply transection','active','2025-02-26 07:00:01','2025-02-26 07:00:01');
INSERT INTO `supplier_transections` VALUES ('424','1','424','2','2051776','0','supply transection','active','2025-02-26 07:10:37','2025-02-26 07:10:37');
INSERT INTO `supplier_transections` VALUES ('425','2','425','2','1267160','0','supply transection','active','2025-02-26 07:17:19','2025-02-26 07:17:19');
INSERT INTO `supplier_transections` VALUES ('426','2','426','2','1306360','0','supply transection','active','2025-02-26 07:22:21','2025-02-26 07:22:21');
INSERT INTO `supplier_transections` VALUES ('427','4','427','2','1267660','0','supply transection','active','2025-02-26 10:48:37','2025-02-26 10:48:37');
INSERT INTO `supplier_transections` VALUES ('429','4','429','2','1790404','0','supply transection','active','2025-02-26 11:09:55','2025-02-26 11:09:55');
INSERT INTO `supplier_transections` VALUES ('430','8','430','2','1267660','0','supply transection','active','2025-02-26 11:23:07','2025-02-26 11:23:07');
INSERT INTO `supplier_transections` VALUES ('431','8','431','2','1774724','0','supply transection','active','2025-02-26 11:26:04','2025-02-26 11:26:04');
INSERT INTO `supplier_transections` VALUES ('432','8','432','2','2574520','0','supply transection','active','2025-02-27 05:12:42','2025-02-27 05:12:42');
INSERT INTO `supplier_transections` VALUES ('433','3','433','2','3881380','0','supply transection','active','2025-02-27 05:59:06','2025-02-27 05:59:06');
INSERT INTO `supplier_transections` VALUES ('434','3','434','2','2574520','0','supply transection','active','2025-02-27 06:19:22','2025-02-27 06:19:22');
INSERT INTO `supplier_transections` VALUES ('435','3','435','2','1813924','0','supply transection','active','2025-02-27 06:30:56','2025-02-27 06:30:56');
INSERT INTO `supplier_transections` VALUES ('436','3','436','2','2574520','0','supply transection','active','2025-02-27 06:34:41','2025-02-27 06:34:41');
INSERT INTO `supplier_transections` VALUES ('437','3','437','2','2574520','0','supply transection','active','2025-02-27 06:38:44','2025-02-27 06:38:44');
INSERT INTO `supplier_transections` VALUES ('438','3','438','2','3881380','0','supply transection','active','2025-02-27 06:46:07','2025-02-27 06:46:07');
INSERT INTO `supplier_transections` VALUES ('439','3','439','2','1306860','0','supply transection','active','2025-02-27 06:49:26','2025-02-27 06:49:26');
INSERT INTO `supplier_transections` VALUES ('440','7','440','2','2536320','0','supply transection','active','2025-02-27 07:08:36','2025-02-27 07:08:36');
INSERT INTO `supplier_transections` VALUES ('441','7','441','2','2536320','0','supply transection','active','2025-02-27 07:25:52','2025-02-27 07:25:52');
INSERT INTO `supplier_transections` VALUES ('442','7','442','2','2052576','0','supply transection','active','2025-02-27 09:47:15','2025-02-27 09:47:15');
INSERT INTO `supplier_transections` VALUES ('443','3','443','2','2574520','0','supply transection','active','2025-02-27 10:58:19','2025-02-27 10:58:19');
INSERT INTO `supplier_transections` VALUES ('444','8','444','2','1267660','0','supply transection','active','2025-02-27 11:13:47','2025-02-27 11:13:47');
INSERT INTO `supplier_transections` VALUES ('445','2','445','2','1267160','0','supply transection','active','2025-02-27 11:24:34','2025-02-27 11:24:34');
INSERT INTO `supplier_transections` VALUES ('446','2','446','2','1306360','0','supply transection','active','2025-02-27 11:26:44','2025-02-27 11:26:44');
INSERT INTO `supplier_transections` VALUES ('447','2','447','2','760296','0','supply transection','active','2025-02-27 11:34:31','2025-02-27 11:34:31');
INSERT INTO `supplier_transections` VALUES ('448','2','448','2','1267160','0','supply transection','active','2025-02-28 11:29:27','2025-02-28 11:29:27');
INSERT INTO `supplier_transections` VALUES ('449','2','449','2','4386744','0','supply transection','active','2025-03-01 06:21:07','2025-03-01 06:21:07');
INSERT INTO `supplier_transections` VALUES ('450','2','450','2','1267160','0','supply transection','active','2025-03-01 06:41:51','2025-03-01 06:41:51');
INSERT INTO `supplier_transections` VALUES ('451','2','451','2','1306360','0','supply transection','active','2025-03-01 06:44:53','2025-03-01 06:44:53');
INSERT INTO `supplier_transections` VALUES ('452','2','452','2','1267160','0','supply transection','active','2025-03-01 07:00:24','2025-03-01 07:00:24');
INSERT INTO `supplier_transections` VALUES ('453','1','453','2','1267660','0','supply transection','active','2025-03-01 07:07:56','2025-03-01 07:07:56');
INSERT INTO `supplier_transections` VALUES ('454','8','454','2','1267660','0','supply transection','active','2025-03-01 07:35:00','2025-03-01 07:35:00');
INSERT INTO `supplier_transections` VALUES ('455','1','455','2','512080.00000000006','0','supply transection','active','2025-03-04 06:01:55','2025-03-04 06:01:55');
INSERT INTO `supplier_transections` VALUES ('456','1','456','2','1777220','0','supply transection','active','2025-03-04 08:23:33','2025-03-04 08:23:33');
INSERT INTO `supplier_transections` VALUES ('457','2','457','2','2529280','0','supply transection','active','2025-03-04 08:26:37','2025-03-04 08:26:37');
INSERT INTO `supplier_transections` VALUES ('458','7','458','2','2531280','0','supply transection','active','2025-03-04 08:34:56','2025-03-04 08:34:56');
INSERT INTO `supplier_transections` VALUES ('459','4','459','2','1265140','0','supply transection','active','2025-03-04 08:45:42','2025-03-04 08:45:42');
INSERT INTO `supplier_transections` VALUES ('460','4','460','2','1265140','0','supply transection','active','2025-03-04 09:00:35','2025-03-04 09:00:35');
INSERT INTO `supplier_transections` VALUES ('461','8','461','2','2545340','0','supply transection','active','2025-03-04 09:04:28','2025-03-04 09:04:28');
INSERT INTO `supplier_transections` VALUES ('462','3','462','2','5090680','0','supply transection','active','2025-03-05 07:50:57','2025-03-05 07:50:57');
INSERT INTO `supplier_transections` VALUES ('463','3','463','2','5090680','0','supply transection','active','2025-03-05 09:05:50','2025-03-05 09:05:50');
INSERT INTO `supplier_transections` VALUES ('464','3','464','2','1280200','0','supply transection','active','2025-03-05 09:12:32','2025-03-05 09:12:32');
INSERT INTO `supplier_transections` VALUES ('465','1','465','2','1265140','0','supply transection','active','2025-03-05 09:18:39','2025-03-05 09:18:39');
INSERT INTO `supplier_transections` VALUES ('466','4','466','2','1280200','0','supply transection','active','2025-03-06 05:36:53','2025-03-06 05:36:53');
INSERT INTO `supplier_transections` VALUES ('467','2','467','2','2544340','0','supply transection','active','2025-03-08 06:42:57','2025-03-08 06:42:57');
INSERT INTO `supplier_transections` VALUES ('468','3','468','2','1280200','0','supply transection','active','2025-03-08 07:25:07','2025-03-08 07:25:07');
INSERT INTO `supplier_transections` VALUES ('469','7','469','2','1265640','0','supply transection','active','2025-03-08 07:31:28','2025-03-08 07:31:28');
INSERT INTO `supplier_transections` VALUES ('470','8','470','2','1265140','0','supply transection','active','2025-03-08 07:38:27','2025-03-08 07:38:27');
INSERT INTO `supplier_transections` VALUES ('471','1','471','2','759084','0','supply transection','active','2025-03-10 04:43:29','2025-03-10 04:43:29');
INSERT INTO `supplier_transections` VALUES ('472','2','472','2','2544340','0','supply transection','active','2025-03-10 05:05:34','2025-03-10 05:05:34');
INSERT INTO `supplier_transections` VALUES ('473','3','473','2','3825540','0','supply transection','active','2025-03-10 05:10:49','2025-03-10 05:10:49');
INSERT INTO `supplier_transections` VALUES ('474','7','474','2','2546340','0','supply transection','active','2025-03-10 05:22:34','2025-03-10 05:22:34');
INSERT INTO `supplier_transections` VALUES ('475','8','475','2','1265140','0','supply transection','active','2025-03-10 05:29:11','2025-03-10 05:29:11');
INSERT INTO `supplier_transections` VALUES ('476','2','476','2','1264640','0','supply transection','active','2025-03-11 07:36:02','2025-03-11 07:36:02');
INSERT INTO `supplier_transections` VALUES ('477','3','477','2','1280200','0','supply transection','active','2025-03-11 07:44:10','2025-03-11 07:44:10');
INSERT INTO `supplier_transections` VALUES ('478','1','478','2','2033260','0','supply transection','active','2025-03-13 06:28:11','2025-03-13 06:28:11');
INSERT INTO `supplier_transections` VALUES ('479','2','479','2','2544340','0','supply transection','active','2025-03-13 06:31:19','2025-03-13 06:31:19');
INSERT INTO `supplier_transections` VALUES ('480','4','480','2','506056','0','supply transection','active','2025-03-13 07:02:37','2025-03-13 07:02:37');
INSERT INTO `supplier_transections` VALUES ('481','8','481','2','2545340','0','supply transection','active','2025-03-13 07:35:41','2025-03-13 07:35:41');
INSERT INTO `supplier_transections` VALUES ('482','8','482','2','1265140','0','supply transection','active','2025-03-15 06:36:12','2025-03-15 06:36:12');
INSERT INTO `supplier_transections` VALUES ('483','1','483','2','1265140','0','supply transection','active','2025-03-17 05:14:53','2025-03-17 05:14:53');
INSERT INTO `supplier_transections` VALUES ('484','1','484','2','1265140','0','supply transection','active','2025-03-17 05:19:54','2025-03-17 05:19:54');
INSERT INTO `supplier_transections` VALUES ('485','2','485','2','1264640','0','supply transection','active','2025-03-17 05:23:15','2025-03-17 05:23:15');
INSERT INTO `supplier_transections` VALUES ('486','3','486','2','5105740','0','supply transection','active','2025-03-17 05:43:52','2025-03-17 05:43:52');
INSERT INTO `supplier_transections` VALUES ('487','4','487','2','1265140','0','supply transection','active','2025-03-17 06:11:49','2025-03-17 06:11:49');
INSERT INTO `supplier_transections` VALUES ('488','1','488','2','512080.00000000006','0','supply transection','active','2025-03-18 05:34:09','2025-03-18 05:34:09');
INSERT INTO `supplier_transections` VALUES ('489','3','489','2','1280200','0','supply transection','active','2025-03-18 05:41:04','2025-03-18 05:41:04');
INSERT INTO `supplier_transections` VALUES ('490','7','490','2','2531280','0','supply transection','active','2025-03-18 06:00:41','2025-03-18 06:00:41');
INSERT INTO `supplier_transections` VALUES ('491','2','491','2','1264640','0','supply transection','active','2025-03-18 07:43:05','2025-03-18 07:43:05');
INSERT INTO `supplier_transections` VALUES ('492','2','492','2','1279700','0','supply transection','active','2025-03-18 07:45:12','2025-03-18 07:45:12');
INSERT INTO `supplier_transections` VALUES ('493','3','493','2','5090680','0','supply transection','active','2025-03-19 05:58:12','2025-03-19 05:58:12');
INSERT INTO `supplier_transections` VALUES ('494','1','494','2','1280200','0','supply transection','active','2025-03-19 06:28:05','2025-03-19 06:28:05');
INSERT INTO `supplier_transections` VALUES ('495','2','495','2','1279700','0','supply transection','active','2025-03-19 06:50:52','2025-03-19 06:50:52');
INSERT INTO `supplier_transections` VALUES ('496','7','496','2','3052596','0','supply transection','active','2025-03-21 06:03:21','2025-03-21 06:03:21');
INSERT INTO `supplier_transections` VALUES ('497','4','497','2','1265140','0','supply transection','active','2025-03-21 06:11:54','2025-03-21 06:11:54');
INSERT INTO `supplier_transections` VALUES ('498','8','498','2','2545340','0','supply transection','active','2025-03-21 09:38:29','2025-03-21 09:38:29');
INSERT INTO `supplier_transections` VALUES ('499','2','499','2','2544340','0','supply transection','active','2025-03-22 07:00:47','2025-03-22 07:00:47');
INSERT INTO `supplier_transections` VALUES ('500','1','500','2','1265140','0','supply transection','active','2025-03-23 08:35:34','2025-03-23 08:35:34');
INSERT INTO `supplier_transections` VALUES ('501','2','501','2','2529280','0','supply transection','active','2025-03-23 08:41:36','2025-03-23 08:41:36');
INSERT INTO `supplier_transections` VALUES ('502','3','502','2','5105740','0','supply transection','active','2025-03-23 08:48:48','2025-03-23 08:48:48');
INSERT INTO `supplier_transections` VALUES ('503','8','503','2','1265140','0','supply transection','active','2025-03-24 07:03:57','2025-03-24 07:03:57');
INSERT INTO `supplier_transections` VALUES ('504','1','504','2','1265140','0','supply transection','active','2025-03-25 06:30:06','2025-03-25 06:30:06');
INSERT INTO `supplier_transections` VALUES ('505','1','505','2','506056','0','supply transection','active','2025-03-25 06:30:40','2025-03-25 06:30:40');
INSERT INTO `supplier_transections` VALUES ('506','2','506','2','1279700','0','supply transection','active','2025-03-26 06:25:23','2025-03-26 06:25:23');
INSERT INTO `supplier_transections` VALUES ('507','4','507','2','3814786.3200000003','0','supply transection','active','2025-03-27 06:07:40','2025-03-27 06:07:40');
INSERT INTO `supplier_transections` VALUES ('508','1','508','2','1265140','0','supply transection','active','2025-03-27 06:19:42','2025-03-27 06:19:42');
INSERT INTO `supplier_transections` VALUES ('509','7','509','2','3796920','0','supply transection','active','2025-03-27 06:22:41','2025-03-27 06:22:41');
INSERT INTO `supplier_transections` VALUES ('510','8','510','2','2530280','0','supply transection','active','2025-03-27 10:46:29','2025-03-27 10:46:29');
INSERT INTO `supplier_transections` VALUES ('511','2','511','2','2544340','0','supply transection','active','2025-03-27 10:51:44','2025-03-27 10:51:44');
INSERT INTO `supplier_transections` VALUES ('512','3','512','2','5105740','0','supply transection','active','2025-03-28 05:37:09','2025-03-28 05:37:09');
INSERT INTO `supplier_transections` VALUES ('513','1','513','2','1265140','0','supply transection','active','2025-03-29 05:55:06','2025-03-29 05:55:06');
INSERT INTO `supplier_transections` VALUES ('514','1','514','2','1280200','0','supply transection','active','2025-03-29 06:01:18','2025-03-29 06:01:18');
INSERT INTO `supplier_transections` VALUES ('515','2','515','2','2519886','0','supply transection','active','2025-04-03 07:54:46','2025-04-03 07:54:46');
INSERT INTO `supplier_transections` VALUES ('516','2','516','2','1259943','0','supply transection','active','2025-04-03 11:16:05','2025-04-03 11:16:05');
INSERT INTO `supplier_transections` VALUES ('517','7','517','2','1260943','0','supply transection','active','2025-04-03 11:35:08','2025-04-03 11:35:08');
INSERT INTO `supplier_transections` VALUES ('518','8','518','2','1260443','0','supply transection','active','2025-04-03 11:53:05','2025-04-03 11:53:05');
INSERT INTO `supplier_transections` VALUES ('519','8','519','2','1280200','0','supply transection','active','2025-04-03 11:53:30','2025-04-03 11:53:30');
INSERT INTO `supplier_transections` VALUES ('520','4','520','2','1260443','0','supply transection','active','2025-04-03 17:12:45','2025-04-03 17:12:45');
INSERT INTO `supplier_transections` VALUES ('521','3','521','2','3800086','0','supply transection','active','2025-04-04 07:43:42','2025-04-04 07:43:42');
INSERT INTO `supplier_transections` VALUES ('522','3','522','2','2519886','0','supply transection','active','2025-04-04 07:51:52','2025-04-04 07:51:52');
INSERT INTO `supplier_transections` VALUES ('523','2','523','2','1259943','0','supply transection','active','2025-04-05 05:09:44','2025-04-05 05:09:44');
INSERT INTO `supplier_transections` VALUES ('524','2','524','2','2519886','0','supply transection','active','2025-04-05 05:23:22','2025-04-05 05:23:22');
INSERT INTO `supplier_transections` VALUES ('525','3','525','2','2540643','0','supply transection','active','2025-04-05 06:14:50','2025-04-05 06:14:50');
INSERT INTO `supplier_transections` VALUES ('526','3','526','2','2560400','0','supply transection','active','2025-04-05 06:47:48','2025-04-05 06:47:48');
INSERT INTO `supplier_transections` VALUES ('527','3','527','2','2560400','0','supply transection','active','2025-04-05 06:55:34','2025-04-05 06:55:34');
INSERT INTO `supplier_transections` VALUES ('528','8','528','2','1260443','0','supply transection','active','2025-04-05 07:39:51','2025-04-05 07:39:51');
INSERT INTO `supplier_transections` VALUES ('529','1','529','2','1764620.2000000002','0','supply transection','active','2025-04-07 05:44:19','2025-04-07 05:44:19');
INSERT INTO `supplier_transections` VALUES ('530','1','530','2','1260443','0','supply transection','active','2025-04-07 06:04:16','2025-04-07 06:04:16');
INSERT INTO `supplier_transections` VALUES ('531','8','531','2','1260443','0','supply transection','active','2025-04-07 09:23:04','2025-04-07 09:23:04');
INSERT INTO `supplier_transections` VALUES ('532','7','532','2','2541643','0','supply transection','active','2025-04-07 09:34:52','2025-04-07 09:34:52');
INSERT INTO `supplier_transections` VALUES ('533','4','533','2','1260443','0','supply transection','active','2025-04-07 10:45:11','2025-04-07 10:45:11');
INSERT INTO `supplier_transections` VALUES ('534','1','534','2','2540643','0','supply transection','active','2025-04-08 11:15:14','2025-04-08 11:15:14');
INSERT INTO `supplier_transections` VALUES ('535','2','535','2','3799586','0','supply transection','active','2025-04-08 11:22:05','2025-04-08 11:22:05');
INSERT INTO `supplier_transections` VALUES ('536','3','536','2','6361486','0','supply transection','active','2025-04-08 11:25:54','2025-04-08 11:25:54');
INSERT INTO `supplier_transections` VALUES ('537','3','537','2','1280200','0','supply transection','active','2025-04-09 05:12:54','2025-04-09 05:12:54');
INSERT INTO `supplier_transections` VALUES ('538','7','538','2','1260943','0','supply transection','active','2025-04-09 05:22:34','2025-04-09 05:22:34');
INSERT INTO `supplier_transections` VALUES ('539','8','539','2','2540643','0','supply transection','active','2025-04-10 06:12:55','2025-04-10 06:12:55');
INSERT INTO `supplier_transections` VALUES ('540','1','540','2','1764620.2000000002','0','supply transection','active','2025-04-10 06:57:15','2025-04-10 06:57:15');
INSERT INTO `supplier_transections` VALUES ('541','4','541','2','1260443','0','supply transection','active','2025-04-10 07:17:11','2025-04-10 07:17:11');
INSERT INTO `supplier_transections` VALUES ('542','2','542','2','2539643','0','supply transection','active','2025-04-11 06:05:56','2025-04-11 06:05:56');
INSERT INTO `supplier_transections` VALUES ('543','3','543','2','1260443','0','supply transection','active','2025-04-11 06:10:13','2025-04-11 06:10:13');
INSERT INTO `supplier_transections` VALUES ('544','8','544','2','1260443','0','supply transection','active','2025-04-12 05:29:55','2025-04-12 05:29:55');
INSERT INTO `supplier_transections` VALUES ('545','7','545','2','2541643','0','supply transection','active','2025-04-12 05:33:46','2025-04-12 05:33:46');
INSERT INTO `supplier_transections` VALUES ('546','2','546','2','2539643','0','supply transection','active','2025-04-14 04:47:20','2025-04-14 04:47:20');
INSERT INTO `supplier_transections` VALUES ('547','1','547','2','3044820.2','0','supply transection','active','2025-04-14 05:06:06','2025-04-14 05:06:06');
INSERT INTO `supplier_transections` VALUES ('548','3','548','2','3820843','0','supply transection','active','2025-04-14 05:19:33','2025-04-14 05:19:33');
INSERT INTO `supplier_transections` VALUES ('549','4','549','2','1260443','0','supply transection','active','2025-04-14 06:39:56','2025-04-14 06:39:56');
INSERT INTO `supplier_transections` VALUES ('550','8','550','2','1260443','0','supply transection','active','2025-04-14 06:55:37','2025-04-14 06:55:37');
INSERT INTO `supplier_transections` VALUES ('551','3','551','2','2540643','0','supply transection','active','2025-04-15 04:36:24','2025-04-15 04:36:24');
INSERT INTO `supplier_transections` VALUES ('552','7','552','2','1260943','0','supply transection','active','2025-04-15 04:53:30','2025-04-15 04:53:30');
INSERT INTO `supplier_transections` VALUES ('553','2','553','2','2539643','0','supply transection','active','2025-04-15 06:54:19','2025-04-15 06:54:19');
INSERT INTO `supplier_transections` VALUES ('554','1','554','2','1272297.2000000002','0','supply transection','active','2025-04-19 05:48:09','2025-04-19 05:48:09');
INSERT INTO `supplier_transections` VALUES ('556','1','556','2','1260443','0','supply transection','active','2025-04-19 05:54:28','2025-04-19 05:54:28');
INSERT INTO `supplier_transections` VALUES ('557','2','557','2','1259943','0','supply transection','active','2025-04-19 06:02:41','2025-04-19 06:02:41');
INSERT INTO `supplier_transections` VALUES ('558','2','558','2','1279700','0','supply transection','active','2025-04-19 06:05:35','2025-04-19 06:05:35');
INSERT INTO `supplier_transections` VALUES ('559','2','559','2','1259943','0','supply transection','active','2025-04-19 06:08:59','2025-04-19 06:08:59');
INSERT INTO `supplier_transections` VALUES ('560','4','560','2','1280200','0','supply transection','active','2025-04-19 06:23:26','2025-04-19 06:23:26');
INSERT INTO `supplier_transections` VALUES ('561','3','561','2','3820843','0','supply transection','active','2025-04-19 09:35:58','2025-04-19 09:35:58');
INSERT INTO `supplier_transections` VALUES ('562','3','562','2','2560400','0','supply transection','active','2025-04-19 09:42:20','2025-04-19 09:42:20');
INSERT INTO `supplier_transections` VALUES ('563','3','563','2','1260443','0','supply transection','active','2025-04-19 10:06:31','2025-04-19 10:06:31');
INSERT INTO `supplier_transections` VALUES ('564','7','564','2','1260943','0','supply transection','active','2025-04-19 10:37:52','2025-04-19 10:37:52');
INSERT INTO `supplier_transections` VALUES ('565','7','565','2','1260943','0','supply transection','active','2025-04-19 10:44:13','2025-04-19 10:44:13');
INSERT INTO `supplier_transections` VALUES ('566','1','566','2','1280200','0','supply transection','active','2025-04-20 05:24:17','2025-04-20 05:24:17');
INSERT INTO `supplier_transections` VALUES ('567','2','567','2','2539643','0','supply transection','active','2025-04-20 05:30:23','2025-04-20 05:30:23');
INSERT INTO `supplier_transections` VALUES ('568','3','568','2','1280200','0','supply transection','active','2025-04-20 05:34:07','2025-04-20 05:34:07');
INSERT INTO `supplier_transections` VALUES ('569','3','569','2','1260443','0','supply transection','active','2025-04-20 05:34:37','2025-04-20 05:34:37');
INSERT INTO `supplier_transections` VALUES ('570','7','570','2','512280','0','supply transection','active','2025-04-20 05:40:51','2025-04-20 05:40:51');
INSERT INTO `supplier_transections` VALUES ('571','8','571','2','1260443','0','supply transection','active','2025-04-21 05:05:47','2025-04-21 05:05:47');
INSERT INTO `supplier_transections` VALUES ('572','8','572','2','768120.0000000001','0','supply transection','active','2025-04-21 05:10:41','2025-04-21 05:10:41');
INSERT INTO `supplier_transections` VALUES ('573','8','573','2','2520886','0','supply transection','active','2025-04-21 05:23:29','2025-04-21 05:23:29');
INSERT INTO `supplier_transections` VALUES ('574','4','574','2','1260443','0','supply transection','active','2025-04-21 09:19:13','2025-04-21 09:19:13');
INSERT INTO `supplier_transections` VALUES ('575','2','575','2','2539643','0','supply transection','active','2025-04-22 06:05:24','2025-04-22 06:05:24');
INSERT INTO `supplier_transections` VALUES ('576','1','576','2','1764620.2000000002','0','supply transection','active','2025-04-22 06:10:40','2025-04-22 06:10:40');
INSERT INTO `supplier_transections` VALUES ('577','3','577','2','3820843','0','supply transection','active','2025-04-22 06:28:48','2025-04-22 06:28:48');
INSERT INTO `supplier_transections` VALUES ('578','4','578','2','1260443','0','supply transection','active','2025-04-22 07:46:27','2025-04-22 07:46:27');
INSERT INTO `supplier_transections` VALUES ('579','7','579','2','2541643','0','supply transection','active','2025-04-22 07:52:37','2025-04-22 07:52:37');
INSERT INTO `supplier_transections` VALUES ('580','8','580','2','1280200','0','supply transection','active','2025-04-22 07:57:42','2025-04-22 07:57:42');
INSERT INTO `supplier_transections` VALUES ('581','3','581','2','1280200','0','supply transection','active','2025-04-23 05:44:20','2025-04-23 05:44:20');
INSERT INTO `supplier_transections` VALUES ('582','2','582','2','2027763','0','supply transection','active','2025-04-25 06:05:03','2025-04-25 06:05:03');
INSERT INTO `supplier_transections` VALUES ('583','3','583','2','1280200','0','supply transection','active','2025-04-25 06:33:36','2025-04-25 06:33:36');
INSERT INTO `supplier_transections` VALUES ('584','3','584','2','2540643','0','supply transection','active','2025-04-25 07:02:47','2025-04-25 07:02:47');
INSERT INTO `supplier_transections` VALUES ('585','4','585','2','1260443','0','supply transection','active','2025-04-25 07:16:37','2025-04-25 07:16:37');
INSERT INTO `supplier_transections` VALUES ('586','1','586','2','1260443','0','supply transection','active','2025-04-26 06:06:30','2025-04-26 06:06:30');
INSERT INTO `supplier_transections` VALUES ('587','2','587','2','1259943','0','supply transection','active','2025-04-26 06:13:03','2025-04-26 06:13:03');
INSERT INTO `supplier_transections` VALUES ('588','7','588','2','1260943','0','supply transection','active','2025-04-26 06:26:29','2025-04-26 06:26:29');
INSERT INTO `supplier_transections` VALUES ('589','1','589','2','1260443','0','supply transection','active','2025-04-28 05:20:56','2025-04-28 05:20:56');
INSERT INTO `supplier_transections` VALUES ('590','2','590','2','2027763','0','supply transection','active','2025-04-28 05:26:01','2025-04-28 05:26:01');
INSERT INTO `supplier_transections` VALUES ('591','3','591','2','3820843','0','supply transection','active','2025-04-28 05:38:43','2025-04-28 05:38:43');
INSERT INTO `supplier_transections` VALUES ('592','8','592','2','2028563','0','supply transection','active','2025-04-28 06:18:03','2025-04-28 06:18:03');
INSERT INTO `supplier_transections` VALUES ('593','1','593','2','512080.00000000006','0','supply transection','active','2025-04-29 05:28:40','2025-04-29 05:28:40');
INSERT INTO `supplier_transections` VALUES ('594','7','594','2','1260943','0','supply transection','active','2025-04-29 05:38:00','2025-04-29 05:38:00');
INSERT INTO `supplier_transections` VALUES ('595','3','595','2','3820843','0','supply transection','active','2025-04-29 05:41:24','2025-04-29 05:41:24');
INSERT INTO `supplier_transections` VALUES ('596','8','596','2','1260443','0','supply transection','active','2025-04-29 07:40:56','2025-04-29 07:40:56');
INSERT INTO `supplier_transections` VALUES ('597','2','597','2','1279700','0','supply transection','active','2025-04-29 07:48:48','2025-04-29 07:48:48');
INSERT INTO `supplier_transections` VALUES ('598','2','598','2','1259943','0','supply transection','active','2025-04-29 07:51:54','2025-04-29 07:51:54');
INSERT INTO `supplier_transections` VALUES ('599','3','599','2','3308763','0','supply transection','active','2025-04-30 05:22:14','2025-04-30 05:22:14');
INSERT INTO `supplier_transections` VALUES ('600','2','600','2','1279700','0','supply transection','active','2025-04-30 05:54:05','2025-04-30 05:54:05');
INSERT INTO `supplier_transections` VALUES ('601','4','601','2','504177.2','0','supply transection','active','2025-05-01 11:47:13','2025-05-01 11:47:13');
INSERT INTO `supplier_transections` VALUES ('602','1','602','2','2012232','0','supply transection','active','2025-05-03 05:54:22','2025-05-03 05:54:22');
INSERT INTO `supplier_transections` VALUES ('603','1','603','2','1270200','0','supply transection','active','2025-05-03 06:05:07','2025-05-03 06:05:07');
INSERT INTO `supplier_transections` VALUES ('604','2','604','2','2519312','0','supply transection','active','2025-05-03 06:15:33','2025-05-03 06:15:33');
INSERT INTO `supplier_transections` VALUES ('605','7','605','2','2521312','0','supply transection','active','2025-05-03 06:30:29','2025-05-03 06:30:29');
INSERT INTO `supplier_transections` VALUES ('606','8','606','2','2520312','0','supply transection','active','2025-05-03 09:13:36','2025-05-03 09:13:36');
INSERT INTO `supplier_transections` VALUES ('607','2','607','2','761820','0','supply transection','active','2025-05-03 09:16:34','2025-05-03 09:16:34');
INSERT INTO `supplier_transections` VALUES ('608','3','608','2','2520312','0','supply transection','active','2025-05-05 05:20:13','2025-05-05 05:20:13');
INSERT INTO `supplier_transections` VALUES ('609','3','609','2','2520312','0','supply transection','active','2025-05-05 05:56:57','2025-05-05 05:56:57');
INSERT INTO `supplier_transections` VALUES ('610','1','610','2','1250112','0','supply transection','active','2025-05-05 06:08:36','2025-05-05 06:08:36');
INSERT INTO `supplier_transections` VALUES ('611','2','611','2','1249612','0','supply transection','active','2025-05-05 06:24:12','2025-05-05 06:24:12');
INSERT INTO `supplier_transections` VALUES ('612','4','612','2','1758192','0','supply transection','active','2025-05-05 06:42:46','2025-05-05 06:42:46');
INSERT INTO `supplier_transections` VALUES ('613','7','613','2','1250612','0','supply transection','active','2025-05-05 07:27:50','2025-05-05 07:27:50');
INSERT INTO `supplier_transections` VALUES ('614','2','614','2','2519312','0','supply transection','active','2025-05-06 09:56:53','2025-05-06 09:56:53');
INSERT INTO `supplier_transections` VALUES ('615','8','615','2','2500224','0','supply transection','active','2025-05-06 10:25:46','2025-05-06 10:25:46');
INSERT INTO `supplier_transections` VALUES ('616','3','616','2','3790512','0','supply transection','active','2025-05-07 05:49:55','2025-05-07 05:49:55');
INSERT INTO `supplier_transections` VALUES ('617','1','617','2','2500224','0','supply transection','active','2025-05-07 06:34:56','2025-05-07 06:34:56');
INSERT INTO `supplier_transections` VALUES ('618','7','618','2','2521312','0','supply transection','active','2025-05-07 07:08:45','2025-05-07 07:08:45');
INSERT INTO `supplier_transections` VALUES ('619','4','619','2','750067.2000000001','0','supply transection','active','2025-05-08 06:11:18','2025-05-08 06:11:18');
INSERT INTO `supplier_transections` VALUES ('620','3','620','2','2520312','0','supply transection','active','2025-05-08 06:39:03','2025-05-08 06:39:03');
INSERT INTO `supplier_transections` VALUES ('621','2','621','2','2519312','0','supply transection','active','2025-05-09 06:11:28','2025-05-09 06:11:28');
INSERT INTO `supplier_transections` VALUES ('622','1','622','2','1250112','0','supply transection','active','2025-05-10 05:14:55','2025-05-10 05:14:55');
INSERT INTO `supplier_transections` VALUES ('623','2','623','2','2519312','0','supply transection','active','2025-05-10 05:19:10','2025-05-10 05:19:10');
INSERT INTO `supplier_transections` VALUES ('624','3','624','2','3790512','0','supply transection','active','2025-05-10 05:25:18','2025-05-10 05:25:18');
INSERT INTO `supplier_transections` VALUES ('625','7','625','2','3771924','0','supply transection','active','2025-05-10 05:33:39','2025-05-10 05:33:39');
INSERT INTO `supplier_transections` VALUES ('626','1','626','2','1270200','0','supply transection','active','2025-05-12 04:40:53','2025-05-12 04:40:53');
INSERT INTO `supplier_transections` VALUES ('627','2','627','2','1249612','0','supply transection','active','2025-05-12 04:45:10','2025-05-12 04:45:10');
INSERT INTO `supplier_transections` VALUES ('628','3','628','2','2520312','0','supply transection','active','2025-05-12 04:52:55','2025-05-12 04:52:55');
INSERT INTO `supplier_transections` VALUES ('629','4','629','2','1758192','0','supply transection','active','2025-05-12 04:59:40','2025-05-12 04:59:40');
INSERT INTO `supplier_transections` VALUES ('630','8','630','2','2520312','0','supply transection','active','2025-05-12 05:53:14','2025-05-12 05:53:14');
INSERT INTO `supplier_transections` VALUES ('631','8','631','2','1250112','0','supply transection','active','2025-05-12 05:56:19','2025-05-12 05:56:19');
INSERT INTO `supplier_transections` VALUES ('632','1','632','2','2520312','0','supply transection','active','2025-05-13 06:21:31','2025-05-13 06:21:31');
INSERT INTO `supplier_transections` VALUES ('633','3','633','2','3790512','0','supply transection','active','2025-05-13 06:27:29','2025-05-13 06:27:29');
INSERT INTO `supplier_transections` VALUES ('634','4','634','2','254040','0','supply transection','active','2025-05-13 06:32:56','2025-05-13 06:32:56');
INSERT INTO `supplier_transections` VALUES ('635','2','635','2','2539400','0','supply transection','active','2025-05-13 06:48:12','2025-05-13 06:48:12');
INSERT INTO `supplier_transections` VALUES ('636','7','636','2','2533364.8','0','supply transection','active','2025-05-14 05:25:05','2025-05-14 05:25:05');
INSERT INTO `supplier_transections` VALUES ('637','3','637','2','1270200','0','supply transection','active','2025-05-14 08:15:19','2025-05-14 08:15:19');
INSERT INTO `supplier_transections` VALUES ('638','2','638','2','1249612','0','supply transection','active','2025-05-15 05:25:54','2025-05-15 05:25:54');
INSERT INTO `supplier_transections` VALUES ('639','2','639','2','2539400','0','supply transection','active','2025-05-15 05:28:39','2025-05-15 05:28:39');
INSERT INTO `supplier_transections` VALUES ('640','8','640','2','1270200','0','supply transection','active','2025-05-16 05:14:17','2025-05-16 05:14:17');
INSERT INTO `supplier_transections` VALUES ('641','2','641','2','749767.2000000001','0','supply transection','active','2025-05-16 05:40:31','2025-05-16 05:40:31');
INSERT INTO `supplier_transections` VALUES ('642','7','642','2','2521312','0','supply transection','active','2025-05-17 06:06:37','2025-05-17 06:06:37');
INSERT INTO `supplier_transections` VALUES ('643','3','643','2','3770512','0','supply transection','active','2025-05-17 06:20:44','2025-05-17 06:20:44');
INSERT INTO `supplier_transections` VALUES ('644','1','644','2','1260200','0','supply transection','active','2025-05-17 06:26:34','2025-05-17 06:26:34');
INSERT INTO `supplier_transections` VALUES ('645','1','645','2','1250112','0','supply transection','active','2025-05-19 07:09:10','2025-05-19 07:09:10');
INSERT INTO `supplier_transections` VALUES ('646','2','646','2','1249612','0','supply transection','active','2025-05-19 07:20:48','2025-05-19 07:20:48');
INSERT INTO `supplier_transections` VALUES ('647','2','647','2','2509312','0','supply transection','active','2025-05-19 07:22:56','2025-05-19 07:22:56');
INSERT INTO `supplier_transections` VALUES ('648','4','648','2','1260200','0','supply transection','active','2025-05-19 07:32:52','2025-05-19 07:32:52');
INSERT INTO `supplier_transections` VALUES ('649','4','649','2','500044.8','0','supply transection','active','2025-05-19 07:35:03','2025-05-19 07:35:03');
INSERT INTO `supplier_transections` VALUES ('650','3','650','2','2520400','0','supply transection','active','2025-05-19 07:44:49','2025-05-19 07:44:49');
INSERT INTO `supplier_transections` VALUES ('651','8','651','2','2510312','0','supply transection','active','2025-05-19 07:57:11','2025-05-19 07:57:11');
INSERT INTO `supplier_transections` VALUES ('652','1','652','2','2510312','0','supply transection','active','2025-05-20 05:15:27','2025-05-20 05:15:27');
INSERT INTO `supplier_transections` VALUES ('653','7','653','2','2511312','0','supply transection','active','2025-05-20 06:05:00','2025-05-20 06:05:00');
INSERT INTO `supplier_transections` VALUES ('654','2','654','2','1259700','0','supply transection','active','2025-05-20 06:11:45','2025-05-20 06:11:45');
INSERT INTO `supplier_transections` VALUES ('655','3','655','2','3770512','0','supply transection','active','2025-05-20 07:52:44','2025-05-20 07:52:44');
INSERT INTO `supplier_transections` VALUES ('656','4','656','2','750067.2000000001','0','supply transection','active','2025-05-20 07:58:44','2025-05-20 07:58:44');
INSERT INTO `supplier_transections` VALUES ('657','3','657','2','5544880','0','supply transection','active','2025-05-21 05:59:44','2025-05-21 05:59:44');
INSERT INTO `supplier_transections` VALUES ('658','8','658','2','2510312','0','supply transection','active','2025-05-21 06:30:03','2025-05-21 06:30:03');
INSERT INTO `supplier_transections` VALUES ('659','2','659','2','3769012','0','supply transection','active','2025-05-21 07:21:27','2025-05-21 07:21:27');
INSERT INTO `supplier_transections` VALUES ('660','3','660','2','3770512','0','supply transection','active','2025-05-22 05:56:58','2025-05-22 05:56:58');
INSERT INTO `supplier_transections` VALUES ('661','4','661','2','1260200','0','supply transection','active','2025-05-22 06:02:19','2025-05-22 06:02:19');
INSERT INTO `supplier_transections` VALUES ('662','7','662','2','1250612','0','supply transection','active','2025-05-22 07:32:31','2025-05-22 07:32:31');
INSERT INTO `supplier_transections` VALUES ('663','1','663','2','2510312','0','supply transection','active','2025-05-23 06:15:09','2025-05-23 06:15:09');
INSERT INTO `supplier_transections` VALUES ('664','1','664','2','500044.8','0','supply transection','active','2025-05-23 06:30:58','2025-05-23 06:30:58');
INSERT INTO `supplier_transections` VALUES ('665','2','665','2','1249612','0','supply transection','active','2025-05-23 06:41:00','2025-05-23 06:41:00');
INSERT INTO `supplier_transections` VALUES ('666','3','666','2','1250112','0','supply transection','active','2025-05-23 06:46:31','2025-05-23 06:46:31');
INSERT INTO `supplier_transections` VALUES ('667','4','667','2','1250112','0','supply transection','active','2025-05-23 06:52:19','2025-05-23 06:52:19');
INSERT INTO `supplier_transections` VALUES ('668','2','668','2','2509312','0','supply transection','active','2025-05-26 06:14:24','2025-05-26 06:14:24');
INSERT INTO `supplier_transections` VALUES ('669','1','669','2','2510312','0','supply transection','active','2025-05-26 06:19:56','2025-05-26 06:19:56');
INSERT INTO `supplier_transections` VALUES ('670','3','670','2','3770512','0','supply transection','active','2025-05-26 06:36:28','2025-05-26 06:36:28');
INSERT INTO `supplier_transections` VALUES ('671','8','671','2','1500134.4000000001','0','supply transection','active','2025-05-26 06:56:53','2025-05-26 06:56:53');
INSERT INTO `supplier_transections` VALUES ('672','2','672','2','2509312','0','supply transection','active','2025-05-27 05:35:49','2025-05-27 05:35:49');
INSERT INTO `supplier_transections` VALUES ('673','3','673','2','2510312','0','supply transection','active','2025-05-27 05:43:34','2025-05-27 05:43:34');
INSERT INTO `supplier_transections` VALUES ('674','7','674','2','1750856.8','0','supply transection','active','2025-05-27 05:49:51','2025-05-27 05:49:51');
INSERT INTO `supplier_transections` VALUES ('675','8','675','2','2006232','0','supply transection','active','2025-05-27 10:23:01','2025-05-27 10:23:01');
INSERT INTO `supplier_transections` VALUES ('676','2','676','2','2509312','0','supply transection','active','2025-05-28 06:51:52','2025-05-28 06:51:52');
INSERT INTO `supplier_transections` VALUES ('677','3','677','2','3770512','0','supply transection','active','2025-05-28 06:55:38','2025-05-28 06:55:38');
INSERT INTO `supplier_transections` VALUES ('678','4','678','2','1250112','0','supply transection','active','2025-05-28 06:59:17','2025-05-28 06:59:17');
INSERT INTO `supplier_transections` VALUES ('679','7','679','2','2511312','0','supply transection','active','2025-05-28 07:03:09','2025-05-28 07:03:09');
INSERT INTO `supplier_transections` VALUES ('680','1','680','2','500044.8','0','supply transection','active','2025-05-30 06:17:41','2025-05-30 06:17:41');
INSERT INTO `supplier_transections` VALUES ('681','2','681','2','2509312','0','supply transection','active','2025-05-30 06:25:33','2025-05-30 06:25:33');
INSERT INTO `supplier_transections` VALUES ('682','8','682','2','2510312','0','supply transection','active','2025-05-30 06:56:26','2025-05-30 06:56:26');
INSERT INTO `supplier_transections` VALUES ('683','3','683','2','2520400','0','supply transection','active','2025-05-30 09:59:05','2025-05-30 09:59:05');
INSERT INTO `supplier_transections` VALUES ('684','1','684','2','750067.2000000001','0','supply transection','active','2025-05-31 07:37:08','2025-05-31 07:37:08');
INSERT INTO `supplier_transections` VALUES ('685','3','685','2','3770512','0','supply transection','active','2025-05-31 07:45:56','2025-05-31 07:45:56');
INSERT INTO `supplier_transections` VALUES ('686','7','686','2','1250612','0','supply transection','active','2025-05-31 07:50:47','2025-05-31 07:50:47');
INSERT INTO `supplier_transections` VALUES ('687','1','687','2','2006232','0','supply transection','active','2025-06-01 05:04:17','2025-06-01 05:04:17');
INSERT INTO `supplier_transections` VALUES ('688','8','688','2','500044.8','0','supply transection','active','2025-06-01 05:22:56','2025-06-01 05:22:56');
INSERT INTO `supplier_transections` VALUES ('689','2','689','2','2509312','0','supply transection','active','2025-06-01 08:15:00','2025-06-01 08:15:00');
INSERT INTO `supplier_transections` VALUES ('690','1','690','2','2515896','0','supply transection','active','2025-06-02 07:58:51','2025-06-02 07:58:51');
INSERT INTO `supplier_transections` VALUES ('691','4','691','2','502169.2','0','supply transection','active','2025-06-02 08:08:54','2025-06-02 08:08:54');
INSERT INTO `supplier_transections` VALUES ('692','7','692','2','3268429.8','0','supply transection','active','2025-06-02 08:12:04','2025-06-02 08:12:04');
INSERT INTO `supplier_transections` VALUES ('693','8','693','2','2515896','0','supply transection','active','2025-06-02 08:27:25','2025-06-02 08:27:25');
INSERT INTO `supplier_transections` VALUES ('694','2','694','2','3774869','0','supply transection','active','2025-06-04 04:38:58','2025-06-04 04:38:58');
INSERT INTO `supplier_transections` VALUES ('695','2','695','2','1254923','0','supply transection','active','2025-06-04 04:43:25','2025-06-04 04:43:25');
INSERT INTO `supplier_transections` VALUES ('696','3','696','2','5036842','0','supply transection','active','2025-06-04 04:53:04','2025-06-04 04:53:04');
INSERT INTO `supplier_transections` VALUES ('697','3','697','2','1255423','0','supply transection','active','2025-06-04 05:09:43','2025-06-04 05:09:43');
INSERT INTO `supplier_transections` VALUES ('698','3','698','2','1255423','0','supply transection','active','2025-06-04 05:29:20','2025-06-04 05:29:20');
INSERT INTO `supplier_transections` VALUES ('699','1','699','2','1255423','0','supply transection','active','2025-06-05 10:25:48','2025-06-05 10:25:48');
INSERT INTO `supplier_transections` VALUES ('700','3','700','2','1255423','0','supply transection','active','2025-06-05 10:40:11','2025-06-05 10:40:11');
INSERT INTO `supplier_transections` VALUES ('701','4','701','2','2515896','0','supply transection','active','2025-06-05 10:44:34','2025-06-05 10:44:34');
INSERT INTO `supplier_transections` VALUES ('702','7','702','2','3772819','0','supply transection','active','2025-06-05 10:47:55','2025-06-05 10:47:55');
INSERT INTO `supplier_transections` VALUES ('703','8','703','2','1757592.2','0','supply transection','active','2025-06-05 10:51:24','2025-06-05 10:51:24');
INSERT INTO `supplier_transections` VALUES ('704','1','704','2','1506507.5999999999','0','supply transection','active','2025-06-06 07:17:54','2025-06-06 07:17:54');
INSERT INTO `supplier_transections` VALUES ('705','2','705','2','2509846','0','supply transection','active','2025-06-06 07:22:09','2025-06-06 07:22:09');
INSERT INTO `supplier_transections` VALUES ('706','3','706','2','3771319','0','supply transection','active','2025-06-06 07:29:39','2025-06-06 07:29:39');
INSERT INTO `supplier_transections` VALUES ('707','8','707','2','1255423','0','supply transection','active','2025-06-06 07:50:52','2025-06-06 07:50:52');
INSERT INTO `supplier_transections` VALUES ('708','1','708','2','1255423','0','supply transection','active','2025-06-10 06:26:11','2025-06-10 06:26:11');
INSERT INTO `supplier_transections` VALUES ('709','1','709','2','1255423','0','supply transection','active','2025-06-10 06:32:12','2025-06-10 06:32:12');
INSERT INTO `supplier_transections` VALUES ('710','4','710','2','1255423','0','supply transection','active','2025-06-11 04:45:31','2025-06-11 04:45:31');
INSERT INTO `supplier_transections` VALUES ('711','7','711','2','1758292.2','0','supply transection','active','2025-06-11 05:02:43','2025-06-11 05:02:43');
INSERT INTO `supplier_transections` VALUES ('712','3','712','2','3776369','0','supply transection','active','2025-06-11 08:16:17','2025-06-11 08:16:17');
INSERT INTO `supplier_transections` VALUES ('713','2','713','2','3262799.8','0','supply transection','active','2025-06-11 10:26:07','2025-06-11 10:26:07');
INSERT INTO `supplier_transections` VALUES ('714','2','714','2','1254923','0','supply transection','active','2025-06-11 10:29:22','2025-06-11 10:29:22');
INSERT INTO `supplier_transections` VALUES ('715','2','715','2','1254923','0','supply transection','active','2025-06-11 10:32:47','2025-06-11 10:32:47');
INSERT INTO `supplier_transections` VALUES ('716','4','716','2','1255423','0','supply transection','active','2025-06-12 07:04:46','2025-06-12 07:04:46');
INSERT INTO `supplier_transections` VALUES ('717','3','717','2','1260473','0','supply transection','active','2025-06-13 10:12:51','2025-06-13 10:12:51');
INSERT INTO `supplier_transections` VALUES ('718','8','718','2','2515896','0','supply transection','active','2025-06-13 10:17:45','2025-06-13 10:17:45');
INSERT INTO `supplier_transections` VALUES ('719','8','719','2','1255423','0','supply transection','active','2025-06-13 10:20:54','2025-06-13 10:20:54');
INSERT INTO `supplier_transections` VALUES ('720','7','720','2','2511846','0','supply transection','active','2025-06-13 10:23:40','2025-06-13 10:23:40');
INSERT INTO `supplier_transections` VALUES ('721','3','721','2','3776369','0','supply transection','active','2025-06-13 10:30:24','2025-06-13 10:30:24');
INSERT INTO `supplier_transections` VALUES ('722','1','722','2','502169.2','0','supply transection','active','2025-06-13 11:01:07','2025-06-13 11:01:07');
INSERT INTO `supplier_transections` VALUES ('723','1','723','2','2013726.7999999998','0','supply transection','active','2025-06-14 11:58:16','2025-06-14 11:58:16');
INSERT INTO `supplier_transections` VALUES ('724','2','724','2','2514896','0','supply transection','active','2025-06-14 12:04:23','2025-06-14 12:04:23');
INSERT INTO `supplier_transections` VALUES ('725','3','725','2','5036842','0','supply transection','active','2025-06-14 12:09:46','2025-06-14 12:09:46');
INSERT INTO `supplier_transections` VALUES ('726','1','726','2','753253.7999999999','0','supply transection','active','2025-06-16 07:13:51','2025-06-16 07:13:51');
INSERT INTO `supplier_transections` VALUES ('727','2','727','2','2010906.7999999998','0','supply transection','active','2025-06-16 07:20:26','2025-06-16 07:20:26');
INSERT INTO `supplier_transections` VALUES ('728','3','728','2','2515896','0','supply transection','active','2025-06-16 07:25:51','2025-06-16 07:25:51');
INSERT INTO `supplier_transections` VALUES ('729','8','729','2','1255423','0','supply transection','active','2025-06-16 15:23:42','2025-06-16 15:23:42');
INSERT INTO `supplier_transections` VALUES ('730','1','730','2','1279400','0','supply transection','active','2025-06-18 07:01:37','2025-06-18 07:01:37');
INSERT INTO `supplier_transections` VALUES ('731','1','731','2','1279400','0','supply transection','active','2025-06-18 07:09:32','2025-06-18 07:09:32');
INSERT INTO `supplier_transections` VALUES ('732','2','732','2','1299720','0','supply transection','active','2025-06-18 07:14:20','2025-06-18 07:14:20');
INSERT INTO `supplier_transections` VALUES ('733','2','733','2','2557800','0','supply transection','active','2025-06-18 07:23:27','2025-06-18 07:23:27');
INSERT INTO `supplier_transections` VALUES ('734','3','734','2','2600440','0','supply transection','active','2025-06-18 07:43:32','2025-06-18 07:43:32');
INSERT INTO `supplier_transections` VALUES ('735','3','735','2','1279400','0','supply transection','active','2025-06-18 07:43:51','2025-06-18 07:43:51');
INSERT INTO `supplier_transections` VALUES ('736','4','736','2','1799488','0','supply transection','active','2025-06-18 08:01:26','2025-06-18 08:01:26');
INSERT INTO `supplier_transections` VALUES ('737','7','737','2','2580620','0','supply transection','active','2025-06-18 08:04:39','2025-06-18 08:04:39');
INSERT INTO `supplier_transections` VALUES ('738','8','738','2','2579620','0','supply transection','active','2025-06-18 08:12:53','2025-06-18 08:12:53');
INSERT INTO `supplier_transections` VALUES ('739','2','739','2','1299720','0','supply transection','active','2025-06-19 07:58:16','2025-06-19 07:58:16');
INSERT INTO `supplier_transections` VALUES ('740','3','740','2','1279400','0','supply transection','active','2025-06-20 06:58:07','2025-06-20 06:58:07');
INSERT INTO `supplier_transections` VALUES ('741','7','741','2','2559800','0','supply transection','active','2025-06-20 07:05:33','2025-06-20 07:05:33');
INSERT INTO `supplier_transections` VALUES ('742','1','742','2','1279400','0','supply transection','active','2025-06-20 07:13:38','2025-06-20 07:13:38');
INSERT INTO `supplier_transections` VALUES ('743','2','743','2','1278900','0','supply transection','active','2025-06-20 07:17:39','2025-06-20 07:17:39');
INSERT INTO `supplier_transections` VALUES ('744','3','744','2','2600440','0','supply transection','active','2025-06-20 07:21:55','2025-06-20 07:21:55');
INSERT INTO `supplier_transections` VALUES ('745','8','745','2','1279400','0','supply transection','active','2025-06-21 09:25:25','2025-06-21 09:25:25');
INSERT INTO `supplier_transections` VALUES ('746','8','746','2','1279400','0','supply transection','active','2025-06-21 09:37:39','2025-06-21 09:37:39');
INSERT INTO `supplier_transections` VALUES ('747','3','747','2','1279400','0','supply transection','active','2025-06-21 09:45:21','2025-06-21 09:45:21');
INSERT INTO `supplier_transections` VALUES ('748','2','748','2','1299720','0','supply transection','active','2025-06-21 09:49:23','2025-06-21 09:49:23');
INSERT INTO `supplier_transections` VALUES ('749','1','749','2','1300220','0','supply transection','active','2025-06-21 09:51:46','2025-06-21 09:51:46');
INSERT INTO `supplier_transections` VALUES ('750','1','750','2','1811980','0','supply transection','active','2025-06-24 11:17:15','2025-06-24 11:17:15');
INSERT INTO `supplier_transections` VALUES ('751','2','751','2','2578620','0','supply transection','active','2025-06-24 11:21:41','2025-06-24 11:21:41');
INSERT INTO `supplier_transections` VALUES ('752','2','752','2','2578620','0','supply transection','active','2025-06-24 12:10:41','2025-06-24 12:10:41');
INSERT INTO `supplier_transections` VALUES ('753','3','753','2','5180060','0','supply transection','active','2025-06-24 12:16:52','2025-06-24 12:16:52');
INSERT INTO `supplier_transections` VALUES ('754','3','754','2','7000368','0','supply transection','active','2025-06-24 13:17:15','2025-06-24 13:17:15');
INSERT INTO `supplier_transections` VALUES ('755','7','755','2','2580620','0','supply transection','active','2025-06-24 13:26:22','2025-06-24 13:26:22');
INSERT INTO `supplier_transections` VALUES ('756','8','756','2','1300220','0','supply transection','active','2025-06-24 13:33:43','2025-06-24 13:33:43');
INSERT INTO `supplier_transections` VALUES ('757','8','757','2','1279400','0','supply transection','active','2025-06-24 13:40:54','2025-06-24 13:40:54');
INSERT INTO `supplier_transections` VALUES ('758','4','758','2','767640','0','supply transection','active','2025-06-24 13:46:48','2025-06-24 13:46:48');
INSERT INTO `supplier_transections` VALUES ('759','1','759','2','767640','0','supply transection','active','2025-06-25 07:35:30','2025-06-25 07:35:30');
INSERT INTO `supplier_transections` VALUES ('760','2','760','2','1278900','0','supply transection','active','2025-06-25 07:40:57','2025-06-25 07:40:57');
INSERT INTO `supplier_transections` VALUES ('761','8','761','2','2579620','0','supply transection','active','2025-06-26 11:32:45','2025-06-26 11:32:45');
INSERT INTO `supplier_transections` VALUES ('762','2','762','2','2578620','0','supply transection','active','2025-06-26 11:35:32','2025-06-26 11:35:32');
INSERT INTO `supplier_transections` VALUES ('763','4','763','2','2579620','0','supply transection','active','2025-06-26 11:45:12','2025-06-26 11:45:12');
INSERT INTO `supplier_transections` VALUES ('764','7','764','2','1548372','0','supply transection','active','2025-06-27 05:24:31','2025-06-27 05:24:31');
INSERT INTO `supplier_transections` VALUES ('765','7','765','2','1279900','0','supply transection','active','2025-06-27 06:04:01','2025-06-27 06:04:01');
INSERT INTO `supplier_transections` VALUES ('766','1','766','2','2047040','0','supply transection','active','2025-06-27 06:11:11','2025-06-27 06:11:11');
INSERT INTO `supplier_transections` VALUES ('767','3','767','2','2579620','0','supply transection','active','2025-06-27 07:12:41','2025-06-27 07:12:41');
INSERT INTO `supplier_transections` VALUES ('768','2','768','2','1278900','0','supply transection','active','2025-06-27 11:12:16','2025-06-27 11:12:16');
INSERT INTO `supplier_transections` VALUES ('769','3','769','2','2579620','0','supply transection','active','2025-06-27 11:16:09','2025-06-27 11:16:09');
INSERT INTO `supplier_transections` VALUES ('770','8','770','2','520087.99999999994','0','supply transection','active','2025-06-28 08:03:18','2025-06-28 08:03:18');
INSERT INTO `supplier_transections` VALUES ('771','1','771','2','2067860','0','supply transection','active','2025-07-01 05:55:40','2025-07-01 05:55:40');
INSERT INTO `supplier_transections` VALUES ('772','2','772','2','1299720','0','supply transection','active','2025-07-01 07:12:01','2025-07-01 07:12:01');
INSERT INTO `supplier_transections` VALUES ('773','2','773','2','2578620','0','supply transection','active','2025-07-01 07:16:23','2025-07-01 07:16:23');
INSERT INTO `supplier_transections` VALUES ('774','3','774','2','3879840','0','supply transection','active','2025-07-01 07:35:26','2025-07-01 07:35:26');
INSERT INTO `supplier_transections` VALUES ('775','3','775','2','1279400','0','supply transection','active','2025-07-02 06:03:36','2025-07-02 06:03:36');
INSERT INTO `supplier_transections` VALUES ('776','4','776','2','1279400','0','supply transection','active','2025-07-02 13:52:26','2025-07-02 13:52:26');
INSERT INTO `supplier_transections` VALUES ('777','8','777','2','1279400','0','supply transection','active','2025-07-02 14:11:23','2025-07-02 14:11:23');
INSERT INTO `supplier_transections` VALUES ('778','8','778','2','1279400','0','supply transection','active','2025-07-02 14:17:12','2025-07-02 14:17:12');
INSERT INTO `supplier_transections` VALUES ('779','7','779','2','1279900','0','supply transection','active','2025-07-03 04:52:12','2025-07-03 04:52:12');
INSERT INTO `supplier_transections` VALUES ('780','7','780','2','1821008','0','supply transection','active','2025-07-03 04:58:03','2025-07-03 04:58:03');
INSERT INTO `supplier_transections` VALUES ('781','2','781','2','1278900','0','supply transection','active','2025-07-03 05:06:03','2025-07-03 05:06:03');
INSERT INTO `supplier_transections` VALUES ('782','1','782','2','3994949','0','supply transection','active','2025-07-04 05:43:28','2025-07-04 05:43:28');
INSERT INTO `supplier_transections` VALUES ('783','2','783','2','3213329.2','0','supply transection','active','2025-07-04 06:03:36','2025-07-04 06:03:36');
INSERT INTO `supplier_transections` VALUES ('784','3','784','2','2704566','0','supply transection','active','2025-07-04 06:10:33','2025-07-04 06:10:33');
INSERT INTO `supplier_transections` VALUES ('785','3','785','2','1321333','0','supply transection','active','2025-07-04 07:10:01','2025-07-04 07:10:01');
INSERT INTO `supplier_transections` VALUES ('786','3','786','2','4056848.9999999995','0','supply transection','active','2025-07-04 07:30:50','2025-07-04 07:30:50');
INSERT INTO `supplier_transections` VALUES ('787','7','787','2','2643666','0','supply transection','active','2025-07-04 07:45:28','2025-07-04 07:45:28');
INSERT INTO `supplier_transections` VALUES ('788','1','788','2','2673616','0','supply transection','active','2025-07-07 05:55:50','2025-07-07 05:55:50');
INSERT INTO `supplier_transections` VALUES ('789','2','789','2','2672616','0','supply transection','active','2025-07-07 06:01:22','2025-07-07 06:01:22');
INSERT INTO `supplier_transections` VALUES ('790','2','790','2','528333.2000000001','0','supply transection','active','2025-07-07 06:05:39','2025-07-07 06:05:39');
INSERT INTO `supplier_transections` VALUES ('791','2','791','2','2672616','0','supply transection','active','2025-07-07 06:08:14','2025-07-07 06:08:14');
INSERT INTO `supplier_transections` VALUES ('792','3','792','2','4025899','0','supply transection','active','2025-07-07 07:21:58','2025-07-07 07:21:58');
INSERT INTO `supplier_transections` VALUES ('793','8','793','2','2673616','0','supply transection','active','2025-07-07 08:00:07','2025-07-07 08:00:07');
INSERT INTO `supplier_transections` VALUES ('794','4','794','2','2673616','0','supply transection','active','2025-07-07 08:10:38','2025-07-07 08:10:38');
INSERT INTO `supplier_transections` VALUES ('795','7','795','2','2674616','0','supply transection','active','2025-07-07 14:22:45','2025-07-07 14:22:45');
INSERT INTO `supplier_transections` VALUES ('796','3','796','2','4056848.9999999995','0','supply transection','active','2025-07-08 08:01:34','2025-07-08 08:01:34');
INSERT INTO `supplier_transections` VALUES ('797','7','797','2','2674616','0','supply transection','active','2025-07-08 08:08:10','2025-07-08 08:08:10');
INSERT INTO `supplier_transections` VALUES ('798','8','798','2','1321333','0','supply transection','active','2025-07-08 08:12:55','2025-07-08 08:12:55');
INSERT INTO `supplier_transections` VALUES ('799','1','799','2','1321333','0','supply transection','active','2025-07-09 14:12:55','2025-07-09 14:12:55');
INSERT INTO `supplier_transections` VALUES ('800','2','800','2','2672616','0','supply transection','active','2025-07-09 14:16:45','2025-07-09 14:16:45');
INSERT INTO `supplier_transections` VALUES ('801','3','801','2','2642666','0','supply transection','active','2025-07-09 14:20:01','2025-07-09 14:20:01');
INSERT INTO `supplier_transections` VALUES ('802','3','802','2','2673616','0','supply transection','active','2025-07-10 08:23:11','2025-07-10 08:23:11');
INSERT INTO `supplier_transections` VALUES ('803','2','803','2','3483685.8000000003','0','supply transection','active','2025-07-11 14:15:54','2025-07-11 14:15:54');
INSERT INTO `supplier_transections` VALUES ('804','4','804','2','1321333','0','supply transection','active','2025-07-11 14:26:37','2025-07-11 14:26:37');
INSERT INTO `supplier_transections` VALUES ('805','7','805','2','1321833','0','supply transection','active','2025-07-11 14:28:53','2025-07-11 14:28:53');
INSERT INTO `supplier_transections` VALUES ('806','8','806','2','2673616','0','supply transection','active','2025-07-11 14:31:29','2025-07-11 14:31:29');
INSERT INTO `supplier_transections` VALUES ('807','1','807','2','1321333','0','supply transection','active','2025-07-12 07:33:22','2025-07-12 07:33:22');
INSERT INTO `supplier_transections` VALUES ('808','3','808','2','2673616','0','supply transection','active','2025-07-12 07:45:10','2025-07-12 07:45:10');
INSERT INTO `supplier_transections` VALUES ('809','8','809','2','1321333','0','supply transection','active','2025-07-12 07:54:46','2025-07-12 07:54:46');
INSERT INTO `supplier_transections` VALUES ('810','2','810','2','1320833','0','supply transection','active','2025-07-12 10:12:41','2025-07-12 10:12:41');
INSERT INTO `supplier_transections` VALUES ('811','2','811','2','1320833','0','supply transection','active','2025-07-12 10:14:41','2025-07-12 10:14:41');
INSERT INTO `supplier_transections` VALUES ('812','1','812','2','1849866.2','0','supply transection','active','2025-07-14 13:45:22','2025-07-14 13:45:22');
INSERT INTO `supplier_transections` VALUES ('813','2','813','2','2672616','0','supply transection','active','2025-07-14 13:51:53','2025-07-14 13:51:53');
INSERT INTO `supplier_transections` VALUES ('814','3','814','2','2673616','0','supply transection','active','2025-07-14 13:57:56','2025-07-14 13:57:56');
INSERT INTO `supplier_transections` VALUES ('815','7','815','2','2674616','0','supply transection','active','2025-07-14 14:15:37','2025-07-14 14:15:37');
INSERT INTO `supplier_transections` VALUES ('816','3','816','2','1352283','0','supply transection','active','2025-07-15 08:16:40','2025-07-15 08:16:40');
INSERT INTO `supplier_transections` VALUES ('817','4','817','2','1321333','0','supply transection','active','2025-07-15 08:19:40','2025-07-15 08:19:40');
INSERT INTO `supplier_transections` VALUES ('818','1','818','2','2673616','0','supply transection','active','2025-07-16 07:52:52','2025-07-16 07:52:52');
INSERT INTO `supplier_transections` VALUES ('819','7','819','2','1321833','0','supply transection','active','2025-07-16 08:03:27','2025-07-16 08:03:27');
INSERT INTO `supplier_transections` VALUES ('820','2','820','2','2672616','0','supply transection','active','2025-07-17 15:41:22','2025-07-17 15:41:22');
INSERT INTO `supplier_transections` VALUES ('821','3','821','2','4166548.9999999995','0','supply transection','active','2025-07-17 16:05:27','2025-07-17 16:05:27');
INSERT INTO `supplier_transections` VALUES ('822','1','822','2','3602875.8','0','supply transection','active','2025-07-17 16:11:07','2025-07-17 16:11:07');
INSERT INTO `supplier_transections` VALUES ('823','8','823','2','1348183','0','supply transection','active','2025-07-17 16:20:14','2025-07-17 16:20:14');
INSERT INTO `supplier_transections` VALUES ('824','3','824','2','1409182.9999999998','0','supply transection','active','2025-07-19 05:13:44','2025-07-19 05:13:44');
INSERT INTO `supplier_transections` VALUES ('825','7','825','2','2697366','0','supply transection','active','2025-07-19 05:33:51','2025-07-19 05:33:51');
INSERT INTO `supplier_transections` VALUES ('826','2','826','2','2756366','0','supply transection','active','2025-07-19 06:48:05','2025-07-19 06:48:05');
INSERT INTO `supplier_transections` VALUES ('827','2','827','2','2217292.8','0','supply transection','active','2025-07-19 06:50:43','2025-07-19 06:50:43');
INSERT INTO `supplier_transections` VALUES ('828','1','828','2','1348183','0','supply transection','active','2025-07-21 17:35:27','2025-07-21 17:35:27');
INSERT INTO `supplier_transections` VALUES ('829','2','829','2','2756366','0','supply transection','active','2025-07-21 17:43:20','2025-07-21 17:43:20');
INSERT INTO `supplier_transections` VALUES ('830','3','830','2','4166548.9999999995','0','supply transection','active','2025-07-21 17:53:53','2025-07-21 17:53:53');
INSERT INTO `supplier_transections` VALUES ('831','4','831','2','2757366','0','supply transection','active','2025-07-22 05:43:05','2025-07-22 05:43:05');
INSERT INTO `supplier_transections` VALUES ('832','7','832','2','1973556.2','0','supply transection','active','2025-07-22 05:49:38','2025-07-22 05:49:38');
INSERT INTO `supplier_transections` VALUES ('833','8','833','2','2757366','0','supply transection','active','2025-07-22 05:58:13','2025-07-22 05:58:13');
INSERT INTO `supplier_transections` VALUES ('834','1','834','2','1372583','0','supply transection','active','2025-07-23 06:30:17','2025-07-23 06:30:17');
INSERT INTO `supplier_transections` VALUES ('835','3','835','2','4166548.9999999995','0','supply transection','active','2025-07-23 06:48:31','2025-07-23 06:48:31');
INSERT INTO `supplier_transections` VALUES ('836','2','836','2','2756366','0','supply transection','active','2025-07-23 07:12:06','2025-07-23 07:12:06');
INSERT INTO `supplier_transections` VALUES ('837','8','837','2','1348183','0','supply transection','active','2025-07-23 07:20:15','2025-07-23 07:20:15');
INSERT INTO `supplier_transections` VALUES ('838','2','838','2','2756366','0','supply transection','active','2025-07-24 07:19:49','2025-07-24 07:19:49');
INSERT INTO `supplier_transections` VALUES ('839','3','839','2','3602875.8','0','supply transection','active','2025-07-24 07:22:56','2025-07-24 07:22:56');
INSERT INTO `supplier_transections` VALUES ('840','2','840','2','2817366','0','supply transection','active','2025-07-25 14:10:45','2025-07-25 14:10:45');
INSERT INTO `supplier_transections` VALUES ('841','3','841','2','2818365.9999999995','0','supply transection','active','2025-07-25 14:14:53','2025-07-25 14:14:53');
INSERT INTO `supplier_transections` VALUES ('842','7','842','2','2697366','0','supply transection','active','2025-07-25 14:21:48','2025-07-25 14:21:48');
INSERT INTO `supplier_transections` VALUES ('843','3','843','2','2757366','0','supply transection','active','2025-07-26 06:58:55','2025-07-26 06:58:55');
INSERT INTO `supplier_transections` VALUES ('844','8','844','2','2757366','0','supply transection','active','2025-07-26 07:20:06','2025-07-26 07:20:06');
INSERT INTO `supplier_transections` VALUES ('845','1','845','2','1348183','0','supply transection','active','2025-07-28 14:16:47','2025-07-28 14:16:47');
INSERT INTO `supplier_transections` VALUES ('846','2','846','2','1347683','0','supply transection','active','2025-07-28 14:23:10','2025-07-28 14:23:10');
INSERT INTO `supplier_transections` VALUES ('847','3','847','2','2757366','0','supply transection','active','2025-07-28 14:29:28','2025-07-28 14:29:28');
INSERT INTO `supplier_transections` VALUES ('848','7','848','2','1348683','0','supply transection','active','2025-07-28 14:53:16','2025-07-28 14:53:16');
INSERT INTO `supplier_transections` VALUES ('849','2','849','2','2756366','0','supply transection','active','2025-07-30 05:03:08','2025-07-30 05:03:08');
INSERT INTO `supplier_transections` VALUES ('850','3','850','2','2757366','0','supply transection','active','2025-07-30 05:08:31','2025-07-30 05:08:31');
INSERT INTO `supplier_transections` VALUES ('851','4','851','2','2193692.8','0','supply transection','active','2025-07-30 05:19:21','2025-07-30 05:19:21');
INSERT INTO `supplier_transections` VALUES ('852','7','852','2','1409683','0','supply transection','active','2025-07-30 06:26:29','2025-07-30 06:26:29');
INSERT INTO `supplier_transections` VALUES ('853','2','853','2','2192892.8','0','supply transection','active','2025-07-30 06:36:50','2025-07-30 06:36:50');
INSERT INTO `supplier_transections` VALUES ('854','1','854','2','1887456.2','0','supply transection','active','2025-07-30 06:39:38','2025-07-30 06:39:38');
INSERT INTO `supplier_transections` VALUES ('855','8','855','2','1348183','0','supply transection','active','2025-07-31 07:54:00','2025-07-31 07:54:00');
INSERT INTO `supplier_transections` VALUES ('856','3','856','2','2818365.9999999995','0','supply transection','active','2025-08-01 15:27:39','2025-08-01 15:27:39');
INSERT INTO `supplier_transections` VALUES ('857','1','857','2','2727176','0','supply transection','active','2025-08-04 13:17:04','2025-08-04 13:17:04');
INSERT INTO `supplier_transections` VALUES ('858','1',NULL,'2','0',NULL,NULL,'active','2025-08-02 13:24:57',NULL);
INSERT INTO `supplier_transections` VALUES ('859','1',NULL,'2',NULL,'292800524',NULL,'active','2025-08-03 13:26:15',NULL);
INSERT INTO `supplier_transections` VALUES ('860','1',NULL,'2',NULL,'701000','ok','active','2025-08-03 13:27:18',NULL);
INSERT INTO `supplier_transections` VALUES ('861','4','858','2','2727176','0','supply transection','active','2025-08-04 13:33:05','2025-08-04 13:33:05');
INSERT INTO `supplier_transections` VALUES ('862','7','859','2','2622076','0','supply transection','active','2025-08-04 14:13:17','2025-08-04 14:13:17');
INSERT INTO `supplier_transections` VALUES ('863','8','860','2','2727176','0','supply transection','active','2025-08-05 06:38:26','2025-08-05 06:38:26');
INSERT INTO `supplier_transections` VALUES ('864','2','861','2','1416138','0','supply transection','active','2025-08-05 06:47:47','2025-08-05 06:47:47');
INSERT INTO `supplier_transections` VALUES ('865','2','862','2','2726176','0','supply transection','active','2025-08-05 06:50:15','2025-08-05 06:50:15');
INSERT INTO `supplier_transections` VALUES ('866','3','863','2','4143814','0','supply transection','active','2025-08-05 11:12:29','2025-08-05 11:12:29');
INSERT INTO `supplier_transections` VALUES ('867','3','864','2','1416638','0','supply transection','active','2025-08-05 11:17:12','2025-08-05 11:17:12');
INSERT INTO `supplier_transections` VALUES ('868','1',NULL,'2',NULL,'526000',NULL,'active','2025-08-04 06:08:26',NULL);
INSERT INTO `supplier_transections` VALUES ('869','1','865','2','1310538','0','supply transection','active','2025-08-06 06:11:37','2025-08-06 06:11:37');
INSERT INTO `supplier_transections` VALUES ('870','1',NULL,'2',NULL,'614500',NULL,'active','2025-08-05 06:15:38',NULL);
INSERT INTO `supplier_transections` VALUES ('871','3','866','2','1310538','0','supply transection','active','2025-08-06 06:24:56','2025-08-06 06:24:56');
INSERT INTO `supplier_transections` VALUES ('872','3',NULL,'2',NULL,'603038336',NULL,'active','2025-08-04 06:29:00',NULL);
INSERT INTO `supplier_transections` VALUES ('873','2','867','2','1834053.2000000002','0','supply transection','active','2025-08-06 06:32:31','2025-08-06 06:32:31');
INSERT INTO `supplier_transections` VALUES ('874','2','868','2','566455.2','0','supply transection','active','2025-08-06 06:36:23','2025-08-06 06:36:23');
INSERT INTO `supplier_transections` VALUES ('875','2',NULL,'2',NULL,'345333646','ok','active','2025-08-05 06:37:38',NULL);
INSERT INTO `supplier_transections` VALUES ('876','7','869','2','2728176','0','supply transection','active','2025-08-06 07:49:37','2025-08-06 07:49:37');
INSERT INTO `supplier_transections` VALUES ('877','8','870','2','1310538','0','supply transection','active','2025-08-06 13:49:33','2025-08-06 13:49:33');
INSERT INTO `supplier_transections` VALUES ('878','8',NULL,'2',NULL,'157056475','ok','active','2025-08-05 13:51:15',NULL);
INSERT INTO `supplier_transections` VALUES ('879','7',NULL,'2',NULL,'170816316','OK','active','2025-08-05 13:52:50',NULL);
INSERT INTO `supplier_transections` VALUES ('880','4',NULL,'2',NULL,'128388891','OK','active','2025-08-05 13:54:30',NULL);
INSERT INTO `supplier_transections` VALUES ('881','1','871','2','786322.7999999999','0','supply transection','active','2025-08-07 07:27:59','2025-08-07 07:27:59');
INSERT INTO `supplier_transections` VALUES ('882','1',NULL,'2',NULL,'550000',NULL,'active','2025-08-06 07:33:39',NULL);
INSERT INTO `supplier_transections` VALUES ('883','2','872','2','2832276','0','supply transection','active','2025-08-07 07:36:49','2025-08-07 07:36:49');
INSERT INTO `supplier_transections` VALUES ('884','3','873','2','2621076','0','supply transection','active','2025-08-07 07:40:51','2025-08-07 07:40:51');
INSERT INTO `supplier_transections` VALUES ('886','3',NULL,'2',NULL,'2787045',NULL,'active','2025-08-06 07:52:58',NULL);
INSERT INTO `supplier_transections` VALUES ('887','8','874','2','1310538','0','supply transection','active','2025-08-07 07:56:25','2025-08-07 07:56:25');
INSERT INTO `supplier_transections` VALUES ('888','8',NULL,'2',NULL,'549000',NULL,'active','2025-08-06 07:57:29',NULL);
INSERT INTO `supplier_transections` VALUES ('889','4','875','2','1310538','0','supply transection','active','2025-08-07 08:24:49','2025-08-07 08:24:49');
INSERT INTO `supplier_transections` VALUES ('890','4',NULL,'2',NULL,'267000',NULL,'active','2025-08-06 08:25:15',NULL);
INSERT INTO `supplier_transections` VALUES ('891','1',NULL,'2',NULL,'545000',NULL,'active','2025-08-07 07:27:17',NULL);
INSERT INTO `supplier_transections` VALUES ('892','2','876','2','1310038.0000000002','0','supply transection','active','2025-08-08 07:29:47','2025-08-08 07:29:47');
INSERT INTO `supplier_transections` VALUES ('893','3','877','2','2727176','0','supply transection','active','2025-08-08 07:33:54','2025-08-08 07:33:54');
INSERT INTO `supplier_transections` VALUES ('894','4',NULL,'2',NULL,'347000',NULL,'active','2025-08-07 07:44:59',NULL);
INSERT INTO `supplier_transections` VALUES ('895','8',NULL,'2',NULL,'607000',NULL,'active','2025-08-07 07:50:36',NULL);
INSERT INTO `supplier_transections` VALUES ('896','1',NULL,'2',NULL,'439000',NULL,'active','2025-08-08 05:32:32',NULL);
INSERT INTO `supplier_transections` VALUES ('897','7','878','2','2728176','0','supply transection','active','2025-08-09 05:44:26','2025-08-09 05:44:26');
INSERT INTO `supplier_transections` VALUES ('898','1','879','2','1310538','0','supply transection','active','2025-08-11 12:55:19','2025-08-11 12:55:19');
INSERT INTO `supplier_transections` VALUES ('899','2','880','2','1310038.0000000002','0','supply transection','active','2025-08-11 12:58:52','2025-08-11 12:58:52');
INSERT INTO `supplier_transections` VALUES ('900','3','881','2','4143814','0','supply transection','active','2025-08-11 13:16:01','2025-08-11 13:16:01');
INSERT INTO `supplier_transections` VALUES ('901','1',NULL,'2',NULL,'1385500',NULL,'active','2025-08-10 05:09:27',NULL);
INSERT INTO `supplier_transections` VALUES ('902','1','882','2','786322.7999999999','0','supply transection','active','2025-08-13 09:44:26','2025-08-13 09:44:26');
INSERT INTO `supplier_transections` VALUES ('903','1',NULL,'2',NULL,'477500',NULL,'active','2025-08-12 09:46:53',NULL);
INSERT INTO `supplier_transections` VALUES ('904','3','883','2','2727176','0','supply transection','active','2025-08-13 09:51:53','2025-08-13 09:51:53');
INSERT INTO `supplier_transections` VALUES ('905','4','884','2','524215.19999999995','0','supply transection','active','2025-08-13 09:56:56','2025-08-13 09:56:56');
INSERT INTO `supplier_transections` VALUES ('906','1','885','2','849982.8','0','supply transection','active','2025-08-14 06:11:28','2025-08-14 06:11:28');
INSERT INTO `supplier_transections` VALUES ('907','7','886','2','1877893.2','0','supply transection','active','2025-08-14 06:16:09','2025-08-14 06:16:09');
INSERT INTO `supplier_transections` VALUES ('908','3','887','2','1416638','0','supply transection','active','2025-08-14 06:19:36','2025-08-14 06:19:36');
INSERT INTO `supplier_transections` VALUES ('909','1',NULL,'2',NULL,'897500',NULL,'active','2025-08-14 05:21:55',NULL);
INSERT INTO `supplier_transections` VALUES ('910','1','888','2','1310538','0','supply transection','active','2025-08-16 05:24:38','2025-08-16 05:24:38');
INSERT INTO `supplier_transections` VALUES ('911','1',NULL,'2',NULL,'421500',NULL,'active','2025-08-15 05:26:25',NULL);
INSERT INTO `supplier_transections` VALUES ('912','4',NULL,'2',NULL,'1938000',NULL,'active','2025-08-14 05:37:06',NULL);
INSERT INTO `supplier_transections` VALUES ('913','7','889','2','2097660.8000000003','0','supply transection','active','2025-08-16 06:05:22','2025-08-16 06:05:22');
INSERT INTO `supplier_transections` VALUES ('914','8','890','2','1310538','0','supply transection','active','2025-08-16 06:09:04','2025-08-16 06:09:04');
INSERT INTO `supplier_transections` VALUES ('915','8',NULL,'2',NULL,'753000',NULL,'active','2025-08-14 06:58:02',NULL);
INSERT INTO `supplier_transections` VALUES ('916','8',NULL,'2',NULL,'489000',NULL,'active','2025-08-14 06:58:35',NULL);
INSERT INTO `supplier_transections` VALUES ('917','2','891','2','2726176','0','supply transection','active','2025-08-16 07:13:41','2025-08-16 07:13:41');
INSERT INTO `supplier_transections` VALUES ('918','2','892','2','786022.8','0','supply transection','active','2025-08-16 07:15:37','2025-08-16 07:15:37');
INSERT INTO `supplier_transections` VALUES ('919','2',NULL,'2',NULL,'11999300',NULL,'active','2025-08-13 07:20:30',NULL);
INSERT INTO `supplier_transections` VALUES ('920','2','893','2','786022.8','0','supply transection','active','2025-08-16 07:24:42','2025-08-16 07:24:42');
INSERT INTO `supplier_transections` VALUES ('921','3','894','2','4015427.9999999995','0','supply transection','active','2025-08-19 07:20:47','2025-08-19 07:20:47');
INSERT INTO `supplier_transections` VALUES ('922','1',NULL,'2',NULL,'1457500',NULL,'active','2025-08-16 07:28:26',NULL);
INSERT INTO `supplier_transections` VALUES ('923','1','895','2','1310538','0','supply transection','active','2025-08-19 08:02:43','2025-08-19 08:02:43');
INSERT INTO `supplier_transections` VALUES ('924','1',NULL,'2',NULL,'609000',NULL,'active','2025-08-18 08:04:18',NULL);
INSERT INTO `supplier_transections` VALUES ('925','2','896','2','2661983','0','supply transection','active','2025-08-19 08:08:17','2025-08-19 08:08:17');
INSERT INTO `supplier_transections` VALUES ('926','3','897','2','5367873','0','supply transection','active','2025-08-19 08:16:41','2025-08-19 08:16:41');
INSERT INTO `supplier_transections` VALUES ('927','4','898','2','1876660.1999999997','0','supply transection','active','2025-08-19 13:12:39','2025-08-19 13:12:39');
INSERT INTO `supplier_transections` VALUES ('928','4',NULL,'2',NULL,'1120500',NULL,'active','2025-08-17 13:16:02',NULL);
INSERT INTO `supplier_transections` VALUES ('929','4','899','2','1310538','0','supply transection','active','2025-08-19 13:17:51','2025-08-19 13:17:51');
INSERT INTO `supplier_transections` VALUES ('930','8','900','2','2662983','0','supply transection','active','2025-08-19 13:33:58','2025-08-19 13:33:58');
INSERT INTO `supplier_transections` VALUES ('931','8',NULL,'2',NULL,'1804000',NULL,'active','2025-08-17 13:37:24',NULL);
INSERT INTO `supplier_transections` VALUES ('932','2','901','2','1351945','0','supply transection','active','2025-08-20 06:11:25','2025-08-20 06:11:25');
INSERT INTO `supplier_transections` VALUES ('933','2',NULL,'2',NULL,'3052700',NULL,'active','2025-08-18 06:12:24',NULL);
INSERT INTO `supplier_transections` VALUES ('934','2','902','2','1310038.0000000002','0','supply transection','active','2025-08-20 06:15:17','2025-08-20 06:15:17');
INSERT INTO `supplier_transections` VALUES ('935','3','903','2','1310538','0','supply transection','active','2025-08-20 06:19:37','2025-08-20 06:19:37');
INSERT INTO `supplier_transections` VALUES ('936','4',NULL,'2',NULL,'295000',NULL,'active','2025-08-19 06:24:16',NULL);
INSERT INTO `supplier_transections` VALUES ('937','8','904','2','1310538','0','supply transection','active','2025-08-20 06:39:10','2025-08-20 06:39:10');
INSERT INTO `supplier_transections` VALUES ('938','8',NULL,'2',NULL,'387000',NULL,'active','2025-08-19 06:42:37',NULL);
INSERT INTO `supplier_transections` VALUES ('939','8',NULL,'2',NULL,'1700000',NULL,'active','2025-08-19 06:43:53',NULL);
INSERT INTO `supplier_transections` VALUES ('940','8',NULL,'2',NULL,'132000','ok','active','2025-08-19 06:44:29',NULL);
INSERT INTO `supplier_transections` VALUES ('941','7','905','2','2622076','0','supply transection','active','2025-08-20 06:57:12','2025-08-20 06:57:12');
INSERT INTO `supplier_transections` VALUES ('942','1',NULL,'2',NULL,'524500',NULL,'active','2025-08-19 07:45:39',NULL);
INSERT INTO `supplier_transections` VALUES ('943','1','906','2','2662983','0','supply transection','active','2025-08-21 07:23:06','2025-08-21 07:23:06');
INSERT INTO `supplier_transections` VALUES ('944','1',NULL,'2',NULL,'570000',NULL,'active','2025-08-20 07:25:25',NULL);
INSERT INTO `supplier_transections` VALUES ('945','2','907','2','2703890','0','supply transection','active','2025-08-21 07:27:49','2025-08-21 07:27:49');
INSERT INTO `supplier_transections` VALUES ('946','4',NULL,'2',NULL,'305000',NULL,'active','2025-08-20 07:34:56',NULL);
INSERT INTO `supplier_transections` VALUES ('947','1',NULL,'2',NULL,'563500',NULL,'active','2025-08-21 13:45:18',NULL);
INSERT INTO `supplier_transections` VALUES ('948','2',NULL,'2',NULL,'4470870',NULL,'active','2025-08-21 13:48:28',NULL);
INSERT INTO `supplier_transections` VALUES ('949','8',NULL,'2',NULL,'1181500',NULL,'active','2025-08-21 14:04:03',NULL);
INSERT INTO `supplier_transections` VALUES ('950','3','908','2','4015427.9999999995','0','supply transection','active','2025-08-23 05:53:43','2025-08-23 05:53:43');
INSERT INTO `supplier_transections` VALUES ('951','7','909','2','2663983','0','supply transection','active','2025-08-23 07:16:47','2025-08-23 07:16:47');
INSERT INTO `supplier_transections` VALUES ('952','2','910','2','1310038.0000000002','0','supply transection','active','2025-08-23 09:02:24','2025-08-23 09:02:24');
INSERT INTO `supplier_transections` VALUES ('953','1','911','2','1834753.2','0','supply transection','active','2025-08-25 13:45:37','2025-08-25 13:45:37');
INSERT INTO `supplier_transections` VALUES ('954','1',NULL,'2',NULL,'1604500',NULL,'active','2025-08-24 13:49:07',NULL);
INSERT INTO `supplier_transections` VALUES ('955','1',NULL,'2',NULL,'64000',NULL,'active','2025-08-24 13:49:44',NULL);
INSERT INTO `supplier_transections` VALUES ('956','3','912','2','4015427.9999999995','0','supply transection','active','2025-08-25 13:53:30','2025-08-25 13:53:30');
INSERT INTO `supplier_transections` VALUES ('957','4','913','2','1310538','0','supply transection','active','2025-08-25 16:46:50','2025-08-25 16:46:50');
INSERT INTO `supplier_transections` VALUES ('958','1','914','2','1327300.7999999998','0','supply transection','active','2025-08-26 07:06:36','2025-08-26 07:06:36');
INSERT INTO `supplier_transections` VALUES ('959','1',NULL,'2',NULL,'502500',NULL,'active','2025-08-25 07:09:28',NULL);
INSERT INTO `supplier_transections` VALUES ('960','4',NULL,'2',NULL,'1434500',NULL,'active','2025-08-25 07:14:03',NULL);
INSERT INTO `supplier_transections` VALUES ('961','7','915','2','2622076','0','supply transection','active','2025-08-26 07:17:05','2025-08-26 07:17:05');
INSERT INTO `supplier_transections` VALUES ('962','8','916','2','1310538','0','supply transection','active','2025-08-26 07:39:39','2025-08-26 07:39:39');
INSERT INTO `supplier_transections` VALUES ('963','8',NULL,'2',NULL,'1582000',NULL,'active','2025-08-24 07:43:00',NULL);
INSERT INTO `supplier_transections` VALUES ('964','3','917','2','4015427.9999999995','0','supply transection','active','2025-08-26 08:05:08','2025-08-26 08:05:08');
INSERT INTO `supplier_transections` VALUES ('965','2','918','2','2661983','0','supply transection','active','2025-08-26 13:00:39','2025-08-26 13:00:39');
INSERT INTO `supplier_transections` VALUES ('966','2','919','2','2661983','0','supply transection','active','2025-08-26 13:06:36','2025-08-26 13:06:36');
INSERT INTO `supplier_transections` VALUES ('967','2',NULL,'2',NULL,'5336000',NULL,'active','2025-08-25 13:07:06',NULL);
INSERT INTO `supplier_transections` VALUES ('968','3','920','2','2662983','0','supply transection','active','2025-08-27 14:53:45','2025-08-27 14:53:45');
INSERT INTO `supplier_transections` VALUES ('969','4',NULL,'2',NULL,'280000',NULL,'active','2025-08-26 14:57:33',NULL);
INSERT INTO `supplier_transections` VALUES ('970','4',NULL,'2',NULL,'278500',NULL,'active','2025-08-27 07:31:39',NULL);
INSERT INTO `supplier_transections` VALUES ('971','2','921','2','1351945','0','supply transection','active','2025-08-28 08:16:56','2025-08-28 08:16:56');
INSERT INTO `supplier_transections` VALUES ('972','8','922','2','786322.7999999999','0','supply transection','active','2025-08-28 08:20:46','2025-08-28 08:20:46');
INSERT INTO `supplier_transections` VALUES ('973','8','923','2','1876660.1999999997','0','supply transection','active','2025-08-28 08:24:24','2025-08-28 08:24:24');
INSERT INTO `supplier_transections` VALUES ('974','1',NULL,'2',NULL,'665000',NULL,'active','2025-08-26 07:03:49',NULL);
INSERT INTO `supplier_transections` VALUES ('975','1',NULL,'2',NULL,'718500',NULL,'active','2025-08-27 07:06:56',NULL);
INSERT INTO `supplier_transections` VALUES ('976','1',NULL,'2',NULL,'768000',NULL,'active','2025-08-28 07:10:18',NULL);
INSERT INTO `supplier_transections` VALUES ('977','2',NULL,'2',NULL,'4078700',NULL,'active','2025-08-28 07:12:32',NULL);
INSERT INTO `supplier_transections` VALUES ('978','3','924','2','1352444.9999999998','0','supply transection','active','2025-08-30 06:06:57','2025-08-30 06:06:57');
INSERT INTO `supplier_transections` VALUES ('979','1','925','2','2662983','0','supply transection','active','2025-08-30 06:10:59','2025-08-30 06:10:59');
INSERT INTO `supplier_transections` VALUES ('980','1',NULL,'2',NULL,'225000',NULL,'active','2025-08-29 06:12:12',NULL);
INSERT INTO `supplier_transections` VALUES ('981','4','926','2','540978','0','supply transection','active','2025-08-30 06:15:32','2025-08-30 06:15:32');
INSERT INTO `supplier_transections` VALUES ('982','2','927','2','1310038.0000000002','0','supply transection','active','2025-08-30 07:20:32','2025-08-30 07:20:32');
INSERT INTO `supplier_transections` VALUES ('983','1','928','2','524215.19999999995','0','supply transection','active','2025-09-01 07:21:12','2025-09-01 07:21:12');
INSERT INTO `supplier_transections` VALUES ('984','1',NULL,'2',NULL,'1256000',NULL,'active','2025-08-31 07:25:31',NULL);
INSERT INTO `supplier_transections` VALUES ('985','2','929','2','1892723','0','supply transection','active','2025-09-01 07:28:23','2025-09-01 07:28:23');
INSERT INTO `supplier_transections` VALUES ('986','3','930','2','4015427.9999999995','0','supply transection','active','2025-09-01 07:32:15','2025-09-01 07:32:15');
INSERT INTO `supplier_transections` VALUES ('987','4','931','2','786322.7999999999','0','supply transection','active','2025-09-01 07:55:52','2025-09-01 07:55:52');
INSERT INTO `supplier_transections` VALUES ('988','7','932','2','2663983','0','supply transection','active','2025-09-01 07:58:53','2025-09-01 07:58:53');
INSERT INTO `supplier_transections` VALUES ('989','1','933','2','1310538','0','supply transection','active','2025-09-04 07:17:45','2025-09-04 07:17:45');
INSERT INTO `supplier_transections` VALUES ('990','1','934','2','1310538','0','supply transection','active','2025-09-04 07:27:12','2025-09-04 07:27:12');
INSERT INTO `supplier_transections` VALUES ('991','2','935','2','1310038.0000000002','0','supply transection','active','2025-09-04 07:35:28','2025-09-04 07:35:28');
INSERT INTO `supplier_transections` VALUES ('992','2','936','2','2646921','0','supply transection','active','2025-09-04 07:38:03','2025-09-04 07:38:03');
INSERT INTO `supplier_transections` VALUES ('993','3','937','2','2647921','0','supply transection','active','2025-09-04 07:57:08','2025-09-04 07:57:08');
INSERT INTO `supplier_transections` VALUES ('994','3','938','2','2647921','0','supply transection','active','2025-09-04 08:11:41','2025-09-04 08:11:41');
INSERT INTO `supplier_transections` VALUES ('995','4','939','2','2647921','0','supply transection','active','2025-09-05 05:42:17','2025-09-05 05:42:17');
INSERT INTO `supplier_transections` VALUES ('996','7','940','2','2622076','0','supply transection','active','2025-09-05 05:54:49','2025-09-05 05:54:49');
INSERT INTO `supplier_transections` VALUES ('997','8','941','2','2647921','0','supply transection','active','2025-09-05 06:03:41','2025-09-05 06:03:41');
INSERT INTO `supplier_transections` VALUES ('998','8','942','2','1310538','0','supply transection','active','2025-09-05 06:58:08','2025-09-05 06:58:08');
INSERT INTO `supplier_transections` VALUES ('999','1','943','2','1861598.2','0','supply transection','active','2025-09-05 07:01:10','2025-09-05 07:01:10');
INSERT INTO `supplier_transections` VALUES ('1000','3','944','2','2647921','0','supply transection','active','2025-09-05 07:07:11','2025-09-05 07:07:11');
INSERT INTO `supplier_transections` VALUES ('1001','2','945','2','2646921','0','supply transection','active','2025-09-08 11:47:17','2025-09-08 11:47:17');
INSERT INTO `supplier_transections` VALUES ('1002','1','946','2','1861598.2','0','supply transection','active','2025-09-08 11:58:27','2025-09-08 11:58:27');
INSERT INTO `supplier_transections` VALUES ('1003','3','947','2','2647921','0','supply transection','active','2025-09-08 12:18:28','2025-09-08 12:18:28');
INSERT INTO `supplier_transections` VALUES ('1004','4','948','2','786322.7999999999','0','supply transection','active','2025-09-08 14:35:22','2025-09-08 14:35:22');
INSERT INTO `supplier_transections` VALUES ('1005','7','949','2','2648921','0','supply transection','active','2025-09-08 14:43:09','2025-09-08 14:43:09');
INSERT INTO `supplier_transections` VALUES ('1006','8','950','2','2647921','0','supply transection','active','2025-09-08 14:55:20','2025-09-08 14:55:20');
INSERT INTO `supplier_transections` VALUES ('1007','1','951','2','1310538','0','supply transection','active','2025-09-16 08:11:40','2025-09-16 08:11:40');
INSERT INTO `supplier_transections` VALUES ('1008','1','952','2','1310538','0','supply transection','active','2025-09-16 08:15:45','2025-09-16 08:15:45');
INSERT INTO `supplier_transections` VALUES ('1009','1','953','2','4493412.2','0','supply transection','active','2025-09-16 08:20:26','2025-09-16 08:20:26');
INSERT INTO `supplier_transections` VALUES ('1010','2','954','2','2646921','0','supply transection','active','2025-09-16 10:40:13','2025-09-16 10:40:13');
INSERT INTO `supplier_transections` VALUES ('1011','2','955','2','2646921','0','supply transection','active','2025-09-16 10:44:11','2025-09-16 10:44:11');
INSERT INTO `supplier_transections` VALUES ('1012','2','956','2','2112167.8000000003','0','supply transection','active','2025-09-16 10:47:57','2025-09-16 10:47:57');
INSERT INTO `supplier_transections` VALUES ('1013','2','957','2','2122905.8','0','supply transection','active','2025-09-16 10:53:24','2025-09-16 10:53:24');
INSERT INTO `supplier_transections` VALUES ('1014','2','958','2','5293842','0','supply transection','active','2025-09-16 10:55:42','2025-09-16 10:55:42');
INSERT INTO `supplier_transections` VALUES ('1015','3','959','2','2647921','0','supply transection','active','2025-09-16 11:12:47','2025-09-16 11:12:47');
INSERT INTO `supplier_transections` VALUES ('1016','3','960','2','2647921','0','supply transection','active','2025-09-16 11:19:31','2025-09-16 11:19:31');
INSERT INTO `supplier_transections` VALUES ('1017','3','961','2','2674766','0','supply transection','active','2025-09-16 11:26:38','2025-09-16 11:26:38');
INSERT INTO `supplier_transections` VALUES ('1018','3','962','2','2647921','0','supply transection','active','2025-09-16 11:32:40','2025-09-16 11:32:40');
INSERT INTO `supplier_transections` VALUES ('1019','3','963','2','2647921','0','supply transection','active','2025-09-16 11:42:40','2025-09-16 11:42:40');
INSERT INTO `supplier_transections` VALUES ('1020','3','964','2','3985304','0','supply transection','active','2025-09-16 12:01:19','2025-09-16 12:01:19');
INSERT INTO `supplier_transections` VALUES ('1021','4','965','2','1310538','0','supply transection','active','2025-09-17 06:10:07','2025-09-17 06:10:07');
INSERT INTO `supplier_transections` VALUES ('1022','4','966','2','786322.7999999999','0','supply transection','active','2025-09-17 06:22:10','2025-09-17 06:22:10');
INSERT INTO `supplier_transections` VALUES ('1023','7','967','2','2622076','0','supply transection','active','2025-09-17 07:06:07','2025-09-17 07:06:07');
INSERT INTO `supplier_transections` VALUES ('1024','7','968','2','1337883','0','supply transection','active','2025-09-17 07:09:47','2025-09-17 07:09:47');
INSERT INTO `supplier_transections` VALUES ('1025','8','969','2','524215.19999999995','0','supply transection','active','2025-09-17 08:06:01','2025-09-17 08:06:01');
INSERT INTO `supplier_transections` VALUES ('1026','8','970','2','1310538','0','supply transection','active','2025-09-17 08:15:17','2025-09-17 08:15:17');
INSERT INTO `supplier_transections` VALUES ('1027','8','971','2','2112967.8','0','supply transection','active','2025-09-17 08:26:34','2025-09-17 08:26:34');
INSERT INTO `supplier_transections` VALUES ('1028','7','972','2','2622076','0','supply transection','active','2025-09-18 04:41:31','2025-09-18 04:41:31');
INSERT INTO `supplier_transections` VALUES ('1029','2','973','2','2660813','0','supply transection','active','2025-09-18 07:28:38','2025-09-18 07:28:38');
INSERT INTO `supplier_transections` VALUES ('1030','1','974','2','1834753.2','0','supply transection','active','2025-09-18 07:39:53','2025-09-18 07:39:53');
INSERT INTO `supplier_transections` VALUES ('1031','2','975','2','1310038.0000000002','0','supply transection','active','2025-09-19 07:21:28','2025-09-19 07:21:28');
INSERT INTO `supplier_transections` VALUES ('1032','3','976','2','2661813','0','supply transection','active','2025-09-19 07:24:39','2025-09-19 07:24:39');
INSERT INTO `supplier_transections` VALUES ('1033','1','977','2','2661813','0','supply transection','active','2025-09-22 05:35:22','2025-09-22 05:35:22');
INSERT INTO `supplier_transections` VALUES ('1034','2','978','2','1350774.9999999998','0','supply transection','active','2025-09-22 05:44:38','2025-09-22 05:44:38');
INSERT INTO `supplier_transections` VALUES ('1035','3','979','2','4013088','0','supply transection','active','2025-09-22 05:59:37','2025-09-22 05:59:37');
INSERT INTO `supplier_transections` VALUES ('1036','4','980','2','1310538','0','supply transection','active','2025-09-22 07:20:48','2025-09-22 07:20:48');
INSERT INTO `supplier_transections` VALUES ('1037','7','981','2','1351775','0','supply transection','active','2025-09-22 07:34:18','2025-09-22 07:34:18');
INSERT INTO `supplier_transections` VALUES ('1038','7','982','2','1311038','0','supply transection','active','2025-09-22 07:37:58','2025-09-22 07:37:58');
INSERT INTO `supplier_transections` VALUES ('1039','2','983','2','2660813','0','supply transection','active','2025-09-22 08:22:18','2025-09-22 08:22:18');
INSERT INTO `supplier_transections` VALUES ('1040','8','984','2','786322.7999999999','0','supply transection','active','2025-09-22 14:23:08','2025-09-22 14:23:08');
INSERT INTO `supplier_transections` VALUES ('1041','2','985','2','1350774.9999999998','0','supply transection','active','2025-09-23 07:20:51','2025-09-23 07:20:51');
INSERT INTO `supplier_transections` VALUES ('1042','3','986','2','4013088','0','supply transection','active','2025-09-23 07:26:07','2025-09-23 07:26:07');
INSERT INTO `supplier_transections` VALUES ('1043','8','987','2','1310538','0','supply transection','active','2025-09-23 10:32:21','2025-09-23 10:32:21');
INSERT INTO `supplier_transections` VALUES ('1044','2','988','2','1350774.9999999998','0','supply transection','active','2025-09-24 07:12:03','2025-09-24 07:12:03');
INSERT INTO `supplier_transections` VALUES ('1045','3','989','2','1351275','0','supply transection','active','2025-09-24 07:26:21','2025-09-24 07:26:21');
INSERT INTO `supplier_transections` VALUES ('1046','1','990','2','1310538','0','supply transection','active','2025-09-25 08:04:02','2025-09-25 08:04:02');
INSERT INTO `supplier_transections` VALUES ('1047','2','991','2','786022.8','0','supply transection','active','2025-09-25 08:08:34','2025-09-25 08:08:34');
INSERT INTO `supplier_transections` VALUES ('1048','3','992','2','1310538','0','supply transection','active','2025-09-25 08:11:46','2025-09-25 08:11:46');
INSERT INTO `supplier_transections` VALUES ('1049','4','993','2','1310538','0','supply transection','active','2025-09-25 10:25:52','2025-09-25 10:25:52');
INSERT INTO `supplier_transections` VALUES ('1050','8','994','2','1351275','0','supply transection','active','2025-09-25 10:29:18','2025-09-25 10:29:18');
INSERT INTO `supplier_transections` VALUES ('1051','1','995','2','1310538','0','supply transection','active','2025-09-26 13:49:25','2025-09-26 13:49:25');
INSERT INTO `supplier_transections` VALUES ('1052','3','996','2','2661813','0','supply transection','active','2025-09-26 13:52:34','2025-09-26 13:52:34');
INSERT INTO `supplier_transections` VALUES ('1053','7','997','2','2662813','0','supply transection','active','2025-09-26 13:58:21','2025-09-26 13:58:21');
INSERT INTO `supplier_transections` VALUES ('1054','2','998','2','2660813','0','supply transection','active','2025-09-27 07:02:37','2025-09-27 07:02:37');
INSERT INTO `supplier_transections` VALUES ('1055','1','999','2','2661813','0','supply transection','active','2025-09-29 13:49:36','2025-09-29 13:49:36');
INSERT INTO `supplier_transections` VALUES ('1056','2','1000','2','3970851','0','supply transection','active','2025-09-29 13:57:48','2025-09-29 13:57:48');
INSERT INTO `supplier_transections` VALUES ('1057','3','1001','2','5364363','0','supply transection','active','2025-09-29 14:05:59','2025-09-29 14:05:59');
INSERT INTO `supplier_transections` VALUES ('1058','4','1002','2','540510','0','supply transection','active','2025-09-29 14:16:45','2025-09-29 14:16:45');
INSERT INTO `supplier_transections` VALUES ('1059','7','1003','2','2622076','0','supply transection','active','2025-09-29 14:22:31','2025-09-29 14:22:31');
INSERT INTO `supplier_transections` VALUES ('1060','8','1004','2','2661813','0','supply transection','active','2025-09-29 14:32:05','2025-09-29 14:32:05');
INSERT INTO `supplier_transections` VALUES ('1061','3','1005','2','2702550','0','supply transection','active','2025-09-30 07:28:02','2025-09-30 07:28:02');
INSERT INTO `supplier_transections` VALUES ('1062','1','1006','2','2661813','0','supply transection','active','2025-10-01 07:31:10','2025-10-01 07:31:10');
INSERT INTO `supplier_transections` VALUES ('1063','4','1007','2','2121303','0','supply transection','active','2025-10-01 07:42:19','2025-10-01 07:42:19');
INSERT INTO `supplier_transections` VALUES ('1064','2','1008','2','2136797.8','0','supply transection','active','2025-10-01 09:21:04','2025-10-01 09:21:04');
INSERT INTO `supplier_transections` VALUES ('1065','2','1009','2','1330338.0000000002','0','supply transection','active','2025-10-02 07:16:26','2025-10-02 07:16:26');
INSERT INTO `supplier_transections` VALUES ('1066','3','1010','2','1371488','0','supply transection','active','2025-10-02 07:23:39','2025-10-02 07:23:39');
INSERT INTO `supplier_transections` VALUES ('1067','7','1011','2','2703326','0','supply transection','active','2025-10-03 11:39:58','2025-10-03 11:39:58');
INSERT INTO `supplier_transections` VALUES ('1068','8','1012','2','2129340.8','0','supply transection','active','2025-10-03 11:47:22','2025-10-03 11:47:22');
INSERT INTO `supplier_transections` VALUES ('1069','3','1013','2','2702326','0','supply transection','active','2025-10-03 11:59:54','2025-10-03 11:59:54');
INSERT INTO `supplier_transections` VALUES ('1070','1','1014','2','1330838','0','supply transection','active','2025-10-07 07:03:31','2025-10-07 07:03:31');
INSERT INTO `supplier_transections` VALUES ('1071','2','1015','2','3523918.8000000007','0','supply transection','active','2025-10-07 07:14:55','2025-10-07 07:14:55');
INSERT INTO `supplier_transections` VALUES ('1072','3','1016','2','4073814','0','supply transection','active','2025-10-07 07:37:10','2025-10-07 07:37:10');
INSERT INTO `supplier_transections` VALUES ('1073','3','1017','2','2702326','0','supply transection','active','2025-10-07 07:59:20','2025-10-07 07:59:20');
INSERT INTO `supplier_transections` VALUES ('1074','4','1018','2','798502.7999999999','0','supply transection','active','2025-10-07 08:04:58','2025-10-07 08:04:58');
INSERT INTO `supplier_transections` VALUES ('1075','7','1019','2','1331338','0','supply transection','active','2025-10-07 08:07:55','2025-10-07 08:07:55');
INSERT INTO `supplier_transections` VALUES ('1076','8','1020','2','2702326','0','supply transection','active','2025-10-07 08:17:26','2025-10-07 08:17:26');
INSERT INTO `supplier_transections` VALUES ('1077','1','1021','2','1330838','0','supply transection','active','2025-10-08 07:05:43','2025-10-08 07:05:43');
INSERT INTO `supplier_transections` VALUES ('1078','2','1022','2','2701326','0','supply transection','active','2025-10-08 07:08:42','2025-10-08 07:08:42');
INSERT INTO `supplier_transections` VALUES ('1079','3','1023','2','2742976','0','supply transection','active','2025-10-09 07:17:46','2025-10-09 07:17:46');
INSERT INTO `supplier_transections` VALUES ('1081','4','1025','2','1330838','0','supply transection','active','2025-10-09 07:29:08','2025-10-09 07:29:08');
INSERT INTO `supplier_transections` VALUES ('1082','7','1026','2','1331338','0','supply transection','active','2025-10-09 07:34:54','2025-10-09 07:34:54');
INSERT INTO `supplier_transections` VALUES ('1083','1','1027','2','1330838','0','supply transection','active','2025-10-10 16:01:50','2025-10-10 16:01:50');
INSERT INTO `supplier_transections` VALUES ('1084','2','1028','2','2701326','0','supply transection','active','2025-10-11 04:59:41','2025-10-11 04:59:41');
INSERT INTO `supplier_transections` VALUES ('1085','3','1029','2','2702326','0','supply transection','active','2025-10-11 05:05:31','2025-10-11 05:05:31');
INSERT INTO `supplier_transections` VALUES ('1086','8','1030','2','1371488','0','supply transection','active','2025-10-11 05:42:58','2025-10-11 05:42:58');
INSERT INTO `supplier_transections` VALUES ('1087','3','1031','2','1371488','0','supply transection','active','2025-10-11 06:04:42','2025-10-11 06:04:42');
INSERT INTO `supplier_transections` VALUES ('1088','1','1032','2','2169990.8','0','supply transection','active','2025-10-11 07:10:23','2025-10-11 07:10:23');
INSERT INTO `supplier_transections` VALUES ('1089','2','1033','2','2701326','0','supply transection','active','2025-10-13 06:50:16','2025-10-13 06:50:16');
INSERT INTO `supplier_transections` VALUES ('1090','3','1034','2','5404652','0','supply transection','active','2025-10-13 06:54:10','2025-10-13 06:54:10');
INSERT INTO `supplier_transections` VALUES ('1091','4','1035','2','1330838','0','supply transection','active','2025-10-13 06:57:43','2025-10-13 06:57:43');
INSERT INTO `supplier_transections` VALUES ('1092','7','1036','2','4034664','0','supply transection','active','2025-10-13 07:17:23','2025-10-13 07:17:23');
INSERT INTO `supplier_transections` VALUES ('1093','8','1037','2','1330838','0','supply transection','active','2025-10-13 07:24:56','2025-10-13 07:24:56');
INSERT INTO `supplier_transections` VALUES ('1094','1','1038','2','532335.2','0','supply transection','active','2025-10-14 07:21:02','2025-10-14 07:21:02');
INSERT INTO `supplier_transections` VALUES ('1095','3','1039','2','1920083.2','0','supply transection','active','2025-10-14 07:26:54','2025-10-14 07:26:54');
INSERT INTO `supplier_transections` VALUES ('1096','2','1040','2','2701326','0','supply transection','active','2025-10-14 07:31:17','2025-10-14 07:31:17');
INSERT INTO `supplier_transections` VALUES ('1097','3','1041','2','2742976','0','supply transection','active','2025-10-16 03:53:16','2025-10-16 03:53:16');
INSERT INTO `supplier_transections` VALUES ('1098','8','1042','2','2702326','0','supply transection','active','2025-10-16 04:56:45','2025-10-16 04:56:45');
INSERT INTO `supplier_transections` VALUES ('1099','2','1043','2','4072314','0','supply transection','active','2025-10-16 05:49:04','2025-10-16 05:49:04');
INSERT INTO `supplier_transections` VALUES ('1100','1','1044','2','2667120','0','supply transection','active','2025-10-18 07:31:04','2025-10-18 07:31:04');
INSERT INTO `supplier_transections` VALUES ('1101','3','1045','2','2667120','0','supply transection','active','2025-10-18 07:43:45','2025-10-18 07:43:45');
INSERT INTO `supplier_transections` VALUES ('1102','3','1046','2','2729120','0','supply transection','active','2025-10-18 07:55:07','2025-10-18 07:55:07');
INSERT INTO `supplier_transections` VALUES ('1103','7','1047','2','3971180','0','supply transection','active','2025-10-18 08:07:55','2025-10-18 08:07:55');
INSERT INTO `supplier_transections` VALUES ('1104','1','1048','2','1066848','0','supply transection','active','2025-10-20 07:52:50','2025-10-20 07:52:50');
INSERT INTO `supplier_transections` VALUES ('1105','2','1049','2','2666120','0','supply transection','active','2025-10-20 07:59:28','2025-10-20 07:59:28');
INSERT INTO `supplier_transections` VALUES ('1106','3','1050','2','1364560','0','supply transection','active','2025-10-20 08:03:36','2025-10-20 08:03:36');
INSERT INTO `supplier_transections` VALUES ('1107','3','1051','2','521024','0','supply transection','active','2025-10-20 08:09:58','2025-10-20 08:09:58');
INSERT INTO `supplier_transections` VALUES ('1108','4','1052','2','1302560','0','supply transection','active','2025-10-20 11:19:00','2025-10-20 11:19:00');
INSERT INTO `supplier_transections` VALUES ('1109','7','1053','2','1365060','0','supply transection','active','2025-10-20 11:24:15','2025-10-20 11:24:15');
INSERT INTO `supplier_transections` VALUES ('1110','8','1054','2','2667120','0','supply transection','active','2025-10-20 12:34:55','2025-10-20 12:34:55');
INSERT INTO `supplier_transections` VALUES ('1111','3','1055','2','6698800','0','supply transection','active','2025-10-21 08:43:01','2025-10-21 08:43:01');
INSERT INTO `supplier_transections` VALUES ('1112','4','1056','2','1302560','0','supply transection','active','2025-10-21 08:52:39','2025-10-21 08:52:39');
INSERT INTO `supplier_transections` VALUES ('1113','2','1057','2','2666120','0','supply transection','active','2025-10-22 12:02:29','2025-10-22 12:02:29');
INSERT INTO `supplier_transections` VALUES ('1114','1','1058','2','521024','0','supply transection','active','2025-10-22 12:24:00','2025-10-22 12:24:00');
INSERT INTO `supplier_transections` VALUES ('1115','1','1059','2','1302560','0','supply transection','active','2025-10-23 07:32:57','2025-10-23 07:32:57');
INSERT INTO `supplier_transections` VALUES ('1116','2','1060','2','1884884','0','supply transection','active','2025-10-23 08:07:26','2025-10-23 08:07:26');
INSERT INTO `supplier_transections` VALUES ('1117','3','1061','2','2667120','0','supply transection','active','2025-10-23 08:11:31','2025-10-23 08:11:31');
INSERT INTO `supplier_transections` VALUES ('1118','7','1062','2','3971180','0','supply transection','active','2025-10-23 08:17:29','2025-10-23 08:17:29');
INSERT INTO `supplier_transections` VALUES ('1119','2','1063','2','781235.9999999999','0','supply transection','active','2025-10-24 10:25:01','2025-10-24 10:25:01');
INSERT INTO `supplier_transections` VALUES ('1120','8','1064','2','2667120','0','supply transection','active','2025-10-24 10:41:58','2025-10-24 10:41:58');
INSERT INTO `supplier_transections` VALUES ('1121','2','1065','2','520823.99999999994','0','supply transection','active','2025-10-25 06:29:41','2025-10-25 06:29:41');
INSERT INTO `supplier_transections` VALUES ('1122','1','1066','2','2121296','0','supply transection','active','2025-10-25 07:46:54','2025-10-25 07:46:54');
INSERT INTO `supplier_transections` VALUES ('1123','1','1067','2','2667120','0','supply transection','active','2025-10-27 06:14:41','2025-10-27 06:14:41');
INSERT INTO `supplier_transections` VALUES ('1124','2','1068','2','2666120','0','supply transection','active','2025-10-27 07:22:40','2025-10-27 07:22:40');
INSERT INTO `supplier_transections` VALUES ('1125','3','1069','2','4031680','0','supply transection','active','2025-10-27 07:33:41','2025-10-27 07:33:41');
INSERT INTO `supplier_transections` VALUES ('1126','8','1070','2','1302560','0','supply transection','active','2025-10-27 13:47:06','2025-10-27 13:47:06');
INSERT INTO `supplier_transections` VALUES ('1127','2','1071','2','2666120','0','supply transection','active','2025-10-28 12:01:57','2025-10-28 12:01:57');
INSERT INTO `supplier_transections` VALUES ('1128','3','1072','2','2729120','0','supply transection','active','2025-10-28 12:06:52','2025-10-28 12:06:52');
INSERT INTO `supplier_transections` VALUES ('1129','2','1073','2','1884884','0','supply transection','active','2025-10-29 07:16:41','2025-10-29 07:16:41');
INSERT INTO `supplier_transections` VALUES ('1130','3','1074','2','2667120','0','supply transection','active','2025-10-29 07:21:56','2025-10-29 07:21:56');
INSERT INTO `supplier_transections` VALUES ('1131','7','1075','2','1303060','0','supply transection','active','2025-10-29 07:33:36','2025-10-29 07:33:36');
INSERT INTO `supplier_transections` VALUES ('1132','1','1076','2','818735.9999999999','0','supply transection','active','2025-10-29 07:40:12','2025-10-29 07:40:12');
INSERT INTO `supplier_transections` VALUES ('1133','1','1077','2','1302560','0','supply transection','active','2025-10-29 09:08:14','2025-10-29 09:08:14');
INSERT INTO `supplier_transections` VALUES ('1134','2','1078','2','2666120','0','supply transection','active','2025-10-30 11:42:32','2025-10-30 11:42:32');
INSERT INTO `supplier_transections` VALUES ('1135','3','1079','2','5396240','0','supply transection','active','2025-10-30 11:47:04','2025-10-30 11:47:04');
INSERT INTO `supplier_transections` VALUES ('1136','4','1080','2','2121296','0','supply transection','active','2025-10-31 10:38:00','2025-10-31 10:38:00');
INSERT INTO `supplier_transections` VALUES ('1137','7','1081','2','2668120','0','supply transection','active','2025-10-31 10:40:48','2025-10-31 10:40:48');
INSERT INTO `supplier_transections` VALUES ('1138','8','1082','2','2667120','0','supply transection','active','2025-10-31 10:44:12','2025-10-31 10:44:12');
INSERT INTO `supplier_transections` VALUES ('1139','3','1083','2','2667120','0','supply transection','active','2025-10-31 11:03:52','2025-10-31 11:03:52');
INSERT INTO `supplier_transections` VALUES ('1140','1','1084','2','2667120','0','supply transection','active','2025-11-01 05:11:06','2025-11-01 05:11:06');
INSERT INTO `supplier_transections` VALUES ('1141','3','1085','2','1364560','0','supply transection','active','2025-11-01 05:19:04','2025-11-01 05:19:04');
INSERT INTO `supplier_transections` VALUES ('1142','1','1086','2','2694350','0','supply transection','active','2025-11-04 11:52:51','2025-11-04 11:52:51');
INSERT INTO `supplier_transections` VALUES ('1143','2','1087','2','2693350','0','supply transection','active','2025-11-04 12:27:13','2025-11-04 12:27:13');
INSERT INTO `supplier_transections` VALUES ('1144','7','1088','2','2695350','0','supply transection','active','2025-11-04 13:22:46','2025-11-04 13:22:46');
INSERT INTO `supplier_transections` VALUES ('1145','8','1089','2','2694350','0','supply transection','active','2025-11-04 13:59:13','2025-11-04 13:59:13');
INSERT INTO `supplier_transections` VALUES ('1146','2','1090','2','4861020','0','supply transection','active','2025-11-06 07:42:01','2025-11-06 07:42:01');
INSERT INTO `supplier_transections` VALUES ('1147','3','1091','2','2694350','0','supply transection','active','2025-11-06 07:52:01','2025-11-06 07:52:01');
INSERT INTO `supplier_transections` VALUES ('1148','7','1092','2','2630400','0','supply transection','active','2025-11-06 08:08:19','2025-11-06 08:08:19');
INSERT INTO `supplier_transections` VALUES ('1149','8','1093','2','788820','0','supply transection','active','2025-11-06 08:18:33','2025-11-06 08:18:33');
INSERT INTO `supplier_transections` VALUES ('1150','3','1094','2','2694350','0','supply transection','active','2025-11-06 09:08:05','2025-11-06 09:08:05');
INSERT INTO `supplier_transections` VALUES ('1151','8','1095','2','525880','0','supply transection','active','2025-11-07 13:57:10','2025-11-07 13:57:10');
INSERT INTO `supplier_transections` VALUES ('1152','3','1096','2','1379650','0','supply transection','active','2025-11-08 06:11:13','2025-11-08 06:11:13');
INSERT INTO `supplier_transections` VALUES ('1153','2','1097','2','2693350','0','supply transection','active','2025-11-08 06:22:51','2025-11-08 06:22:51');
INSERT INTO `supplier_transections` VALUES ('1154','1','1098','2','2629400','0','supply transection','active','2025-11-10 12:20:05','2025-11-10 12:20:05');
INSERT INTO `supplier_transections` VALUES ('1155','2','1099','2','4007549.9999999995','0','supply transection','active','2025-11-10 12:41:49','2025-11-10 12:41:49');
INSERT INTO `supplier_transections` VALUES ('1156','3','1100','2','4074000','0','supply transection','active','2025-11-10 12:59:18','2025-11-10 12:59:18');
INSERT INTO `supplier_transections` VALUES ('1157','7','1101','2','4010550','0','supply transection','active','2025-11-10 13:49:08','2025-11-10 13:49:08');
INSERT INTO `supplier_transections` VALUES ('1158','4','1102','2','1314700','0','supply transection','active','2025-11-11 06:27:49','2025-11-11 06:27:49');
INSERT INTO `supplier_transections` VALUES ('1159','3','1103','2','4138950','0','supply transection','active','2025-11-11 06:47:09','2025-11-11 06:47:09');
INSERT INTO `supplier_transections` VALUES ('1160','3','1104','2','4074000','0','supply transection','active','2025-11-12 06:16:46','2025-11-12 06:16:46');
INSERT INTO `supplier_transections` VALUES ('1161','8','1105','2','1314700','0','supply transection','active','2025-11-12 07:50:30','2025-11-12 07:50:30');
INSERT INTO `supplier_transections` VALUES ('1162','3','1106','2','1314700','0','supply transection','active','2025-11-14 12:11:09','2025-11-14 12:11:09');
INSERT INTO `supplier_transections` VALUES ('1163','4','1107','2','2694350','0','supply transection','active','2025-11-14 12:20:17','2025-11-14 12:20:17');
INSERT INTO `supplier_transections` VALUES ('1164','8','1108','2','1379650','0','supply transection','active','2025-11-15 05:44:51','2025-11-15 05:44:51');
INSERT INTO `supplier_transections` VALUES ('1165','1','1109','2','1314700','0','supply transection','active','2025-11-15 07:52:37','2025-11-15 07:52:37');
INSERT INTO `supplier_transections` VALUES ('1166','2','1110','2','2758300','0','supply transection','active','2025-11-15 07:59:37','2025-11-15 07:59:37');
INSERT INTO `supplier_transections` VALUES ('1167','3','1111','2','1379650','0','supply transection','active','2025-11-15 08:05:40','2025-11-15 08:05:40');
INSERT INTO `supplier_transections` VALUES ('1168','1','1112','2','1314700','0','supply transection','active','2025-11-15 08:29:57','2025-11-15 08:29:57');
INSERT INTO `supplier_transections` VALUES ('1169','1','1113','2','1379650','0','supply transection','active','2025-11-15 08:51:28','2025-11-15 08:51:28');
INSERT INTO `supplier_transections` VALUES ('1170','2','1114','2','1379150','0','supply transection','active','2025-11-17 07:27:48','2025-11-17 07:27:48');
INSERT INTO `supplier_transections` VALUES ('1171','3','1115','2','4138950','0','supply transection','active','2025-11-17 07:41:07','2025-11-17 07:41:07');
INSERT INTO `supplier_transections` VALUES ('1172','2','1116','2','2628399.9999999995','0','supply transection','active','2025-11-17 07:44:07','2025-11-17 07:44:07');
INSERT INTO `supplier_transections` VALUES ('1173','8','1117','2','551860','0','supply transection','active','2025-11-17 08:10:01','2025-11-17 08:10:01');
INSERT INTO `supplier_transections` VALUES ('1174','1','1118','2','5638864','0','supply transection','active','2025-11-19 07:21:25','2025-11-19 07:21:25');
INSERT INTO `supplier_transections` VALUES ('1175','1','1119','2','1314700','0','supply transection','active','2025-11-19 07:29:05','2025-11-19 07:29:05');
INSERT INTO `supplier_transections` VALUES ('1176','2','1120','2','2723416','0','supply transection','active','2025-11-19 11:55:10','2025-11-19 11:55:10');
INSERT INTO `supplier_transections` VALUES ('1177','3','1121','2','1314700','0','supply transection','active','2025-11-19 12:05:49','2025-11-19 12:05:49');
INSERT INTO `supplier_transections` VALUES ('1178','7','1122','2','5450832','0','supply transection','active','2025-11-19 12:54:40','2025-11-19 12:54:40');
INSERT INTO `supplier_transections` VALUES ('1179','8','1123','2','1314700','0','supply transection','active','2025-11-19 13:08:51','2025-11-19 13:08:51');
INSERT INTO `supplier_transections` VALUES ('1180','8','1124','2','1314700','0','supply transection','active','2025-11-19 13:12:04','2025-11-19 13:12:04');
INSERT INTO `supplier_transections` VALUES ('1181','3','1125','2','1314700','0','supply transection','active','2025-11-20 10:40:21','2025-11-20 10:40:21');
INSERT INTO `supplier_transections` VALUES ('1182','2','1126','2','2723416','0','supply transection','active','2025-11-21 10:19:35','2025-11-21 10:19:35');
INSERT INTO `supplier_transections` VALUES ('1183','4','1127','2','1314700','0','supply transection','active','2025-11-21 10:30:14','2025-11-21 10:30:14');
INSERT INTO `supplier_transections` VALUES ('1184','2','1128','2','1314199.9999999998','0','supply transection','active','2025-11-22 06:04:05','2025-11-22 06:04:05');
INSERT INTO `supplier_transections` VALUES ('1185','3','1129','2','4229148','0','supply transection','active','2025-11-22 06:15:19','2025-11-22 06:15:19');
INSERT INTO `supplier_transections` VALUES ('1186','1','1130','2','2103520','0','supply transection','active','2025-11-22 07:04:29','2025-11-22 07:04:29');
INSERT INTO `supplier_transections` VALUES ('1187','2','1131','2','1409216.0000000002','0','supply transection','active','2025-11-24 11:02:17','2025-11-24 11:02:17');
INSERT INTO `supplier_transections` VALUES ('1188','3','1132','2','4134132','0','supply transection','active','2025-11-24 11:08:17','2025-11-24 11:08:17');
INSERT INTO `supplier_transections` VALUES ('1189','7','1133','2','1315200','0','supply transection','active','2025-11-24 11:31:36','2025-11-24 11:31:36');
INSERT INTO `supplier_transections` VALUES ('1190','8','1134','2','1314700','0','supply transection','active','2025-11-24 11:38:32','2025-11-24 11:38:32');
INSERT INTO `supplier_transections` VALUES ('1191','8','1135','2','845829.6','0','supply transection','active','2025-11-24 11:44:33','2025-11-24 11:44:33');
INSERT INTO `supplier_transections` VALUES ('1192','2','1136','2','2723416','0','supply transection','active','2025-11-25 11:05:03','2025-11-25 11:05:03');
INSERT INTO `supplier_transections` VALUES ('1193','1','1137','2','1314700','0','supply transection','active','2025-11-26 06:16:47','2025-11-26 06:16:47');
INSERT INTO `supplier_transections` VALUES ('1194','4','1138','2','1314700','0','supply transection','active','2025-11-26 06:32:22','2025-11-26 06:32:22');
INSERT INTO `supplier_transections` VALUES ('1195','8','1139','2','1409716','0','supply transection','active','2025-11-26 06:35:35','2025-11-26 06:35:35');
INSERT INTO `supplier_transections` VALUES ('1196','3','1140','2','4134132','0','supply transection','active','2025-11-26 07:10:50','2025-11-26 07:10:50');
INSERT INTO `supplier_transections` VALUES ('1197','2','1141','2','1314199.9999999998','0','supply transection','active','2025-11-27 07:22:09','2025-11-27 07:22:09');
INSERT INTO `supplier_transections` VALUES ('1198','3','1142','2','2724416','0','supply transection','active','2025-11-27 07:28:22','2025-11-27 07:28:22');
INSERT INTO `supplier_transections` VALUES ('1199','7','1143','2','1315200','0','supply transection','active','2025-11-27 07:32:15','2025-11-27 07:32:15');
INSERT INTO `supplier_transections` VALUES ('1200','3','1144','2','2819432','0','supply transection','active','2025-11-28 09:40:11','2025-11-28 09:40:11');
INSERT INTO `supplier_transections` VALUES ('1201','7','1145','2','1315200','0','supply transection','active','2025-11-28 09:54:29','2025-11-28 09:54:29');
INSERT INTO `supplier_transections` VALUES ('1202','8','1146','2','1314700','0','supply transection','active','2025-11-28 10:01:26','2025-11-28 10:01:26');
INSERT INTO `supplier_transections` VALUES ('1203','3','1147','2','4229148','0','supply transection','active','2025-11-29 05:36:55','2025-11-29 05:36:55');
INSERT INTO `supplier_transections` VALUES ('1204','1','1148','2','1314700','0','supply transection','active','2025-11-29 07:09:42','2025-11-29 07:09:42');
INSERT INTO `supplier_transections` VALUES ('1205','2','1149','2','2723416','0','supply transection','active','2025-12-01 06:25:07','2025-12-01 06:25:07');
INSERT INTO `supplier_transections` VALUES ('1206','1','1150','2','1304800','0','supply transection','active','2025-12-03 07:14:26','2025-12-03 07:14:26');
INSERT INTO `supplier_transections` VALUES ('1207','2','1151','2','1304300','0','supply transection','active','2025-12-03 13:04:27','2025-12-03 13:04:27');
INSERT INTO `supplier_transections` VALUES ('1208','2','1152','2','2689600','0','supply transection','active','2025-12-03 13:11:20','2025-12-03 13:11:20');
INSERT INTO `supplier_transections` VALUES ('1209','3','1153','2','2690600','0','supply transection','active','2025-12-03 13:17:23','2025-12-03 13:17:23');
INSERT INTO `supplier_transections` VALUES ('1210','4','1154','2','1304800','0','supply transection','active','2025-12-03 13:38:15','2025-12-03 13:38:15');
INSERT INTO `supplier_transections` VALUES ('1211','7','1155','2','3996900','0','supply transection','active','2025-12-03 15:51:07','2025-12-03 15:51:07');
INSERT INTO `supplier_transections` VALUES ('1212','8','1156','2','1385800.0000000002','0','supply transection','active','2025-12-03 16:10:05','2025-12-03 16:10:05');
INSERT INTO `supplier_transections` VALUES ('1213','8','1157','2','1304800','0','supply transection','active','2025-12-03 16:14:43','2025-12-03 16:14:43');
INSERT INTO `supplier_transections` VALUES ('1214','1','1158','2','1304800','0','supply transection','active','2025-12-08 07:45:50','2025-12-08 07:45:50');
INSERT INTO `supplier_transections` VALUES ('1215','1','1159','2','521919.99999999994','0','supply transection','active','2025-12-08 13:01:31','2025-12-08 13:01:31');
INSERT INTO `supplier_transections` VALUES ('1216','2','1160','2','831180','0','supply transection','active','2025-12-08 13:47:23','2025-12-08 13:47:23');
INSERT INTO `supplier_transections` VALUES ('1217','2','1161','2','1385300','0','supply transection','active','2025-12-08 13:50:58','2025-12-08 13:50:58');
INSERT INTO `supplier_transections` VALUES ('1218','2','1162','2','2689600','0','supply transection','active','2025-12-08 13:54:23','2025-12-08 13:54:23');
INSERT INTO `supplier_transections` VALUES ('1219','3','1163','2','2690600','0','supply transection','active','2025-12-08 14:08:40','2025-12-08 14:08:40');
INSERT INTO `supplier_transections` VALUES ('1220','3','1164','2','4076400.0000000005','0','supply transection','active','2025-12-09 05:35:38','2025-12-09 05:35:38');
INSERT INTO `supplier_transections` VALUES ('1221','4','1165','2','1304800','0','supply transection','active','2025-12-09 05:52:09','2025-12-09 05:52:09');
INSERT INTO `supplier_transections` VALUES ('1222','2','1166','2','554120','0','supply transection','active','2025-12-09 05:54:29','2025-12-09 05:54:29');
INSERT INTO `supplier_transections` VALUES ('1223','3','1167','2','2690600','0','supply transection','active','2025-12-09 06:17:37','2025-12-09 06:17:37');
INSERT INTO `supplier_transections` VALUES ('1224','7','1168','2','2610600','0','supply transection','active','2025-12-09 07:40:47','2025-12-09 07:40:47');
INSERT INTO `supplier_transections` VALUES ('1225','8','1169','2','1304800','0','supply transection','active','2025-12-09 13:54:13','2025-12-09 13:54:13');
INSERT INTO `supplier_transections` VALUES ('1226','8','1170','2','831480.0000000001','0','supply transection','active','2025-12-09 14:03:14','2025-12-09 14:03:14');


